{"id":10,"date":"2012-06-28T10:09:49","date_gmt":"2012-06-28T08:09:49","guid":{"rendered":"http:\/\/localhost\/wp\/?page_id=10"},"modified":"2025-06-24T15:03:56","modified_gmt":"2025-06-24T13:03:56","slug":"amtsbereich","status":"publish","type":"page","link":"https:\/\/www.amtusedom.de\/?page_id=10","title":{"rendered":"Amtsbereich"},"content":{"rendered":"<p>Das Amt Usedom-S\u00fcd ist die kommunale Verwaltungseinheit f\u00fcr die Gemeinden Benz, Dargen, Garz, Kamminke, Korswandt, Koserow, Loddin, Mellenthin, Pudagla, Rankwitz, Stolpe auf Usedom, \u00dcckeritz, Zempin, Zirchow sowie die Stadt Usedom. Der Zust\u00e4ndigkeitsbereich erstreckt sich \u00fcber eine Fl\u00e4che von ca. 235 km\u00b2<\/p>\n<p><img loading=\"lazy\" decoding=\"async\" class=\"aligncenter size-full wp-image-131\" title=\"Kartenausschnitt Amtsbreich\" src=\"wp-content\/uploads\/2012\/08\/karte-amtsbereich.jpg\" alt=\"Kartenausschnitt Amtsbreich\" width=\"600\" height=\"609\" srcset=\"https:\/\/www.amtusedom.de\/wp-content\/uploads\/2012\/08\/karte-amtsbereich.jpg 600w, https:\/\/www.amtusedom.de\/wp-content\/uploads\/2012\/08\/karte-amtsbereich-295x300.jpg 295w\" sizes=\"auto, (max-width: 600px) 100vw, 600px\" \/><\/p>","protected":false},"excerpt":{"rendered":"<p>Das Amt Usedom-S\u00fcd ist die kommunale Verwaltungseinheit f\u00fcr die Gemeinden Benz, Dargen, Garz, Kamminke, Korswandt, Koserow, Loddin, Mellenthin, Pudagla, Rankwitz, Stolpe auf Usedom, \u00dcckeritz, Zempin, Zirchow sowie die Stadt Usedom. Der Zust\u00e4ndigkeitsbereich erstreckt sich \u00fcber eine Fl\u00e4che von ca. 235 km\u00b2<\/p>\n","protected":false},"author":2,"featured_media":0,"parent":0,"menu_order":1,"comment_status":"closed","ping_status":"closed","template":"","meta":{"footnotes":""},"class_list":["post-10","page","type-page","status-publish","hentry"],"_links":{"self":[{"href":"https:\/\/www.amtusedom.de\/index.php?rest_route=\/wp\/v2\/pages\/10","targetHints":{"allow":["GET"]}}],"collection":[{"href":"https:\/\/www.amtusedom.de\/index.php?rest_route=\/wp\/v2\/pages"}],"about":[{"href":"https:\/\/www.amtusedom.de\/index.php?rest_route=\/wp\/v2\/types\/page"}],"author":[{"embeddable":true,"href":"https:\/\/www.amtusedom.de\/index.php?rest_route=\/wp\/v2\/users\/2"}],"replies":[{"embeddable":true,"href":"https:\/\/www.amtusedom.de\/index.php?rest_route=%2Fwp%2Fv2%2Fcomments&post=10"}],"version-history":[{"count":10,"href":"https:\/\/www.amtusedom.de\/index.php?rest_route=\/wp\/v2\/pages\/10\/revisions"}],"predecessor-version":[{"id":10494,"href":"https:\/\/www.amtusedom.de\/index.php?rest_route=\/wp\/v2\/pages\/10\/revisions\/10494"}],"wp:attachment":[{"href":"https:\/\/www.amtusedom.de\/index.php?rest_route=%2Fwp%2Fv2%2Fmedia&parent=10"}],"curies":[{"name":"wp","href":"https:\/\/api.w.org\/{rel}","templated":true}]}}