{"id":109,"date":"2012-08-13T15:08:55","date_gmt":"2012-08-13T13:08:55","guid":{"rendered":"http:\/\/localhost\/wp\/?page_id=109"},"modified":"2025-07-31T16:37:10","modified_gmt":"2025-07-31T14:37:10","slug":"gemeinde-rankwitz","status":"publish","type":"page","link":"https:\/\/www.amtusedom.de\/?page_id=109","title":{"rendered":"Gemeinde Rankwitz"},"content":{"rendered":"<p><a href=\"wp-content\/uploads\/2012\/08\/wappen-rankwitz.png\"><img loading=\"lazy\" decoding=\"async\" class=\"alignright size-full wp-image-167\" title=\"Wappen Rankwitz\" src=\"wp-content\/uploads\/2012\/08\/wappen-rankwitz.png\" alt=\"Wappen Rankwitz\" width=\"119\" height=\"120\" \/><\/a>Das Gemeindegebiet Rankwitz umfasst die gesamte Halbinsel Lieper Winkel zwischen Achterwasser und Peenestrom sowie einen Streifen s\u00fcdlich der Halbinsel, der sich bis zum Usedomer Stadtforst im S\u00fcdwesten der Insel Usedom hinzieht. \u00c4ltester Ort der Gemeinde Rankwitz mit einer urkundlichen Ersterw\u00e4hnung aus dem Jahr 1187 ist Liepe.<\/p>\n<p>Einwohnerzahl (Stand 07\/2024):<\/p>\n<p>Gemeinde Rankwitz insgesamt\u00a0 543<\/p>\n<p style=\"margin: 0cm; background: white; vertical-align: baseline;\"><span style=\"font-size: 11.5pt; font-family: 'Lato',sans-serif; color: #111111;\">B\u00fcrgermeister der Gemeinde Rankwitz ist Herr Thomas Hannak<\/span><\/p>\n<p style=\"margin: 0cm; background: white; vertical-align: baseline;\"><span style=\"font-size: 11.5pt; font-family: 'Lato',sans-serif; color: #111111;\">Termine mit dem B\u00fcrgermeister k\u00f6nnen direkt unter: E-Mail: <a href=\"mailto:info@amtusedom.de\">info@amtusedom.de<\/a> oder telefonisch unter 038372\/70525 abgestimmt werden.<br \/>\n<a href=\"https:\/\/www.e-rechnung-bund.de\/faq\/leitweg-id\/\" target=\"_blank\" rel=\"noopener\">Leitweg-ID<\/a>: 13 0 75 114-K000-23<br \/>\n<\/span><\/p>\n<h2 id=\"tablepress-151-name\" class=\"tablepress-table-name tablepress-table-name-id-151\">Die Gemeindevertretung Rankwitz hat sich am 08.07.2024 konstituiert<\/h2>\n\n<table id=\"tablepress-151\" class=\"tablepress tablepress-id-151\" aria-labelledby=\"tablepress-151-name\">\n<thead>\n<tr class=\"row-1\">\n\t<th class=\"column-1\">Name<\/th><th class=\"column-2\">Position<\/th>\n<\/tr>\n<\/thead>\n<tbody class=\"row-striping row-hover\">\n<tr class=\"row-2\">\n\t<td class=\"column-1\">Herr Thomas Hannak<\/td><td class=\"column-2\">B\u00fcrgermeister<\/td>\n<\/tr>\n<tr class=\"row-3\">\n\t<td class=\"column-1\">Herr Klaus K\u00f6gler<\/td><td class=\"column-2\">1. stellvertretender B\u00fcrgermeister<\/td>\n<\/tr>\n<tr class=\"row-4\">\n\t<td class=\"column-1\">Herr Matthias Schmidt<\/td><td class=\"column-2\">2. stellvertretender B\u00fcrgermeister<\/td>\n<\/tr>\n<tr class=\"row-5\">\n\t<td class=\"column-1\">Frau Diane Westendorff<\/td><td class=\"column-2\">Gemeindevertreterin<\/td>\n<\/tr>\n<tr class=\"row-6\">\n\t<td class=\"column-1\">Frau Jutta Franz<\/td><td class=\"column-2\">Gemeindevertreterin<\/td>\n<\/tr>\n<tr class=\"row-7\">\n\t<td class=\"column-1\">Herr Sebastian Kopp<\/td><td class=\"column-2\">Gemeindevertreter<\/td>\n<\/tr>\n<tr class=\"row-8\">\n\t<td class=\"column-1\">Herr Robert K\u00f6ster<\/td><td class=\"column-2\">Gemeindevertreter<\/td>\n<\/tr>\n<tr class=\"row-9\">\n\t<td class=\"column-1\">Herr Christian Mann<\/td><td class=\"column-2\">Gemeindevertreter<\/td>\n<\/tr>\n<tr class=\"row-10\">\n\t<td class=\"column-1\">Herr Marcus Pl\u00f6tz<\/td><td class=\"column-2\">Gemeindevertreter<\/td>\n<\/tr>\n<\/tbody>\n<\/table>\n<!-- #tablepress-151 from cache -->\n<p style=\"text-align: center;\"><strong>Gemeindevertretung Rankwitz <\/strong><\/p>\n<div id=\"attachment_9313\" style=\"width: 701px\" class=\"wp-caption aligncenter\"><a href=\"https:\/\/www.amtusedom.de\/wp-content\/uploads\/2024\/07\/Rankwitz2024-scaled.jpg\" target=\"_blank\" rel=\"noopener\"><img loading=\"lazy\" decoding=\"async\" aria-describedby=\"caption-attachment-9313\" class=\"wp-image-9313\" src=\"https:\/\/www.amtusedom.de\/wp-content\/uploads\/2024\/07\/Rankwitz2024-300x234.jpg\" alt=\"\" width=\"691\" height=\"539\" srcset=\"https:\/\/www.amtusedom.de\/wp-content\/uploads\/2024\/07\/Rankwitz2024-300x234.jpg 300w, https:\/\/www.amtusedom.de\/wp-content\/uploads\/2024\/07\/Rankwitz2024-1024x800.jpg 1024w, https:\/\/www.amtusedom.de\/wp-content\/uploads\/2024\/07\/Rankwitz2024-768x600.jpg 768w, https:\/\/www.amtusedom.de\/wp-content\/uploads\/2024\/07\/Rankwitz2024-1536x1200.jpg 1536w, https:\/\/www.amtusedom.de\/wp-content\/uploads\/2024\/07\/Rankwitz2024-2048x1600.jpg 2048w\" sizes=\"auto, (max-width: 691px) 100vw, 691px\" \/><\/a><p id=\"caption-attachment-9313\" class=\"wp-caption-text\">Bild v.l.n.r. Christian Mann, Klaus K\u00f6gler, Diane Westendorff, Matthias Schmidt, Thomas Hannak, Sebastian Kopp, Jutta Franz, Robert K\u00f6ster, Marcus Pl\u00f6tz<\/p><\/div>\n<p>&nbsp;<\/p>\n<p><strong>Zu den Sehensw\u00fcrdigkeiten:<\/strong><\/p>\n<p>Sehenswert in den D\u00f6rfern der Gemeinde Rankwitz sind u.a. der Hafen in Rankwitz. Dieser ist in den Sommermonaten f\u00fcr Segelboote und Motoryachten ein beliebter Anlegeplatz. Gastst\u00e4tte und Fischverkauf direkt im Hafen laden zum Verweilen ein. Sehr imposant ist auch die Suckower Eiche im gleichnamigen Ortsteil. Sie ist mehrere hundert Jahre alt und steht auf einem vorzeitlichen Gro\u00dfsteingrab. Auch die Lieper Kirche, der \u00e4lteste Kirchenbau auf Usedom und die Steilk\u00fcste am Peene-Ufer in Quilitz sind Anziehungspunkte f\u00fcr zahlreiche Besucher.<\/p>\n<div id=\"attachment_1094\" style=\"width: 260px\" class=\"wp-caption alignleft\"><img loading=\"lazy\" decoding=\"async\" aria-describedby=\"caption-attachment-1094\" class=\"size-full wp-image-1094\" title=\"Hafen Rankwitz\" src=\"wp-content\/uploads\/2012\/09\/rankwitz02.jpg\" alt=\"\" width=\"250\" height=\"167\" \/><p id=\"caption-attachment-1094\" class=\"wp-caption-text\">Hafen Rankwitz<\/p><\/div>\n<div id=\"attachment_1093\" style=\"width: 260px\" class=\"wp-caption alignleft\"><img loading=\"lazy\" decoding=\"async\" aria-describedby=\"caption-attachment-1093\" class=\"size-full wp-image-1093\" title=\"Kirche in Liepe\" src=\"wp-content\/uploads\/2012\/09\/rankwitz01.jpg\" alt=\"Kirche in Liepe\" width=\"250\" height=\"167\" \/><p id=\"caption-attachment-1093\" class=\"wp-caption-text\">Kirche in Liepe<\/p><\/div>\n<div id=\"attachment_1095\" style=\"width: 260px\" class=\"wp-caption alignleft\"><img loading=\"lazy\" decoding=\"async\" aria-describedby=\"caption-attachment-1095\" class=\"size-full wp-image-1095\" title=\"Suckower Eiche\" src=\"wp-content\/uploads\/2012\/09\/rankwitz03.jpg\" alt=\"Suckower Eiche\" width=\"250\" height=\"167\" \/><p id=\"caption-attachment-1095\" class=\"wp-caption-text\">Suckower Eiche<\/p><\/div>","protected":false},"excerpt":{"rendered":"<p>Das Gemeindegebiet Rankwitz umfasst die gesamte Halbinsel Lieper Winkel zwischen Achterwasser und Peenestrom sowie einen Streifen s\u00fcdlich der Halbinsel, der sich bis zum Usedomer Stadtforst im S\u00fcdwesten der Insel Usedom hinzieht. \u00c4ltester Ort der Gemeinde Rankwitz mit einer urkundlichen Ersterw\u00e4hnung aus dem Jahr 1187 ist Liepe. Einwohnerzahl (Stand 07\/2024): Gemeinde Rankwitz insgesamt\u00a0 543 B\u00fcrgermeister der Gemeinde Rankwitz ist Herr Thomas<\/p>\n","protected":false},"author":2,"featured_media":0,"parent":10,"menu_order":1,"comment_status":"closed","ping_status":"closed","template":"","meta":{"footnotes":""},"class_list":["post-109","page","type-page","status-publish","hentry"],"_links":{"self":[{"href":"https:\/\/www.amtusedom.de\/index.php?rest_route=\/wp\/v2\/pages\/109","targetHints":{"allow":["GET"]}}],"collection":[{"href":"https:\/\/www.amtusedom.de\/index.php?rest_route=\/wp\/v2\/pages"}],"about":[{"href":"https:\/\/www.amtusedom.de\/index.php?rest_route=\/wp\/v2\/types\/page"}],"author":[{"embeddable":true,"href":"https:\/\/www.amtusedom.de\/index.php?rest_route=\/wp\/v2\/users\/2"}],"replies":[{"embeddable":true,"href":"https:\/\/www.amtusedom.de\/index.php?rest_route=%2Fwp%2Fv2%2Fcomments&post=109"}],"version-history":[{"count":30,"href":"https:\/\/www.amtusedom.de\/index.php?rest_route=\/wp\/v2\/pages\/109\/revisions"}],"predecessor-version":[{"id":10714,"href":"https:\/\/www.amtusedom.de\/index.php?rest_route=\/wp\/v2\/pages\/109\/revisions\/10714"}],"up":[{"embeddable":true,"href":"https:\/\/www.amtusedom.de\/index.php?rest_route=\/wp\/v2\/pages\/10"}],"wp:attachment":[{"href":"https:\/\/www.amtusedom.de\/index.php?rest_route=%2Fwp%2Fv2%2Fmedia&parent=109"}],"curies":[{"name":"wp","href":"https:\/\/api.w.org\/{rel}","templated":true}]}}