{"id":111,"date":"2012-08-13T15:10:02","date_gmt":"2012-08-13T13:10:02","guid":{"rendered":"http:\/\/localhost\/wp\/?page_id=111"},"modified":"2025-07-31T16:40:36","modified_gmt":"2025-07-31T14:40:36","slug":"gemeinde-stolpe-auf-usedom","status":"publish","type":"page","link":"https:\/\/www.amtusedom.de\/?page_id=111","title":{"rendered":"Gemeinde Stolpe auf Usedom"},"content":{"rendered":"<p>Die Gemeinde Stolpe auf Usedom, im Jahre 1218 erstmals urkundlich erw\u00e4hnt, mit dem Ort Gummlin liegt im Achterland der Insel Usedom zwischen Mellenthiner Heide und der Stadt Usedom am kleinen Haff.<\/p>\n<p>Internet: <a href=\"https:\/\/www.stolpe-auf-usedom.de\/\" target=\"_blank\" rel=\"noopener noreferrer\">https:\/\/www.stolpe-auf-usedom.de<\/a><\/p>\n<p>Einwohnerzahl (Stand 07\/2024):<\/p>\n<p>Gemeinde Stolpe auf Usedom insgesamt 373<\/p>\n<p>Der B\u00fcrgermeister der Gemeinde Stolpe auf Usedom ist Herr Falko Beitz.<br \/>\nTermine mit dem B\u00fcrgermeister k\u00f6nnen \u00fcber das Amt Usedom-S\u00fcd abgestimmt werden.<br \/>\nE-Mail: info@amtusedom-sued.de<br \/>\nTelefon: 038372 7500<br \/>\n<a href=\"https:\/\/www.e-rechnung-bund.de\/faq\/leitweg-id\/\" target=\"_blank\" rel=\"noopener\">Leitweg-ID<\/a>: 13 0 75 129-K000-47<\/p>\n<h2 id=\"tablepress-152-name\" class=\"tablepress-table-name tablepress-table-name-id-152\">Die Mitglieder der Gemeindevertretung Stolpe auf Usedom haben sich am 16.07.2024 konstituiert<\/h2>\n\n<table id=\"tablepress-152\" class=\"tablepress tablepress-id-152\" aria-labelledby=\"tablepress-152-name\">\n<thead>\n<tr class=\"row-1\">\n\t<th class=\"column-1\">Name<\/th><th class=\"column-2\">Position<\/th>\n<\/tr>\n<\/thead>\n<tbody class=\"row-striping row-hover\">\n<tr class=\"row-2\">\n\t<td class=\"column-1\">Herr Falko Beitz<\/td><td class=\"column-2\">B\u00fcrgermeister<\/td>\n<\/tr>\n<tr class=\"row-3\">\n\t<td class=\"column-1\">Frau Jasmin St\u00fcwer<\/td><td class=\"column-2\">1. Stellvertreterin<\/td>\n<\/tr>\n<tr class=\"row-4\">\n\t<td class=\"column-1\">Frau Anja Batzdorf<\/td><td class=\"column-2\">2. Stellvertreterin<\/td>\n<\/tr>\n<tr class=\"row-5\">\n\t<td class=\"column-1\">Herr Stefan B\u00fcstrin<\/td><td class=\"column-2\">Gemeindevertreter<\/td>\n<\/tr>\n<tr class=\"row-6\">\n\t<td class=\"column-1\">Frau Anne-Kathrin Schulz<\/td><td class=\"column-2\">Gemeindevertreterin<\/td>\n<\/tr>\n<tr class=\"row-7\">\n\t<td class=\"column-1\">Herr Loris Sadewasser<\/td><td class=\"column-2\">Gemeindevertreter<\/td>\n<\/tr>\n<tr class=\"row-8\">\n\t<td class=\"column-1\">Frau Ilka Thoms<\/td><td class=\"column-2\">Gemeindevertreterin<\/td>\n<\/tr>\n<\/tbody>\n<\/table>\n<!-- #tablepress-152 from cache -->\n<p style=\"text-align: center;\"><strong>Gemeindevertretung Stolpe<\/strong><\/p>\n<div id=\"attachment_9379\" style=\"width: 2570px\" class=\"wp-caption alignnone\"><a href=\"https:\/\/www.amtusedom.de\/wp-content\/uploads\/2024\/07\/Stolpe2024-scaled.jpg\" target=\"_blank\" rel=\"noopener\"><img loading=\"lazy\" decoding=\"async\" aria-describedby=\"caption-attachment-9379\" class=\"wp-image-9379 size-full\" src=\"https:\/\/www.amtusedom.de\/wp-content\/uploads\/2024\/07\/Stolpe2024-scaled.jpg\" alt=\"\" width=\"2560\" height=\"1920\" srcset=\"https:\/\/www.amtusedom.de\/wp-content\/uploads\/2024\/07\/Stolpe2024-scaled.jpg 2560w, https:\/\/www.amtusedom.de\/wp-content\/uploads\/2024\/07\/Stolpe2024-300x225.jpg 300w, https:\/\/www.amtusedom.de\/wp-content\/uploads\/2024\/07\/Stolpe2024-1024x768.jpg 1024w, https:\/\/www.amtusedom.de\/wp-content\/uploads\/2024\/07\/Stolpe2024-768x576.jpg 768w, https:\/\/www.amtusedom.de\/wp-content\/uploads\/2024\/07\/Stolpe2024-1536x1152.jpg 1536w, https:\/\/www.amtusedom.de\/wp-content\/uploads\/2024\/07\/Stolpe2024-2048x1536.jpg 2048w\" sizes=\"auto, (max-width: 2560px) 100vw, 2560px\" \/><\/a><p id=\"caption-attachment-9379\" class=\"wp-caption-text\">Bild v.l.n.r. Anne-Kathrin Schulz, Stefan B\u00fcstrin, Loris Sadewasser, Jasmin St\u00fcwer, Falko Beitz, Anja Batzdorf, Ilka Thoms<\/p><\/div>\n<p>&nbsp;<\/p>\n<p>&nbsp;<\/p>\n<p><strong>Zu den Sehensw\u00fcrdigkeiten:<\/strong><\/p>\n<p>Die Gemeinde Stolpe auf Usedom liegt am Nordufer des Stettiner Haffes mitten im Naturpark Insel Usedom. Die Gemeinde besitzt einen kleinen Hafen am Haff. Zu den Sehensw\u00fcrdigkeiten der Gemeinde z\u00e4hlen das Herrenhaus Schloss Stolpe und die Dorfkirche aus dem Jahr 1871. Das Schloss wurde bereits im 13. Jahrhundert geschichtlich erw\u00e4hnt, allerdings erst im 17. Jahrhundert so erweitert wie es heute zu besichtigen ist. Der 2001 gegr\u00fcndete F\u00f6rderverein Schloss Stolpe e.V. engagiert sich sehr f\u00fcr den Erhalt des Herrenhauses. Seit 2004 finden dort vom Fr\u00fchjahr bis zum Herbst zahlreiche kulturelle Veranstaltungen statt.<\/p>\n<div id=\"attachment_1098\" style=\"width: 260px\" class=\"wp-caption alignleft\"><img loading=\"lazy\" decoding=\"async\" aria-describedby=\"caption-attachment-1098\" class=\"size-full wp-image-1098\" title=\"Schlo\u00df Stolpe\" src=\"wp-content\/uploads\/2012\/09\/stolpe01.jpg\" alt=\"Schlo\u00df Stolpe\" width=\"250\" height=\"167\" \/><p id=\"caption-attachment-1098\" class=\"wp-caption-text\">Schlo\u00df Stolpe<\/p><\/div>\n<div id=\"attachment_1099\" style=\"width: 260px\" class=\"wp-caption alignleft\"><img loading=\"lazy\" decoding=\"async\" aria-describedby=\"caption-attachment-1099\" class=\"size-full wp-image-1099\" title=\"Hafen in Gummlin\" src=\"wp-content\/uploads\/2012\/09\/stolpe02.jpg\" alt=\"Hafen in Gummlin\" width=\"250\" height=\"167\" \/><p id=\"caption-attachment-1099\" class=\"wp-caption-text\">Hafen in Gummlin<\/p><\/div>","protected":false},"excerpt":{"rendered":"<p>Die Gemeinde Stolpe auf Usedom, im Jahre 1218 erstmals urkundlich erw\u00e4hnt, mit dem Ort Gummlin liegt im Achterland der Insel Usedom zwischen Mellenthiner Heide und der Stadt Usedom am kleinen Haff. Internet: https:\/\/www.stolpe-auf-usedom.de Einwohnerzahl (Stand 07\/2024): Gemeinde Stolpe auf Usedom insgesamt 373 Der B\u00fcrgermeister der Gemeinde Stolpe auf Usedom ist Herr Falko Beitz. Termine mit dem B\u00fcrgermeister k\u00f6nnen \u00fcber das<\/p>\n","protected":false},"author":2,"featured_media":0,"parent":10,"menu_order":1,"comment_status":"closed","ping_status":"closed","template":"","meta":{"footnotes":""},"class_list":["post-111","page","type-page","status-publish","hentry"],"_links":{"self":[{"href":"https:\/\/www.amtusedom.de\/index.php?rest_route=\/wp\/v2\/pages\/111","targetHints":{"allow":["GET"]}}],"collection":[{"href":"https:\/\/www.amtusedom.de\/index.php?rest_route=\/wp\/v2\/pages"}],"about":[{"href":"https:\/\/www.amtusedom.de\/index.php?rest_route=\/wp\/v2\/types\/page"}],"author":[{"embeddable":true,"href":"https:\/\/www.amtusedom.de\/index.php?rest_route=\/wp\/v2\/users\/2"}],"replies":[{"embeddable":true,"href":"https:\/\/www.amtusedom.de\/index.php?rest_route=%2Fwp%2Fv2%2Fcomments&post=111"}],"version-history":[{"count":29,"href":"https:\/\/www.amtusedom.de\/index.php?rest_route=\/wp\/v2\/pages\/111\/revisions"}],"predecessor-version":[{"id":9378,"href":"https:\/\/www.amtusedom.de\/index.php?rest_route=\/wp\/v2\/pages\/111\/revisions\/9378"}],"up":[{"embeddable":true,"href":"https:\/\/www.amtusedom.de\/index.php?rest_route=\/wp\/v2\/pages\/10"}],"wp:attachment":[{"href":"https:\/\/www.amtusedom.de\/index.php?rest_route=%2Fwp%2Fv2%2Fmedia&parent=111"}],"curies":[{"name":"wp","href":"https:\/\/api.w.org\/{rel}","templated":true}]}}