{"id":118,"date":"2012-08-13T15:14:43","date_gmt":"2012-08-13T13:14:43","guid":{"rendered":"http:\/\/localhost\/wp\/?page_id=118"},"modified":"2025-07-31T16:45:38","modified_gmt":"2025-07-31T14:45:38","slug":"gemeinde-zempin","status":"publish","type":"page","link":"https:\/\/www.amtusedom.de\/?page_id=118","title":{"rendered":"Gemeinde Zempin"},"content":{"rendered":"<p><a href=\"wp-content\/uploads\/2012\/08\/wappen-zempin.png\"><img loading=\"lazy\" decoding=\"async\" class=\"alignright size-full wp-image-134\" title=\"Wappen Zempin\" src=\"wp-content\/uploads\/2012\/08\/wappen-zempin.png\" alt=\"Wappen Zempin\" width=\"130\" height=\"140\" \/><\/a>Die Gemeinde Zempin, 1571 erstmals urkundlich erw\u00e4hnt, ist das kleinste Seebad der Insel Usedom und liegt in der Mitte der Insel Usedom an der schmalsten Stelle zwischen Achterwasser und Ostsee. Seit dem Jahr 2006 pr\u00e4sentiert sich Zempin zusammen mit seinen Nachbargemeinden Koserow, Loddin und \u00dcckeritz unter dem Titel \u201eUsedomer Bernsteinb\u00e4der\u201c. Die Fl\u00e4che der Gemeinde Zempin betr\u00e4gt 3,12 km\u00b2.<\/p>\n<p>Internet: \u00a0\u00a0 \u00a0<a href=\"http:\/\/www.seebad-zempin.de\" target=\"_blank\" rel=\"noopener noreferrer\">www.seebad-zempin.de<\/a><\/p>\n<p>Einwohnerzahl (Stand 07\/2024):<br \/>\nGemeinde Zempin insgesamt 971<\/p>\n<p style=\"background: white; vertical-align: baseline; margin: 9.0pt 0cm 9.0pt 0cm;\"><span style=\"font-size: 11.5pt; font-family: 'Lato',sans-serif; color: #111111;\">B\u00fcrgermeister der Gemeinde Zempin ist Herr Werner Sch\u00f6n.<br \/>\nTelefon: 038377\/42162<br \/>\nSprechzeiten: Jeden 1. und 3. Donnerstag des Monats von 16.00 Uhr bis 18.00 Uhr im Fremdenverkehrsamt Zempin, Fischerstr. 1<br \/>\n<a href=\"https:\/\/www.e-rechnung-bund.de\/faq\/leitweg-id\/\" target=\"_blank\" rel=\"noopener\">Leitweg-ID<\/a>: 13 0 75 148-K000-58<\/span><\/p>\n<p style=\"background: white; vertical-align: baseline; margin: 9.0pt 0cm 9.0pt 0cm;\"><span style=\"font-size: 11.5pt; font-family: 'Lato',sans-serif; color: #111111;\"><br \/>\n<h2 id=\"tablepress-154-name\" class=\"tablepress-table-name tablepress-table-name-id-154\">Die Mitglieder der Gemeindevertretung Zempin haben sich am 22.07.2024 konstituiert<\/h2>\n\n<table id=\"tablepress-154\" class=\"tablepress tablepress-id-154\" aria-labelledby=\"tablepress-154-name\">\n<thead>\n<tr class=\"row-1\">\n\t<th class=\"column-1\">Name<\/th><th class=\"column-2\">Position<\/th>\n<\/tr>\n<\/thead>\n<tbody class=\"row-striping row-hover\">\n<tr class=\"row-2\">\n\t<td class=\"column-1\">Herr Werner Sch\u00f6n<\/td><td class=\"column-2\">B\u00fcrgermeister<\/td>\n<\/tr>\n<tr class=\"row-3\">\n\t<td class=\"column-1\">Frau Anne Blume<\/td><td class=\"column-2\">1. Stellvertreterin<\/td>\n<\/tr>\n<tr class=\"row-4\">\n\t<td class=\"column-1\">Frau Steffi Bluhm<\/td><td class=\"column-2\">2. Stellvertreterin<\/td>\n<\/tr>\n<tr class=\"row-5\">\n\t<td class=\"column-1\">Herr Hans Sch\u00fctt<\/td><td class=\"column-2\">Gemeindevertreter<\/td>\n<\/tr>\n<tr class=\"row-6\">\n\t<td class=\"column-1\">Frau Anke Gie\u00dfmann<\/td><td class=\"column-2\">Gemeindevertreterin<\/td>\n<\/tr>\n<tr class=\"row-7\">\n\t<td class=\"column-1\">Herr Jan Kaeding<\/td><td class=\"column-2\">Gemeindevertreter<\/td>\n<\/tr>\n<tr class=\"row-8\">\n\t<td class=\"column-1\">Herr Matthias Priewe<\/td><td class=\"column-2\">Gemeindevertreter<\/td>\n<\/tr>\n<tr class=\"row-9\">\n\t<td class=\"column-1\">Herr Robert Reimer<\/td><td class=\"column-2\">Gemeindevertreter<\/td>\n<\/tr>\n<tr class=\"row-10\">\n\t<td class=\"column-1\">Herr Sebastian Sch\u00fctt<\/td><td class=\"column-2\">Gemeindevertreter<\/td>\n<\/tr>\n<\/tbody>\n<\/table>\n<!-- #tablepress-154 from cache --><br \/>\n<\/span><\/p>\n<p style=\"text-align: center;\"><strong>Gemeindevertretung Zempin<\/strong><\/p>\n<div id=\"attachment_9385\" style=\"width: 1930px\" class=\"wp-caption aligncenter\"><a href=\"https:\/\/www.amtusedom.de\/wp-content\/uploads\/2024\/07\/Zempin2024-scaled.jpg\" target=\"_blank\" rel=\"noopener\"><img loading=\"lazy\" decoding=\"async\" aria-describedby=\"caption-attachment-9385\" class=\"wp-image-9385 size-full\" src=\"https:\/\/www.amtusedom.de\/wp-content\/uploads\/2024\/07\/Zempin2024-scaled.jpg\" alt=\"\" width=\"1920\" height=\"2560\" srcset=\"https:\/\/www.amtusedom.de\/wp-content\/uploads\/2024\/07\/Zempin2024-scaled.jpg 1920w, https:\/\/www.amtusedom.de\/wp-content\/uploads\/2024\/07\/Zempin2024-225x300.jpg 225w, https:\/\/www.amtusedom.de\/wp-content\/uploads\/2024\/07\/Zempin2024-768x1024.jpg 768w, https:\/\/www.amtusedom.de\/wp-content\/uploads\/2024\/07\/Zempin2024-1152x1536.jpg 1152w, https:\/\/www.amtusedom.de\/wp-content\/uploads\/2024\/07\/Zempin2024-1536x2048.jpg 1536w\" sizes=\"auto, (max-width: 1920px) 100vw, 1920px\" \/><\/a><p id=\"caption-attachment-9385\" class=\"wp-caption-text\">Bild v.o.l.n.u.r. Sebastian Sch\u00fctt, Jan Kaeding, Matthias Priewe, Steffi Bluhm, Hans Sch\u00fctt, Anne Blume, Anke Gie\u00dfmann, Werner Sch\u00f6n, Robert Reimer<\/p><\/div>\n<p>&nbsp;<\/p>\n<p>&nbsp;<\/p>\n<p><strong>Zu den Sehensw\u00fcrdigkeiten:<\/strong><\/p>\n<p>Das ehemalige Fischer- und Bauerndorf hat seinen Ursprung am Achterwasser. \u00dcber 40 H\u00e4user mit Rohrd\u00e4chern sind enthalten, oft aus den alten Fischerkaten entstanden. Sie sind durch eine Ortssatzung gesch\u00fctzt und stehen in der Peenestra\u00dfe, Rieckstra\u00dfe, Fischerstra\u00dfe und Dorfstra\u00dfe.Der Orts- und Naturlehrpfad in Zempin ist ca. 9 km lang und f\u00fchrt an allen markanten Natur- und Ortsmerkmalen des Seebades Zempin vorbei. Zahlreiche Tafeln mit auf den Ort bezogenen Inhalten, mit Arbeiten von ans\u00e4ssigen Malern, Fotografen und Schriftstellern wurden erarbeitet und gestaltet. Auf diesem Lehrpfad gibt es viel Wissenswertes zur Natur, Geschichte, zu Land und Leuten und ihrem Leben und ihren T\u00e4tigkeiten in Zempin zu erfahren.<\/p>\n<p>Am \u00f6stlichen Rand des Campingplatzes in Zempin finden sich Reste eine Abschussrampe, der Feldstellung I aus Zeiten des II. Weltkrieges. Am Radwanderweg zwischen Zempin und Zinnowitz befinden sich Reste der Feldstellung II.Der Ort Zempin geh\u00f6rte w\u00e4hrend des II. Weltkrieges zum Sperrgebiet Peenem\u00fcnde West. An diesen Abschussrampen der Fee 103 &#8222;V1&#8220; wurden die Mannschaften in die Technik der Fl\u00fcgelbombe eingewiesen und Probeabsch\u00fcsse entlang der Ostseek\u00fcste durchgef\u00fchrt. Die zum Teil heute noch vorhandenen Betonwege im K\u00fcstenschutzwald, waren Transportwege f\u00fcr diese.<br \/>\nIm Vereinshaus \u201euns olle Schaul\u201c wurde bis zum Sommer 2000 noch unterrichtet. Bis dahin war es ein Schulgeb\u00e4ude. Heute findet man in den unteren Klassenr\u00e4umen die st\u00e4ndigen Ausstellungen FISCHEREI in Zempin mit Bootsmodellen des Fischers Konrad Tiefert und ALTER KAUFMANNSLADEN &#8211; Schichleins Laden voller Erinnerungen, aber auch wechselnde Ausstellungen. Ein ehemaliger Klassenraum wird als Vortragsraum genutzt. Im oberen gem\u00fctlichen Raum haben sich die Vereine einen Versammlungsraum geschaffen.<\/p>\n<p><strong>H\u00e4fen f\u00fcr Wassersportler<\/strong><\/p>\n<p>H\u00e4fen f\u00fcr Wassersportler finden sich am Rieck, neben der Gedenkst\u00e4tte des Malers Otto Niemeyer-Holstein, an der schmalsten Stelle der Insel Usedom sowie direkt im Ort am Achterwasser. Beide H\u00e4fen werden durch Vereine betrieben.<\/p>\n<div id=\"attachment_1106\" style=\"width: 260px\" class=\"wp-caption alignleft\"><img loading=\"lazy\" decoding=\"async\" aria-describedby=\"caption-attachment-1106\" class=\"size-full wp-image-1106\" title=\"Zempin Fremdenverkehrsamt\" src=\"wp-content\/uploads\/2012\/09\/zempin01.jpg\" alt=\"Zempin Fremdenverkehrsamt\" width=\"250\" height=\"167\" \/><p id=\"caption-attachment-1106\" class=\"wp-caption-text\">Zempin Fremdenverkehrsamt<\/p><\/div>\n<div id=\"attachment_1107\" style=\"width: 260px\" class=\"wp-caption alignleft\"><img loading=\"lazy\" decoding=\"async\" aria-describedby=\"caption-attachment-1107\" class=\"size-full wp-image-1107\" title=\"Vereinshaus 'Uns Olle Schaul'\" src=\"wp-content\/uploads\/2012\/09\/zempin02.jpg\" alt=\"Vereinshaus 'Uns Olle Schaul'\" width=\"250\" height=\"167\" \/><p id=\"caption-attachment-1107\" class=\"wp-caption-text\">Vereinshaus &#8218;Uns Olle Schaul&#8216;<\/p><\/div>\n<div id=\"attachment_1108\" style=\"width: 260px\" class=\"wp-caption alignleft\"><img loading=\"lazy\" decoding=\"async\" aria-describedby=\"caption-attachment-1108\" class=\"size-full wp-image-1108\" title=\"Zempin Fischerstrand\" src=\"wp-content\/uploads\/2012\/09\/zempin03.jpg\" alt=\"Zempin Fischerstrand\" width=\"250\" height=\"167\" \/><p id=\"caption-attachment-1108\" class=\"wp-caption-text\">Zempin Fischerstrand<\/p><\/div>","protected":false},"excerpt":{"rendered":"<p>Die Gemeinde Zempin, 1571 erstmals urkundlich erw\u00e4hnt, ist das kleinste Seebad der Insel Usedom und liegt in der Mitte der Insel Usedom an der schmalsten Stelle zwischen Achterwasser und Ostsee. Seit dem Jahr 2006 pr\u00e4sentiert sich Zempin zusammen mit seinen Nachbargemeinden Koserow, Loddin und \u00dcckeritz unter dem Titel \u201eUsedomer Bernsteinb\u00e4der\u201c. Die Fl\u00e4che der Gemeinde Zempin betr\u00e4gt 3,12 km\u00b2. Internet: \u00a0\u00a0<\/p>\n","protected":false},"author":2,"featured_media":0,"parent":10,"menu_order":1,"comment_status":"closed","ping_status":"closed","template":"","meta":{"footnotes":""},"class_list":["post-118","page","type-page","status-publish","hentry"],"_links":{"self":[{"href":"https:\/\/www.amtusedom.de\/index.php?rest_route=\/wp\/v2\/pages\/118","targetHints":{"allow":["GET"]}}],"collection":[{"href":"https:\/\/www.amtusedom.de\/index.php?rest_route=\/wp\/v2\/pages"}],"about":[{"href":"https:\/\/www.amtusedom.de\/index.php?rest_route=\/wp\/v2\/types\/page"}],"author":[{"embeddable":true,"href":"https:\/\/www.amtusedom.de\/index.php?rest_route=\/wp\/v2\/users\/2"}],"replies":[{"embeddable":true,"href":"https:\/\/www.amtusedom.de\/index.php?rest_route=%2Fwp%2Fv2%2Fcomments&post=118"}],"version-history":[{"count":30,"href":"https:\/\/www.amtusedom.de\/index.php?rest_route=\/wp\/v2\/pages\/118\/revisions"}],"predecessor-version":[{"id":10725,"href":"https:\/\/www.amtusedom.de\/index.php?rest_route=\/wp\/v2\/pages\/118\/revisions\/10725"}],"up":[{"embeddable":true,"href":"https:\/\/www.amtusedom.de\/index.php?rest_route=\/wp\/v2\/pages\/10"}],"wp:attachment":[{"href":"https:\/\/www.amtusedom.de\/index.php?rest_route=%2Fwp%2Fv2%2Fmedia&parent=118"}],"curies":[{"name":"wp","href":"https:\/\/api.w.org\/{rel}","templated":true}]}}

<p><a href="wp-content/uploads/2012/08/wappen-zempin.png"><img loading="lazy" decoding="async" class="alignright size-full wp-image-134" title="Wappen Zempin" src="wp-content/uploads/2012/08/wappen-zempin.png" alt="Wappen Zempin" width="130" height="140" /></a>Die Gemeinde Zempin, 1571 erstmals urkundlich erwähnt, ist das kleinste Seebad der Insel Usedom und liegt in der Mitte der Insel Usedom an der schmalsten Stelle zwischen Achterwasser und Ostsee. Seit dem Jahr 2006 präsentiert sich Zempin zusammen mit seinen Nachbargemeinden Koserow, Loddin und Ückeritz unter dem Titel „Usedomer Bernsteinbäder“. Die Fläche der Gemeinde Zempin beträgt 3,12 km².</p>
<p>Internet:     <a href="http://www.seebad-zempin.de" target="_blank" rel="noopener noreferrer">www.seebad-zempin.de</a></p>
<p>Einwohnerzahl (Stand 07/2024):<br />
Gemeinde Zempin insgesamt 971</p>
<p style="background: white; vertical-align: baseline; margin: 9.0pt 0cm 9.0pt 0cm;"><span style="font-size: 11.5pt; font-family: 'Lato',sans-serif; color: #111111;">Bürgermeister der Gemeinde Zempin ist Herr Werner Schön.<br />
Telefon: 038377/42162<br />
Sprechzeiten: Jeden 1. und 3. Donnerstag des Monats von 16.00 Uhr bis 18.00 Uhr im Fremdenverkehrsamt Zempin, Fischerstr. 1<br />
<a href="https://www.e-rechnung-bund.de/faq/leitweg-id/" target="_blank" rel="noopener">Leitweg-ID</a>: 13 0 75 148-K000-58</span></p>
<p style="background: white; vertical-align: baseline; margin: 9.0pt 0cm 9.0pt 0cm;"><span style="font-size: 11.5pt; font-family: 'Lato',sans-serif; color: #111111;"><br />
<h2 id="tablepress-154-name" class="tablepress-table-name tablepress-table-name-id-154">Die Mitglieder der Gemeindevertretung Zempin haben sich am 22.07.2024 konstituiert</h2>

<table id="tablepress-154" class="tablepress tablepress-id-154" aria-labelledby="tablepress-154-name">
<thead>
<tr class="row-1">
	<th class="column-1">Name</th><th class="column-2">Position</th>
</tr>
</thead>
<tbody class="row-striping row-hover">
<tr class="row-2">
	<td class="column-1">Herr Werner Schön</td><td class="column-2">Bürgermeister</td>
</tr>
<tr class="row-3">
	<td class="column-1">Frau Anne Blume</td><td class="column-2">1. Stellvertreterin</td>
</tr>
<tr class="row-4">
	<td class="column-1">Frau Steffi Bluhm</td><td class="column-2">2. Stellvertreterin</td>
</tr>
<tr class="row-5">
	<td class="column-1">Herr Hans Schütt</td><td class="column-2">Gemeindevertreter</td>
</tr>
<tr class="row-6">
	<td class="column-1">Frau Anke Gießmann</td><td class="column-2">Gemeindevertreterin</td>
</tr>
<tr class="row-7">
	<td class="column-1">Herr Jan Kaeding</td><td class="column-2">Gemeindevertreter</td>
</tr>
<tr class="row-8">
	<td class="column-1">Herr Matthias Priewe</td><td class="column-2">Gemeindevertreter</td>
</tr>
<tr class="row-9">
	<td class="column-1">Herr Robert Reimer</td><td class="column-2">Gemeindevertreter</td>
</tr>
<tr class="row-10">
	<td class="column-1">Herr Sebastian Schütt</td><td class="column-2">Gemeindevertreter</td>
</tr>
</tbody>
</table>
<!-- #tablepress-154 from cache --><br />
</span></p>
<p style="text-align: center;"><strong>Gemeindevertretung Zempin</strong></p>
<div id="attachment_9385" style="width: 1930px" class="wp-caption aligncenter"><a href="https://www.amtusedom.de/wp-content/uploads/2024/07/Zempin2024-scaled.jpg" target="_blank" rel="noopener"><img loading="lazy" decoding="async" aria-describedby="caption-attachment-9385" class="wp-image-9385 size-full" src="https://www.amtusedom.de/wp-content/uploads/2024/07/Zempin2024-scaled.jpg" alt="" width="1920" height="2560" srcset="https://www.amtusedom.de/wp-content/uploads/2024/07/Zempin2024-scaled.jpg 1920w, https://www.amtusedom.de/wp-content/uploads/2024/07/Zempin2024-225x300.jpg 225w, https://www.amtusedom.de/wp-content/uploads/2024/07/Zempin2024-768x1024.jpg 768w, https://www.amtusedom.de/wp-content/uploads/2024/07/Zempin2024-1152x1536.jpg 1152w, https://www.amtusedom.de/wp-content/uploads/2024/07/Zempin2024-1536x2048.jpg 1536w" sizes="auto, (max-width: 1920px) 100vw, 1920px" /></a><p id="caption-attachment-9385" class="wp-caption-text">Bild v.o.l.n.u.r. Sebastian Schütt, Jan Kaeding, Matthias Priewe, Steffi Bluhm, Hans Schütt, Anne Blume, Anke Gießmann, Werner Schön, Robert Reimer</p></div>
<p>&nbsp;</p>
<p>&nbsp;</p>
<p><strong>Zu den Sehenswürdigkeiten:</strong></p>
<p>Das ehemalige Fischer- und Bauerndorf hat seinen Ursprung am Achterwasser. Über 40 Häuser mit Rohrdächern sind enthalten, oft aus den alten Fischerkaten entstanden. Sie sind durch eine Ortssatzung geschützt und stehen in der Peenestraße, Rieckstraße, Fischerstraße und Dorfstraße.Der Orts- und Naturlehrpfad in Zempin ist ca. 9 km lang und führt an allen markanten Natur- und Ortsmerkmalen des Seebades Zempin vorbei. Zahlreiche Tafeln mit auf den Ort bezogenen Inhalten, mit Arbeiten von ansässigen Malern, Fotografen und Schriftstellern wurden erarbeitet und gestaltet. Auf diesem Lehrpfad gibt es viel Wissenswertes zur Natur, Geschichte, zu Land und Leuten und ihrem Leben und ihren Tätigkeiten in Zempin zu erfahren.</p>
<p>Am östlichen Rand des Campingplatzes in Zempin finden sich Reste eine Abschussrampe, der Feldstellung I aus Zeiten des II. Weltkrieges. Am Radwanderweg zwischen Zempin und Zinnowitz befinden sich Reste der Feldstellung II.Der Ort Zempin gehörte während des II. Weltkrieges zum Sperrgebiet Peenemünde West. An diesen Abschussrampen der Fee 103 &#8222;V1&#8220; wurden die Mannschaften in die Technik der Flügelbombe eingewiesen und Probeabschüsse entlang der Ostseeküste durchgeführt. Die zum Teil heute noch vorhandenen Betonwege im Küstenschutzwald, waren Transportwege für diese.<br />
Im Vereinshaus „uns olle Schaul“ wurde bis zum Sommer 2000 noch unterrichtet. Bis dahin war es ein Schulgebäude. Heute findet man in den unteren Klassenräumen die ständigen Ausstellungen FISCHEREI in Zempin mit Bootsmodellen des Fischers Konrad Tiefert und ALTER KAUFMANNSLADEN &#8211; Schichleins Laden voller Erinnerungen, aber auch wechselnde Ausstellungen. Ein ehemaliger Klassenraum wird als Vortragsraum genutzt. Im oberen gemütlichen Raum haben sich die Vereine einen Versammlungsraum geschaffen.</p>
<p><strong>Häfen für Wassersportler</strong></p>
<p>Häfen für Wassersportler finden sich am Rieck, neben der Gedenkstätte des Malers Otto Niemeyer-Holstein, an der schmalsten Stelle der Insel Usedom sowie direkt im Ort am Achterwasser. Beide Häfen werden durch Vereine betrieben.</p>
<div id="attachment_1106" style="width: 260px" class="wp-caption alignleft"><img loading="lazy" decoding="async" aria-describedby="caption-attachment-1106" class="size-full wp-image-1106" title="Zempin Fremdenverkehrsamt" src="wp-content/uploads/2012/09/zempin01.jpg" alt="Zempin Fremdenverkehrsamt" width="250" height="167" /><p id="caption-attachment-1106" class="wp-caption-text">Zempin Fremdenverkehrsamt</p></div>
<div id="attachment_1107" style="width: 260px" class="wp-caption alignleft"><img loading="lazy" decoding="async" aria-describedby="caption-attachment-1107" class="size-full wp-image-1107" title="Vereinshaus 'Uns Olle Schaul'" src="wp-content/uploads/2012/09/zempin02.jpg" alt="Vereinshaus 'Uns Olle Schaul'" width="250" height="167" /><p id="caption-attachment-1107" class="wp-caption-text">Vereinshaus &#8218;Uns Olle Schaul&#8216;</p></div>
<div id="attachment_1108" style="width: 260px" class="wp-caption alignleft"><img loading="lazy" decoding="async" aria-describedby="caption-attachment-1108" class="size-full wp-image-1108" title="Zempin Fischerstrand" src="wp-content/uploads/2012/09/zempin03.jpg" alt="Zempin Fischerstrand" width="250" height="167" /><p id="caption-attachment-1108" class="wp-caption-text">Zempin Fischerstrand</p></div>

<p>Die Gemeinde Zempin, 1571 erstmals urkundlich erwähnt, ist das kleinste Seebad der Insel Usedom und liegt in der Mitte der Insel Usedom an der schmalsten Stelle zwischen Achterwasser und Ostsee. Seit dem Jahr 2006 präsentiert sich Zempin zusammen mit seinen Nachbargemeinden Koserow, Loddin und Ückeritz unter dem Titel „Usedomer Bernsteinbäder“. Die Fläche der Gemeinde Zempin beträgt 3,12 km². Internet:   </p>
