{"id":2620,"date":"2015-04-21T11:36:06","date_gmt":"2015-04-21T09:36:06","guid":{"rendered":"http:\/\/www.amtusedom.de\/?page_id=2620"},"modified":"2020-08-28T11:01:40","modified_gmt":"2020-08-28T09:01:40","slug":"oeffentliche-bekanntmachungen-gemeinde-korswandt-archiv","status":"publish","type":"page","link":"https:\/\/www.amtusedom.de\/?page_id=2620","title":{"rendered":"\u00d6ffentliche Bekanntmachungen &#8211; Gemeinde Korswandt &#8211; Archiv"},"content":{"rendered":"\n<table id=\"tablepress-30\" class=\"tablepress tablepress-id-30\">\n<tbody class=\"row-striping\">\n<tr class=\"row-1\">\n\t<td class=\"column-1\">19.07.2010<\/td><td class=\"column-2\"><a target=\"_blank\" href=\"ortsrecht\/bm_korswandt\/bekanntmachung-20100719-korswandt.pdf\" rel=\"noopener noreferrer\">Bekanntmachung Jahresrechnung der Gemeinde Korswandt f\u00fcr das Haushaltsjahr 2009<\/a><\/td>\n<\/tr>\n<tr class=\"row-2\">\n\t<td class=\"column-1\">15.12.2010<\/td><td class=\"column-2\"><a target=\"_blank\" href=\"ortsrecht\/bm_korswandt\/bekanntmachung-20101215-korswandt.pdf\" rel=\"noopener noreferrer\">Bekanntmachung Haushaltssatzung der Gemeinde Korswandt f\u00fcr das Haushaltsjahr \t2011<\/a><\/td>\n<\/tr>\n<tr class=\"row-3\">\n\t<td class=\"column-1\">19.05.2011<\/td><td class=\"column-2\"><a target=\"_blank\" href=\"ortsrecht\/bm_korswandt\/bekanntmachung-20110519-korswandt.pdf\" rel=\"noopener noreferrer\">Bekanntmachung 1. Nachtragshaushaltssatzung der Gemeinde Korswandt f\u00fcr das Haushaltsjahr 2011<\/a><\/td>\n<\/tr>\n<tr class=\"row-4\">\n\t<td class=\"column-1\">18.04.2011<\/td><td class=\"column-2\"><a target=\"_blank\" href=\"ortsrecht\/bm_korswandt\/bekanntmachung-20110418-korswandt.pdf\" rel=\"noopener noreferrer\">\u00d6ffentliche Bekanntmachung - Grenzfeststellung<\/a><\/td>\n<\/tr>\n<tr class=\"row-5\">\n\t<td class=\"column-1\">29.11.2011<\/td><td class=\"column-2\"><a target=\"_blank\" href=\"ortsrecht\/bm_korswandt\/bekanntmachung-20111129-korswandt.pdf\" rel=\"noopener noreferrer\">Bekanntmachung nach \u00a7 3a Satz 2, 2. Halbsatz des Gesetzes \u00fcber die Umweltvertr\u00e4glichkeitspr\u00fcfung<\/a><\/td>\n<\/tr>\n<tr class=\"row-6\">\n\t<td class=\"column-1\">11.05.2012<\/td><td class=\"column-2\"><a target=\"_blank\" href=\"ortsrecht\/bm_korswandt\/bekanntmachung-20120511-korswandt.pdf\" rel=\"noopener noreferrer\">Bekanntmachung Haushaltssatzung der Gemeinde Korswandt f\u00fcr das Haushaltsjahr \t2012<\/a><\/td>\n<\/tr>\n<tr class=\"row-7\">\n\t<td class=\"column-1\">10.07.2012<\/td><td class=\"column-2\"><a target=\"_blank\" href=\"ortsrecht\/bm_korswandt\/bakanntmachung-20120710-korswandt.pdf\" rel=\"noopener noreferrer\">Bekanntmachung: Ladung zur Auslegung und Erl\u00e4uterung der \tWertermittlungsergebnisse<\/a><\/td>\n<\/tr>\n<tr class=\"row-8\">\n\t<td class=\"column-1\">30.07.2012<\/td><td class=\"column-2\"><a target=\"_blank\" href=\"ortsrecht\/bm_korswandt\/bekanntmachung-20120730-korswandt.pdf\" rel=\"noopener noreferrer\">\u00d6ffentliche Bekanntmachung einer \tOffenlegung der Niederschrift \u00fcber den Grenztermin<\/a><\/td>\n<\/tr>\n<tr class=\"row-9\">\n\t<td class=\"column-1\">04.09.2012<\/td><td class=\"column-2\"><a target=\"_blank\" href=\"ortsrecht\/bm_korswandt\/bekanntmachung-20120904-korswandt.pdf\" rel=\"noopener noreferrer\">Bekanntmachung: Feststellung der Ergebnisse der Wertermittlung<\/a><\/td>\n<\/tr>\n<tr class=\"row-10\">\n\t<td class=\"column-1\">18.03.2013<\/td><td class=\"column-2\"><a target=\"_blank\" href=\"ortsrecht\/bm_korswandt\/bekanntmachung-20130318-korswandt.pdf\" rel=\"noopener noreferrer\">Bekanntmachung Haushaltssatzung der Gemeinde Korswandt f\u00fcr das Haushaltsjahr 2013<br \/>\n<\/a><\/td>\n<\/tr>\n<tr class=\"row-11\">\n\t<td class=\"column-1\">25.07.2013<\/td><td class=\"column-2\"><a target=\"_blank\" href=\"ortsrecht\/bm_korswandt\/bekanntmachung-20130725-korswandt.pdf\" rel=\"noopener noreferrer\">\u00d6ffentliche Bekanntmachung gem\u00e4\u00df \u00a7 45 Stra\u00dfen- und Wegegesetz des Landes M-V<\/a><\/td>\n<\/tr>\n<tr class=\"row-12\">\n\t<td class=\"column-1\">25.07.2013<\/td><td class=\"column-2\"><a target=\"_blank\" href=\"ortsrecht\/bm_korswandt\/bekanntmachung-20130725-2-korswandt.pdf\" rel=\"noopener noreferrer\">Bekanntmachung Jahresrechnung der Gemeinde Korswandt f\u00fcr das Haushaltsjahr 2010<br \/>\n<\/a><\/td>\n<\/tr>\n<tr class=\"row-13\">\n\t<td class=\"column-1\">31.01.2014<\/td><td class=\"column-2\"><a target=\"_blank\" href=\"ortsrecht\/bm_korswandt\/bekanntmachung-20140131-korswandt.pdf\" rel=\"noopener noreferrer\">Bekanntmachung Satzung \u00fcber die Festsetzung der Hebes\u00e4tze f\u00fcr die Grundsteuer und Gewerbesteuer in der Gemeinde Korswandt (Hebesatzsatzung 2014)<\/a><\/td>\n<\/tr>\n<tr class=\"row-14\">\n\t<td class=\"column-1\">28.02.2014<\/td><td class=\"column-2\"><a target=\"_blank\" href=\"ortsrecht\/bm_korswandt\/bekanntmachung-20140228-korswandt.pdf\" rel=\"noopener noreferrer\">\u00d6ffentliche Bekanntmachung - 2. \u00c4nderung des Verfahrensgebietes Bodenordnung Korswandt<\/a><\/td>\n<\/tr>\n<tr class=\"row-15\">\n\t<td class=\"column-1\">30.04.2014<\/td><td class=\"column-2\"><a target=\"_blank\" href=\"ortsrecht\/bm_zirchow\/bekanntmachung-20140430-zirchow.pdf\" rel=\"noopener noreferrer\">\u00d6ffentliche Bekanntmachung gem\u00e4\u00df \u00a7 45 Stra\u00dfen- und Wegegesetz des Landes M-V<\/a><\/td>\n<\/tr>\n<tr class=\"row-16\">\n\t<td class=\"column-1\">06.06.2014<\/td><td class=\"column-2\"><a target=\"_blank\" href=\"ortsrecht\/bm_korswandt\/bekanntmachung-20140606-korswandt.pdf\" rel=\"noopener noreferrer\">Bekanntmachung der Haushaltssatzung der Gemeinde Korswandt f\u00fcr das Haushaltsjahr 2014<\/a><\/td>\n<\/tr>\n<tr class=\"row-17\">\n\t<td class=\"column-1\">07.01.2015<\/td><td class=\"column-2\"><a target=\"_blank\" href=\"ortsrecht\/bm_korswandt\/bekanntmachung-20150107-1-korswandt.pdf\" rel=\"noopener noreferrer\">Bekanntmachung Jahresrechnung der Gemeinde Korswandt f\u00fcr das Haushaltsjahr 2011<\/a><\/td>\n<\/tr>\n<tr class=\"row-18\">\n\t<td class=\"column-1\">07.01.2015<\/td><td class=\"column-2\"><a target=\"_blank\" href=\"ortsrecht\/bm_korswandt\/bekanntmachung-20150107-2-korswandt.pdf\" rel=\"noopener noreferrer\">Bekanntmachung des Amtes Usedom-S\u00fcd \u00fcber die Er\u00f6ffnungsbilanz der Gemeinde Korswandt zum 01.01.2012<\/a><\/td>\n<\/tr>\n<tr class=\"row-19\">\n\t<td class=\"column-1\">03.03.2015<\/td><td class=\"column-2\"><a target=\"_blank\" href=\"ortsrecht\/bm_korswandt\/bekanntmachung-20150303-1-korswandt.pdf\" rel=\"noopener noreferrer\">Bekanntmachung des Amtes Usedom S\u00fcd zum Beschluss Nr. 0024\/15 vom 26.02.2015 \u00fcber den Entwurf und die Auslegung der 2. \u00c4nderung der Klarstellungs- und Erg\u00e4nzungssatzung f\u00fcr den im Zusammenhang bebauten Ortsteil Korswandt der Gemeinde Korswandt f\u00fcr Teilfl\u00e4chen der Flurst\u00fccke 210, 207\/1 und 209 in der Flur 2, Gemarkung Korswandt in der Fassung von 01-2015 <\/a><\/td>\n<\/tr>\n<tr class=\"row-20\">\n\t<td class=\"column-1\">03.03.2015<\/td><td class=\"column-2\"><a target=\"_blank\" href=\"ortsrecht\/bm_korswandt\/bekanntmachung-20150303-2-korswandt.pdf\" rel=\"noopener noreferrer\">Bekanntmachung des Amtes Usedom S\u00fcd zum Beschluss Nr. 0023\/15 vom 26.02.2015 \u00fcber die Aufstellung der 2. \u00c4nderung der Klarstellungs- und Erg\u00e4nzungssatzung f\u00fcr den im Zusammenhang bebauten Ortsteil Korswandt der Gemeinde Korswandt f\u00fcr Teilfl\u00e4chen der Flurst\u00fccke 210, 207\/1 und 209 in der Flur 2. Gemarkung Korswandt<\/a><\/td>\n<\/tr>\n<tr class=\"row-21\">\n\t<td class=\"column-1\">03.03.2015<\/td><td class=\"column-2\"><a target=\"_blank\" href=\"ortsrecht\/bm_korswandt\/bekanntmachung-20150303-3-korswandt.pdf\" rel=\"noopener noreferrer\">Bekanntmachung des Amtes Usedom S\u00fcd zum Beschluss Nr. 0022\/14 vom 26.02.2015 \u00fcber die Aufstellung des Bebauungsplanes Nr. 6 \u201eWohngebiet auf dem Gel\u00e4nde des ehemaligen Betriebsferienlagers der VEB Gummiwerke Th\u00fcringen\" der Gemeinde Korswandt<\/a><\/td>\n<\/tr>\n<tr class=\"row-22\">\n\t<td class=\"column-1\">24.03.2015<\/td><td class=\"column-2\"><a target=\"_blank\" href=\"ortsrecht\/bm_korswandt\/bekanntmachung-20150324-korswandt.pdf\" rel=\"noopener noreferrer\">Bekanntmachung \u00fcber die Festsetzung der Hebes\u00e4tze f\u00fcr die Grundsteuer und Gewerbesteuer in der Gemeinde Korswandt<br \/>\n<\/a><\/td>\n<\/tr>\n<tr class=\"row-23\">\n\t<td class=\"column-1\">26.03.2015<\/td><td class=\"column-2\"><a target=\"_blank\" href=\"ortsrecht\/bm_korswandt\/bekanntmachung-20150326-korswandt.pdf\" rel=\"noopener noreferrer\">Bekanntmachung der Haushaltssatzung der Gemeinde Korswandt f\u00fcr das Haushaltsjahr 2015<\/a><\/td>\n<\/tr>\n<tr class=\"row-24\">\n\t<td class=\"column-1\">11.05.2015<\/td><td class=\"column-2\"><a target=\"_blank\" href=\"ortsrecht\/bm_korswandt\/bekanntmachung-20150511-korswandt.pdf\" rel=\"noopener noreferrer\">Ladung zur Bekanntgabe und Erl\u00e4uterung des Bodenordnungsplanes, sowie zum Anh\u00f6rungstermin im Bodenordnungsverfahren Korswandt<\/a><\/td>\n<\/tr>\n<tr class=\"row-25\">\n\t<td class=\"column-1\">13.07.2015<\/td><td class=\"column-2\"><a target=\"_blank\" href=\"ortsrecht\/bm_korswandt\/bekanntmachung-20150713-korswandt.pdf\" rel=\"noopener noreferrer\">Bekanntmachung des Amtes Usedom S\u00fcd \u00fcber den Beschluss Nr. GVKw-0034\/15 vom 09.07.2015 \u00fcber die Satzung zur 2. \u00c4nderung der Klarstellungssatzung mit Abrundungen f\u00fcr den im Zusammenhang bebauten Ortsteil Korswandt der Gemeinde Korswandt f\u00fcr das Flurst\u00fcck 210 und Teilbereiche der Flurst\u00fccke 207\/1 und 209 in der Flur 2, Gemarkung Korswandt <\/a><\/td>\n<\/tr>\n<tr class=\"row-26\">\n\t<td class=\"column-1\">11.11.2015<\/td><td class=\"column-2\"><a target=\"_blank\" href=\"ortsrecht\/bm_korswandt\/bekanntmachung-20151111-korswandt.pdf\" rel=\"noopener noreferrer\">Ausf\u00fchrungsanordnung im Bodenordnungsverfahren Korswandt, Landkreis Vorpommern- Greifswald, Gemeinden Korswandt und Ostseebad Heringsdorf<\/a><\/td>\n<\/tr>\n<tr class=\"row-27\">\n\t<td class=\"column-1\">04.01.2016<\/td><td class=\"column-2\"><a target=\"_blank\" href=\"ortsrecht\/bm_korswandt\/bekanntmachung-20160104-korswandt.pdf\" rel=\"noopener noreferrer\">Bekanntmachung der Satzung \u00fcber die Festsetzung der Hebes\u00e4tze f\u00fcr die Grundsteuer und Gewerbesteuer in der Gemeinde Korswandt<\/a><\/td>\n<\/tr>\n<tr class=\"row-28\">\n\t<td class=\"column-1\">25.01.2016<\/td><td class=\"column-2\"><a target=\"_blank\" href=\"ortsrecht\/bm_korswandt\/bekanntmachung-20160125-korswandt.pdf\" rel=\"noopener noreferrer\">\u00d6ffentliche Bekanntmachung: Ausf\u00fchrungsanordnung im Bodenordnungsverfahren Korswandt<\/a><\/td>\n<\/tr>\n<tr class=\"row-29\">\n\t<td class=\"column-1\">10.02.2016<\/td><td class=\"column-2\"><a target=\"_blank\" href=\"ortsrecht\/bm_korswandt\/bekanntmachung-20160210-korswandt.pdf\" rel=\"noopener noreferrer\">Bekanntmachung der Haushaltssatzung der Gemeinde Korswandt f\u00fcr das Haushaltsjahr 2016<\/a><\/td>\n<\/tr>\n<tr class=\"row-30\">\n\t<td class=\"column-1\">21.03.2016<\/td><td class=\"column-2\"><a target=\"_blank\" href=\"ortsrecht\/bm_korswandt\/bekanntmachung-20160321-korswandt.pdf\" rel=\"noopener noreferrer\">Bekanntmachung des Amtes Usedom S\u00fcd zum Beschluss Nr. GVKw 0053\/16 vom 17.03.2016 \u00fcber den Entwurf und die \u00f6ffentliche Auslegung des Bebauungsplanes Nr. 6 \u201eWohngebiet auf dem Gel\u00e4nde des ehemaligen Betriebsferienlagers der VEB Gummiwerke Th\u00fcringen\" der Gemeinde Korswandt in der Fassung von 11-2015 <\/a><\/td>\n<\/tr>\n<tr class=\"row-31\">\n\t<td class=\"column-1\">21.03.2016<\/td><td class=\"column-2\"><a target=\"_blank\" href=\"ortsrecht\/bm_korswandt\/bekanntmachung-20160321-2-korswandt.pdf\" rel=\"noopener noreferrer\">Bekanntmachung der Feststellung der Jahresrechnung 2012 und der Entlastung des B\u00fcrgermeisters<\/a><\/td>\n<\/tr>\n<tr class=\"row-32\">\n\t<td class=\"column-1\">02.06.2016<\/td><td class=\"column-2\"><a target=\"_blank\" href=\"ortsrecht\/bm_korswandt\/bekanntmachung-20160602-korswandt.pdf\" rel=\"noopener noreferrer\">Bekanntmachung der Gemeinde Korswandt: \u00d6ffentliche Auslegung gem\u00e4\u00df \u00a7 9 Abs. 3 und 4 des Stra\u00dfen- und Wegegesetz Mecklenburg-Vorpommern<\/a><\/td>\n<\/tr>\n<tr class=\"row-33\">\n\t<td class=\"column-1\">21.12.2016<\/td><td class=\"column-2\"><a target=\"_blank\" href=\"ortsrecht\/bm_korswandt\/bekanntmachung-20161221-korswandt.pdf\" rel=\"noopener noreferrer\">Bekanntmachung der Gemeinde Korswandt: \u00d6ffentliche Auslegung gem\u00e4\u00df \u00a7 9 Abs. 3 und 4 des Stra\u00dfen- und Wegegesetz Mecklenburg-Vorpommern<\/a><\/td>\n<\/tr>\n<tr class=\"row-34\">\n\t<td class=\"column-1\">05.01.2017<\/td><td class=\"column-2\"><a href=\"ortsrecht\/or_korswandt\/korswandt-hebesatzung.pdf\" target=\"_blank\" rel=\"noopener noreferrer\">Satzung \u00fcber die Festsetzung der Hebes\u00e4tze f\u00fcr die Grundsteuer und Gewerbesteuer in der Gemeinde Korswandt (Hebesatzsatzung 2017)<\/a><\/td>\n<\/tr>\n<tr class=\"row-35\">\n\t<td class=\"column-1\">20.04.2017<\/td><td class=\"column-2\"><a target=\"_blank\" href=\"ortsrecht\/bm_korswandt\/bekanntmachung-20170420-1-korswandt.pdf\" rel=\"noopener noreferrer\">Bekanntmachung der Haushaltssatzung der Gemeinde Korswandt f\u00fcr das Haushaltsjahr 2017<\/a><\/td>\n<\/tr>\n<tr class=\"row-36\">\n\t<td class=\"column-1\">20.04.2017<\/td><td class=\"column-2\"><a target=\"_blank\" href=\"ortsrecht\/bm_korswandt\/bekanntmachung-20170420-2-korswandt.pdf\" rel=\"noopener noreferrer\">Bekanntmachung der Feststellung der Jahresrechnunq 2013 und der Entlastung des B\u00fcrgermeisters<\/a><\/td>\n<\/tr>\n<tr class=\"row-37\">\n\t<td class=\"column-1\">27.11.2017<\/td><td class=\"column-2\"><a target=\"_blank\" href=\"ortsrecht\/bm_korswandt\/bekanntmachung-20171127-korswandt.pdf\" rel=\"noopener noreferrer\">Bekanntmachung der Gemeinde Korswandt: \u00d6ffentliche Auslegung gem\u00e4\u00df \u00a7 9 Abs. 3 und 4 des Stra\u00dfen- und Wegegesetz Mecklenburg-Vorpommern<\/a><\/td>\n<\/tr>\n<tr class=\"row-38\">\n\t<td class=\"column-1\">15.12.2017<\/td><td class=\"column-2\"><a target=\"_blank\" href=\"ortsrecht\/bm_korswandt\/bekanntmachung-20171215-1-korswandt.pdf\" rel=\"noopener noreferrer\">Bekanntmachung der Feststellung der Jahresrechnung 2014 und der Entlastung des B\u00fcrgermeisters<\/a><\/td>\n<\/tr>\n<tr class=\"row-39\">\n\t<td class=\"column-1\">15.12.2017<\/td><td class=\"column-2\"><a target=\"_blank\" href=\"ortsrecht\/bm_korswandt\/bekanntmachung-20171215-2-korswandt.pdf\" rel=\"noopener noreferrer\">Bekanntmachung der Feststellung der Jahresrechnung 2015 und der Entlastung des B\u00fcrgermeisters<\/a><\/td>\n<\/tr>\n<tr class=\"row-40\">\n\t<td class=\"column-1\">07.02.2018<\/td><td class=\"column-2\"><a target=\"_blank\" href=\"ortsrecht\/bm_korswandt\/bekanntmachung-20180207-korswandt.pdf\" rel=\"noopener noreferrer\">Bekanntmachung des Amtes Usedom S\u00fcd \u00fcber den Satzungsbeschluss f\u00fcr den Bebauungsplan Nr. 6 \u201eWohngebiet auf dem Gel\u00e4nde des ehemaligen Betriebsferienlagers der VEB Gummiwerke Th\u00fcringen\" der Gemeinde Korswandt<\/a><\/td>\n<\/tr>\n<tr class=\"row-41\">\n\t<td class=\"column-1\">14.03.2018<\/td><td class=\"column-2\"><a target=\"_blank\" href=\"ortsrecht\/bm_korswandt\/bekanntmachung-20180314-korswandt.pdf\" rel=\"noopener noreferrer\">Bekanntmachung der Haushaltssatzung der Gemeinde Korswandt f\u00fcr das Haushaltsjahr 2018<\/a><\/td>\n<\/tr>\n<tr class=\"row-42\">\n\t<td class=\"column-1\">11.06.2018<\/td><td class=\"column-2\"><a target=\"_blank\" href=\"ortsrecht\/bm_korswandt\/bekanntmachung-20180611-1-korswandt.pdf\" rel=\"noopener noreferrer\">Bekanntmachung des Amtes Usedom S\u00fcd zum Beschluss Nr. GVKw-0104\/18 vom 07.06.2018 \u00fcber die Aufstellung des Bebauungsplanes Nr. 7 \u201eWohnbebauung am Gothenweg\u201c, nordwestlich des Plangebietes B-Plan Nr. 5 \u201eBeherbergung am Gothenweg in Korswandt\u201c der Gemeinde Korswandt bis hinter das Grundst\u00fcck Gothenweg 9<\/a><\/td>\n<\/tr>\n<tr class=\"row-43\">\n\t<td class=\"column-1\">11.06.2018<\/td><td class=\"column-2\"><a target=\"_blank\" href=\"ortsrecht\/bm_korswandt\/bekanntmachung-20180611-2-korswandt.pdf\" rel=\"noopener noreferrer\">Bekanntmachung des Amtes Usedom S\u00fcd zum Beschluss Nr. GVKw-0105\/18 vom 07.06.2018 \u00fcber den Erlass einer Satzung \u00fcber eine Ver\u00e4nderungssperre i. V. m. der Aufstellung des Bebauungsplanes Nr. 7 \u201eWohnbebauung am Gothenweg\u201c, nordwestlich des Plangebietes B-Plan Nr. 5 \u201eBeherbergung am Gothenweg in Korswandt\u201c der Gemeinde Korswandt bis hinter das Grundst\u00fcck Gothenweg 9<\/a><\/td>\n<\/tr>\n<tr class=\"row-44\">\n\t<td class=\"column-1\">19.06.2018<\/td><td class=\"column-2\"><a target=\"_blank\" href=\"ortsrecht\/bm_korswandt\/bekanntmachung-20180619-korswandt.pdf\" rel=\"noopener noreferrer\">Orts\u00fcbliche Bekanntmachung der Offenlegung der Niederschrift \u00fcber den Grenztermin<\/a><\/td>\n<\/tr>\n<tr class=\"row-45\">\n\t<td class=\"column-1\">21.06.2018<\/td><td class=\"column-2\"><a target=\"_blank\" href=\"ortsrecht\/bm_korswandt\/bekanntmachung-20180621-korswandt.pdf\" rel=\"noopener noreferrer\">Bekanntmachung: \u00d6ffentliche Auslegung gem\u00e4\u00df \u00a7 9 Abs. 3 und 4 des Stra\u00dfen- und Wegegesetz Mecklenburg-Vorpommern<\/a><\/td>\n<\/tr>\n<tr class=\"row-46\">\n\t<td class=\"column-1\">21.06.2018<\/td><td class=\"column-2\"><a target=\"_blank\" href=\"ortsrecht\/bm_korswandt\/bekanntmachung-20180621-2-korswandt.pdf\" rel=\"noopener noreferrer\">Bekanntmachung: Terminbestimmung Zwangsvollstreckung<\/a><\/td>\n<\/tr>\n<tr class=\"row-47\">\n\t<td class=\"column-1\">26.06.2018<\/td><td class=\"column-2\"><a target=\"_blank\" href=\"ortsrecht\/bm_korswandt\/bekanntmachung-20180626-korswandt.pdf\" rel=\"noopener noreferrer\">\u00d6ffentliche Bekanntmachung Wiederherstellung eines Grundbuchs<\/a><\/td>\n<\/tr>\n<tr class=\"row-48\">\n\t<td class=\"column-1\">09.01.2019<\/td><td class=\"column-2\"><a target=\"_blank\" href=\"ortsrecht\/bm_korswandt\/bekanntmachung-20190109-korswandt.pdf\" rel=\"noopener noreferrer\">\u00d6ffentliche Bekanntmachung: Terminbestimmung Zwangsvollsteckung<\/a><\/td>\n<\/tr>\n<tr class=\"row-49\">\n\t<td class=\"column-1\">05.03.2019<\/td><td class=\"column-2\"><a target=\"_blank\" href=\"ortsrecht\/bm_korswandt\/bekanntmachung-20190305-korswandt.pdf\" rel=\"noopener noreferrer\">Bekanntmachung der Feststellung der Jahresrechnung 2016 und der Entlastung des B\u00fcrgermeisters<\/a><\/td>\n<\/tr>\n<tr class=\"row-50\">\n\t<td class=\"column-1\">17.04.2019<\/td><td class=\"column-2\"><a target=\"_blank\" href=\"ortsrecht\/bm_korswandt\/bekanntmachung-20190417-korswandt.pdf\" rel=\"noopener noreferrer\">Bekanntmachung der Haushaltssatzung der Gemeinde Korswandt f\u00fcr das Haushaltsjahr 2019<\/a><\/td>\n<\/tr>\n<tr class=\"row-51\">\n\t<td class=\"column-1\">30.08.2019<\/td><td class=\"column-2\"><a target=\"_blank\" href=\"ortsrecht\/bm_korswandt\/bekanntmachung-20190830-korswandt.pdf\" rel=\"noopener noreferrer\">Bekanntmachung: Information \u00fcber vergebenen Auftrag gem\u00e4\u00df \u00a7 20 (3) VOB\/A<\/a><\/td>\n<\/tr>\n<tr class=\"row-52\">\n\t<td class=\"column-1\">12.09.2019<\/td><td class=\"column-2\"><a target=\"_blank\" href=\"ortsrecht\/bm_korswandt\/bekanntmachung-20190912-korswandt.pdf\" rel=\"noopener noreferrer\">Bekanntmachung des Berichtes \u00fcber die \u00fcber\u00f6rtliche Pr\u00fcfung der Haushaltsjahre 2012 \u2013 2015 der Gemeinde Korswandt<\/a><\/td>\n<\/tr>\n<tr class=\"row-53\">\n\t<td class=\"column-1\">06.03.2020<\/td><td class=\"column-2\"><a target=\"_blank\" href=\"ortsrecht\/bm_korswandt\/bekanntmachung-20200306-korswandt.pdf\" rel=\"noopener noreferrer\">Bekanntmachung der Haushaltssatzung der Gemeinde Korswandt f\u00fcr das Haushaltsjahr 2020<\/a><\/td>\n<\/tr>\n<tr class=\"row-54\">\n\t<td class=\"column-1\">14.05.2020<\/td><td class=\"column-2\"><a target=\"_blank\" href=\"ortsrecht\/bm_korswandt\/bekanntmachung-20200514-1-korswandt.pdf\" rel=\"noopener noreferrer\">\u00d6ffentliche Bekanntmachung (Schlussfeststellung) im Flurneuordnungsverfahren Korswandt<\/a><\/td>\n<\/tr>\n<tr class=\"row-55\">\n\t<td class=\"column-1\">14.05.2020<\/td><td class=\"column-2\"><a target=\"_blank\" href=\"ortsrecht\/bm_korswandt\/bekanntmachung-20200514-3-korswandt.pdf\" rel=\"noopener noreferrer\">\u00d6ffentliche Bekanntmachung (Schlussfeststellung) im Flurneuordnungsverfahren Benz<\/a><\/td>\n<\/tr>\n<tr class=\"row-56\">\n\t<td class=\"column-1\">05.10.2020<\/td><td class=\"column-2\"><a target=\"_blank\" href=\"ortsrecht\/bm_korswandt\/bekanntmachung-20201005-2-korswandt.pdf\" rel=\"noopener noreferrer\">Bekanntmachung der Gemeinde Korswandt zum Beschluss Nr. GVKw-0193\/20 vom 10.09.2020 \u00fcber die Aufstellung der 2. \u00c4nderung des Bebauungsplanes Nr. 4 \u201eHotel Pirol\u201c der Gemeinde Korswandt<\/a><\/td>\n<\/tr>\n<tr class=\"row-57\">\n\t<td class=\"column-1\">05.10.2020<\/td><td class=\"column-2\"><a target=\"_blank\" href=\"ortsrecht\/bm_korswandt\/bekanntmachung-20201005-3-korswandt.pdf\" rel=\"noopener noreferrer\">Bekanntmachung der Gemeinde Korswandt zum Beschluss Nr. GVKw-0183\/20 vom 10.09.2020 \u00fcber die Aufstellung der 2. \u00c4nderung des Bebauungsplanes Nr. 3 \"Golfplatz Korswandt\" der Gemeinde Korswandt<\/a><\/td>\n<\/tr>\n<tr class=\"row-58\">\n\t<td class=\"column-1\">21.10.2020<\/td><td class=\"column-2\"><a target=\"_blank\" href=\"ortsrecht\/bm_korswandt\/bekanntmachung-20201021-2-korswandt.pdf\" rel=\"noopener noreferrer\">Bekanntmachung der Gemeinde Korswandt zum Beschluss Nr. GVKw-0184\/20 vom 10.09.2020 \u00fcber den Entwurf und die \u00f6ffentliche Auslegung der 2. \u00c4nderung des Bebauungsplanes Nr. 3 \u201eGolfplatz Korswandt\u201c der Gemeinde Korswandt in der Fassung von 04-2020<\/a><\/td>\n<\/tr>\n<tr class=\"row-59\">\n\t<td class=\"column-1\">21.10.2020<\/td><td class=\"column-2\"><a target=\"_blank\" href=\"ortsrecht\/bm_korswandt\/bekanntmachung-20201021-1-korswandt.pdf\" rel=\"noopener noreferrer\">Bekanntmachung der Gemeinde Korswandt zum Beschluss Nr. GVKw-0187\/20 vom 10.09.2020 \u00fcber den Entwurf und die \u00f6ffentliche Auslegung der 2. \u00c4nderung des Bebauungsplanes Nr. 4 \u201eHotel Pirol\u201c der Gemeinde Korswandt in der Fassung von 04-2020<\/a><\/td>\n<\/tr>\n<\/tbody>\n<\/table>\n<!-- #tablepress-30 from cache -->\n<p><a href=\"?page_id=551\" title=\"\u00d6ffentliche Bekanntmachungen - Gemeinde Korswandt\">Zu den aktuellen Bekanntmachungen&#8230;<\/a><\/p>","protected":false},"excerpt":{"rendered":"<p>Zu den aktuellen Bekanntmachungen&#8230;<\/p>\n","protected":false},"author":2,"featured_media":0,"parent":0,"menu_order":0,"comment_status":"closed","ping_status":"closed","template":"","meta":{"footnotes":""},"class_list":["post-2620","page","type-page","status-publish","hentry"],"_links":{"self":[{"href":"https:\/\/www.amtusedom.de\/index.php?rest_route=\/wp\/v2\/pages\/2620","targetHints":{"allow":["GET"]}}],"collection":[{"href":"https:\/\/www.amtusedom.de\/index.php?rest_route=\/wp\/v2\/pages"}],"about":[{"href":"https:\/\/www.amtusedom.de\/index.php?rest_route=\/wp\/v2\/types\/page"}],"author":[{"embeddable":true,"href":"https:\/\/www.amtusedom.de\/index.php?rest_route=\/wp\/v2\/users\/2"}],"replies":[{"embeddable":true,"href":"https:\/\/www.amtusedom.de\/index.php?rest_route=%2Fwp%2Fv2%2Fcomments&post=2620"}],"version-history":[{"count":3,"href":"https:\/\/www.amtusedom.de\/index.php?rest_route=\/wp\/v2\/pages\/2620\/revisions"}],"predecessor-version":[{"id":5857,"href":"https:\/\/www.amtusedom.de\/index.php?rest_route=\/wp\/v2\/pages\/2620\/revisions\/5857"}],"wp:attachment":[{"href":"https:\/\/www.amtusedom.de\/index.php?rest_route=%2Fwp%2Fv2%2Fmedia&parent=2620"}],"curies":[{"name":"wp","href":"https:\/\/api.w.org\/{rel}","templated":true}]}}