{"id":2645,"date":"2015-04-21T14:40:52","date_gmt":"2015-04-21T12:40:52","guid":{"rendered":"http:\/\/www.amtusedom.de\/?page_id=2645"},"modified":"2020-08-28T11:03:29","modified_gmt":"2020-08-28T09:03:29","slug":"oeffentliche-bekanntmachungen-gemeinde-pudagla-archiv","status":"publish","type":"page","link":"https:\/\/www.amtusedom.de\/?page_id=2645","title":{"rendered":"\u00d6ffentliche Bekanntmachungen &#8211; Gemeinde Pudagla &#8211; Archiv"},"content":{"rendered":"\n<table id=\"tablepress-34\" class=\"tablepress tablepress-id-34\">\n<tbody class=\"row-striping\">\n<tr class=\"row-1\">\n\t<td class=\"column-1\">15.12.2010<\/td><td class=\"column-2\"><a target=\"_blank\" href=\"ortsrecht\/bm_pudagla\/bekanntmachung-20101215-pudagla.pdf\" rel=\"noopener noreferrer\">Bekanntmachung Jahresrechnung der Gemeinde Pudagla f\u00fcr das Haushaltsjahr 2009<\/a><\/td>\n<\/tr>\n<tr class=\"row-2\">\n\t<td class=\"column-1\">15.02.2011<\/td><td class=\"column-2\"><a target=\"_blank\" href=\"ortsrecht\/bm_pudagla\/HHPL%202011%20Pudagla%20Bekanntmachung%2015.02.2011.pdf\" rel=\"noopener noreferrer\">Bekanntmachung Haushaltssatzung der \tGemeinde Pudagla f\u00fcr das Haushaltsjahr 2011<\/a><\/td>\n<\/tr>\n<tr class=\"row-3\">\n\t<td class=\"column-1\">05.05.2011<\/td><td class=\"column-2\"><a target=\"_blank\" href=\"ortsrecht\/bm_pudagla\/bekanntmachung-20110505-pudagla.pdf\" rel=\"noopener noreferrer\">Bekanntmachung des Amtes Usedom S\u00fcd zum Beschluss Nr. 0005\/11 vom 02.05.2011 \u00fcber den Entwurf und die Auslegung des Bebauungsplanes Nr. 3 f\u00fcr das \t\u201eWohngebiet \u00f6stlich der Wiesenstra\u00dfe an den Angelteichen\"<\/a><\/td>\n<\/tr>\n<tr class=\"row-4\">\n\t<td class=\"column-1\">03.02.2012<\/td><td class=\"column-2\"><a href=\"ortsrecht\/bm_pudagla\/Bekanntmachung%20B-Plan%20Nr.%203%20Pudagla.pdf\" target=\"_blank\" rel=\"noopener noreferrer\">Bekanntmachung des Amtes Usedom S\u00fcd \u00fcber die Satzung f\u00fcr den Bebauungsplan Nr. 3 f\u00fcr das \u201eWohngebiet \u00f6stlich der Wiesenstra\u00dfe an den Angelteichen\"<\/a><\/td>\n<\/tr>\n<tr class=\"row-5\">\n\t<td class=\"column-1\">02.07.2012<\/td><td class=\"column-2\"><a target=\"_blank\" href=\"ortsrecht\/bm_pudagla\/bekanntmachung-20120702-pudagla.pdf\" rel=\"noopener noreferrer\">Bekanntmachung Haushaltssatzung der Gemeinde Pudagla f\u00fcr das Haushaltsjahr 2012<\/a><\/td>\n<\/tr>\n<tr class=\"row-6\">\n\t<td class=\"column-1\">22.05.2013<\/td><td class=\"column-2\"><a target=\"_blank\" href=\"ortsrecht\/bm_pudagla\/bekanntmachung-20130522-pudagla.pdf\" rel=\"noopener noreferrer\">Bekanntmachung Haushaltssatzung der Gemeinde Pudagla f\u00fcr das Haushaltsjahr 2013<\/a><\/td>\n<\/tr>\n<tr class=\"row-7\">\n\t<td class=\"column-1\">02.07.2013<\/td><td class=\"column-2\"><a target=\"_blank\" href=\"ortsrecht\/bm_pudagla\/bekanntmachung-20130702-pudagla.pdf\" rel=\"noopener noreferrer\">Bekanntmachung Jahresrechnung der Gemeinde Pudagla f\u00fcr das Haushaltsjahr 2010<\/a><\/td>\n<\/tr>\n<tr class=\"row-8\">\n\t<td class=\"column-1\">17.02.2014<\/td><td class=\"column-2\"><a target=\"_blank\" href=\"ortsrecht\/bm_pudagla\/bekanntmachung-20140217-pudagla.pdf\" rel=\"noopener noreferrer\">Bekanntmachung Satzung \u00fcber die Festsetzung der Hebes\u00e4tze f\u00fcr die Grundsteuer und Gewerbesteuer in der Gemeinde Pudagla (Hebesatzsatzung 2014)<\/a><\/td>\n<\/tr>\n<tr class=\"row-9\">\n\t<td class=\"column-1\">27.05.2014<\/td><td class=\"column-2\"><a target=\"_blank\" href=\"ortsrecht\/bm_benz\/bekanntmachung-20140527-benz.pdf\" rel=\"noopener noreferrer\">1. Ausfertigung der vorzeitigen Ausf\u00fchrungsanordnung f\u00fcr das Bodenordnungsverfahren Neppermin<\/a><\/td>\n<\/tr>\n<tr class=\"row-10\">\n\t<td class=\"column-1\">30.06.2014<\/td><td class=\"column-2\"><a target=\"_blank\" href=\"ortsrecht\/bm_pudagla\/bekanntmachung-20140630-pudagla.pdf\" rel=\"noopener noreferrer\">Bekanntmachung: Anordnungsbeschluss \u00fcber die Einleitung eines freiwilligen Landtauschverfahrens<\/a><\/td>\n<\/tr>\n<tr class=\"row-11\">\n\t<td class=\"column-1\">15.07.2014<\/td><td class=\"column-2\"><a target=\"_blank\" href=\"ortsrecht\/bm_pudagla\/bekanntmachung-20140715-pudagla.pdf\" rel=\"noopener noreferrer\">Bekanntmachung der Haushaltssatzung der Gemeinde Pudagla f\u00fcr das Haushaltsjahr 2014<\/a><\/td>\n<\/tr>\n<tr class=\"row-12\">\n\t<td class=\"column-1\">18.11.2014<\/td><td class=\"column-2\"><a target=\"_blank\" href=\"ortsrecht\/bm_pudagla\/bekanntmachung-20141118-1-pudagla.pdf\" rel=\"noopener noreferrer\">Bekanntmachung Jahresrechnung der Gemeinde Pudagla f\u00fcr das Haushaltsjahr 2011<\/a><\/td>\n<\/tr>\n<tr class=\"row-13\">\n\t<td class=\"column-1\">18.11.2014<\/td><td class=\"column-2\"><a target=\"_blank\" href=\"ortsrecht\/bm_pudagla\/bekanntmachung-20141118-2-pudagla.pdf\" rel=\"noopener noreferrer\">Bekanntmachung des Amtes Usedom-S\u00fcd \u00fcber die Er\u00f6ffnungsbilanz der Gemeinde Pudagia zum 01.01.2012<\/a><\/td>\n<\/tr>\n<tr class=\"row-14\">\n\t<td class=\"column-1\">09.12.2014<\/td><td class=\"column-2\"><a target=\"_blank\" href=\"ortsrecht\/bm_pudagla\/bekanntmachung-20141209-1-pudagla.pdf\" rel=\"noopener noreferrer\">Bekanntmachung des Amtes Usedom S\u00fcd, \u00fcber die Aufhebung der Beschl\u00fcsse Nr. 10-34\/93 vom 13.12.1993 und Nr. 2-2\/99 vom 22.02.1999 \u00fcber die Aufstellung des Bebauungsplanes Nr. 1 f\u00fcr das Gewerbegebiet \u201eSandfeld\" der Gemeinde Pudagla<\/a><\/td>\n<\/tr>\n<tr class=\"row-15\">\n\t<td class=\"column-1\">09.12.2014<\/td><td class=\"column-2\"><a target=\"_blank\" href=\"ortsrecht\/bm_pudagla\/bekanntmachung-20141209-2-pudagla.pdf\" rel=\"noopener noreferrer\">Bekanntmachung des Amtes Usedom S\u00fcd \u00fcber den Beschluss Nr. 0023\/14 vom 06.11.2014 zur Aufstellung des Bebauungsplanes Nr. 1 \"An der Steinwiese\" der Gemeinde Pudagla<\/a><\/td>\n<\/tr>\n<tr class=\"row-16\">\n\t<td class=\"column-1\">05.03.2015<\/td><td class=\"column-2\"><a target=\"_blank\" href=\"ortsrecht\/bm_pudagla\/bekanntmachung-20150305-pudagla.pdf\" rel=\"noopener noreferrer\">Bekanntmachung der Gemeinde Pudagla \u00fcber den Beschluss Nr. 0002\/10 vom 01.02.2010 zur Aufstellung der 1. Erg\u00e4nzung der Klarstellungssatzung mit Abrundungen und Erweiterungen f\u00fcr den im Zusammenhang bebauten Ortsteil Pudagla um einen Bereich n\u00f6rdlich der Ortslage und \u00f6stlich der Stra\u00dfe \u201eZur Reitbahn\" (Teilfl\u00e4che aus Flurst\u00fcck 35 der Flur 7 in der Gemarkung Pudagla)<\/a><\/td>\n<\/tr>\n<tr class=\"row-17\">\n\t<td class=\"column-1\">12.05.2015<\/td><td class=\"column-2\"><a target=\"_blank\" href=\"ortsrecht\/bm_pudagla\/bekanntmachung-20150512-pudagla.pdf\" rel=\"noopener noreferrer\">Bekanntmachung des Amtes Usedom S\u00fcd \u00fcber den Beschluss Nr. GVPu 0037\/15 vom 11.05.2015 zur Aufstellung der 1. Erg\u00e4nzung des Bebauungsplanes Nr. 2 f\u00fcr das \u201eWohngebiet zum Achterwasser\" in Verl\u00e4ngerung der Lindenstra\u00dfe und westlich des Neubaublocks f\u00fcr einen Bereich beidseitig des Weges \u201eZum Achterwasser\"<\/a><\/td>\n<\/tr>\n<tr class=\"row-18\">\n\t<td class=\"column-1\">10.07.2015<\/td><td class=\"column-2\"><a target=\"_blank\" href=\"ortsrecht\/bm_pudagla\/bekanntmachung-20150710-pudagla.pdf\" rel=\"noopener noreferrer\">Bekanntmachung der Haushaltssatzung der Gemeinde Pudagia f\u00fcr das Haushaltsjahr 2015<\/a><\/td>\n<\/tr>\n<tr class=\"row-19\">\n\t<td class=\"column-1\">15.07.2015<\/td><td class=\"column-2\"><a target=\"_blank\" href=\"ortsrecht\/bm_pudagla\/bekanntmachung-20150715-pudagla.pdf\" rel=\"noopener noreferrer\">\u00d6ffentliche Auslegung gem\u00e4\u00df \u00a7 9 Abs. 3 und 4 des Stra\u00dfen- und Wegegesetz Mecklenburg-Vorpommern<\/a><\/td>\n<\/tr>\n<tr class=\"row-20\">\n\t<td class=\"column-1\">10.11.2015<\/td><td class=\"column-2\"><a target=\"_blank\" href=\"ortsrecht\/bm_pudagla\/bekanntmachung-20151110-1-pudagla.pdf\" rel=\"noopener noreferrer\">Bekanntmachung des Amtes Usedom S\u00fcd zum Beschluss Nr. GVPu 0048\/15 vom 09.11.2015 \u00fcber den Entwurf und die Auslegung der 1. Erg\u00e4nzung der Klarstellungssatzung mit Abrundungen und Erweiterungen f\u00fcr den im Zusammenhang bebauten Ortsteil Pudagla der Gemeinde Pudagla um einen Bereich n\u00f6rdlich der Ortslage und \u00f6stlich der Stra\u00dfe \"Zur Reitbahn\" von 07-2015<\/a><\/td>\n<\/tr>\n<tr class=\"row-21\">\n\t<td class=\"column-1\">10.11.2015<\/td><td class=\"column-2\"><a target=\"_blank\" href=\"ortsrecht\/bm_pudagla\/bekanntmachung-20151110-2-pudagla.pdf\" rel=\"noopener noreferrer\">Bekanntmachung des Amtes Usedom S\u00fcd zum Beschluss Nr. GVPu 0049\/15 vom 09.11.2015 \u00fcber den Entwurf und die Auslegung der 1. Erg\u00e4nzung des Bebauungsplanes Nr. 2 f\u00fcr das \u201eWohngebiet zum Achterwasser\" in Verl\u00e4ngerung der Lindenstra\u00dfe und westlich des Neubaublocks f\u00fcr einen Bereich beidseitig des Weges \u201eZum Achterwasser\" in der Fassung von 10-2015<\/a><\/td>\n<\/tr>\n<tr class=\"row-22\">\n\t<td class=\"column-1\">01.12.2015<\/td><td class=\"column-2\"><a target=\"_blank\" href=\"ortsrecht\/bm_pudagla\/bekanntmachung-20151201-pudagla.pdf\" rel=\"noopener noreferrer\">Bekanntmachung der Satzung \u00fcber die Festsetzung der Hebes\u00e4tze f\u00fcr die Grundsteuer und Gewerbesteuer in der Gemeinde Pudagla<\/a><\/td>\n<\/tr>\n<tr class=\"row-23\">\n\t<td class=\"column-1\">01.03.2016<\/td><td class=\"column-2\"><a target=\"_blank\" href=\"ortsrecht\/bm_pudagla\/bekanntmachung-20160301-pudagla.pdf\" rel=\"noopener noreferrer\">Bekanntmachung der Feststellung der Jahresrechnung 2012 und der Entlastung des B\u00fcrgermeisters<\/a><\/td>\n<\/tr>\n<tr class=\"row-24\">\n\t<td class=\"column-1\">21.04.2016<\/td><td class=\"column-2\"><a target=\"_blank\" href=\"ortsrecht\/bm_pudagla\/bekanntmachung-20160421-pudagla.pdf\" rel=\"noopener noreferrer\">Bekanntmachung der Haushaltssatzung der Gemeinde Pudagla f\u00fcr das Haushaltsjahr 2016<\/a><\/td>\n<\/tr>\n<tr class=\"row-25\">\n\t<td class=\"column-1\">31.05.2016<\/td><td class=\"column-2\"><a target=\"_blank\" href=\"ortsrecht\/bm_pudagla\/bekanntmachung-20160531-pudagla.pdf\" rel=\"noopener noreferrer\">Bekanntmachung des Amtes Usedom S\u00fcd \u00fcber die Satzung zur 1. Erg\u00e4nzung des Bebauungsplanes Nr. 2 f\u00fcr das \"Wohngebiet zum Achterwasser\" in Verl\u00e4ngerung der Lindenstra\u00dfe und westlich des Neubaublocks f\u00fcr einen Bereich beidseitig des Weges \"Zum Achterwasser\"<\/a><\/td>\n<\/tr>\n<tr class=\"row-26\">\n\t<td class=\"column-1\">15.06.2016<\/td><td class=\"column-2\"><a target=\"_blank\" href=\"ortsrecht\/bm_pudagla\/bekanntmachung-20160615-pudagla.pdf\" rel=\"noopener noreferrer\">Bekanntmachung des Amtes Usedom S\u00fcd \u00fcber die Satzung zur 1. Erg\u00e4nzung der Klarstellungssatzung mit Abrundungen und Erweiterungen f\u00fcr den im Zusammenhang bebauten Ortsteil Pudagia der Gemeinde Pudagia um einen Bereich n\u00f6rdlich der Ortslaae und \u00f6stlich der Stra\u00dfe \u201eZur Reitbahn\"<\/a><\/td>\n<\/tr>\n<tr class=\"row-27\">\n\t<td class=\"column-1\">27.07.2016<\/td><td class=\"column-2\"><a target=\"_blank\" href=\"ortsrecht\/bm_pudagla\/bekanntmachung-20160727-pudagla.pdf\" rel=\"noopener noreferrer\">Erg\u00e4nzung zur Bekanntmachung der Haushaltssatzung der Gemeinde Pudagla f\u00fcr das Haushaltsjahr 2016<\/a><\/td>\n<\/tr>\n<tr class=\"row-28\">\n\t<td class=\"column-1\">12.12.2016<\/td><td class=\"column-2\"><a target=\"_blank\" href=\"ortsrecht\/or_pudagla\/pudagla-hebesatzung.pdf\" rel=\"noopener noreferrer\">Satzung \u00fcber die Festsetzung der Hebes\u00e4tze f\u00fcr die Grundsteuer und Gewerbesteuer in der Gemeinde Pudagla (Hebesatzsatzung 2017)<\/a><\/td>\n<\/tr>\n<tr class=\"row-29\">\n\t<td class=\"column-1\">26.01.2017<\/td><td class=\"column-2\"><a target=\"_blank\" href=\"ortsrecht\/bm_pudagla\/bekanntmachung-20170126-pudagla.pdf\" rel=\"noopener noreferrer\">Bekanntmachung der Feststellung der Jahresrechnung 2013 und der Entlastung des B\u00fcrgermeisters<\/a><\/td>\n<\/tr>\n<tr class=\"row-30\">\n\t<td class=\"column-1\">26.01.2017<\/td><td class=\"column-2\"><a target=\"_blank\" href=\"ortsrecht\/bm_pudagla\/bekanntmachung-20170126-2-pudagla.pdf\" rel=\"noopener noreferrer\">Bekanntmachung der Haushaltssatzung der Gemeinde Pudagla f\u00fcr das Haushaltsjahr 2017<\/a><\/td>\n<\/tr>\n<tr class=\"row-31\">\n\t<td class=\"column-1\">03.07.2017<\/td><td class=\"column-2\"><a target=\"_blank\" href=\"ortsrecht\/bm_pudagla\/bekanntmachung-20170703-pudagla.pdf\" rel=\"noopener noreferrer\">Bekanntmachung des Amtes Usedom S\u00fcd \u00fcber den Beschluss Nr. GVPu-0085\/17 vom 20.06.2017 zur Aufstellung des Fl\u00e4chennutzungsplanes der Gemeinde Pudagla<\/a><\/td>\n<\/tr>\n<tr class=\"row-32\">\n\t<td class=\"column-1\">06.07.2017<\/td><td class=\"column-2\"><a target=\"_blank\" href=\"ortsrecht\/bm_pudagla\/bekanntmachung-20170706-pudagla.pdf\" rel=\"noopener noreferrer\">Information Gem\u00e4\u00df \u00a7 19 Abs. 2 VOL\/A<\/a><\/td>\n<\/tr>\n<tr class=\"row-33\">\n\t<td class=\"column-1\">23.04.2018<\/td><td class=\"column-2\"><a target=\"_blank\" href=\"ortsrecht\/bm_pudagla\/bekanntmachung-20180423-1-pudagla.pdf\" rel=\"noopener noreferrer\">Bekanntmachung der Feststellung der Jahresrechnung 2014 und der Entlastung des B\u00fcrgermeisters<\/a><\/td>\n<\/tr>\n<tr class=\"row-34\">\n\t<td class=\"column-1\">23.04.2018<\/td><td class=\"column-2\"><a target=\"_blank\" href=\"ortsrecht\/bm_pudagla\/bekanntmachung-20180423-2-pudagla.pdf\" rel=\"noopener noreferrer\">Bekanntmachung der Feststellung der Jahresrechnung 2015 und der Entlastung des B\u00fcrgermeisters<\/a><\/td>\n<\/tr>\n<tr class=\"row-35\">\n\t<td class=\"column-1\">28.06.2018<\/td><td class=\"column-2\"><a target=\"_blank\" href=\"ortsrecht\/bm_pudagla\/bekanntmachung-20180628-pudagla.pdf\" rel=\"noopener noreferrer\">Bekanntmachung der Haushaltssatzung der Gemeinde Pudagla f\u00fcr das Haushaltsjahr 2018<\/a><\/td>\n<\/tr>\n<tr class=\"row-36\">\n\t<td class=\"column-1\">02.11.2018<\/td><td class=\"column-2\"><a target=\"_blank\" href=\"ortsrecht\/bm_pudagla\/bekanntmachung-20181102-pudagla.pdf\" rel=\"noopener noreferrer\">\u00d6ffentliche Bekanntmachung: Schlussfeststellung gem\u00e4\u00df \u00a7 149 Flurbereinigungsgesetz (FlurbG)<\/a><\/td>\n<\/tr>\n<tr class=\"row-37\">\n\t<td class=\"column-1\">13.02.2019<\/td><td class=\"column-2\"><a target=\"_blank\" href=\"ortsrecht\/bm_pudagla\/bekanntmachung-20190213-pudagla.pdf\" rel=\"noopener noreferrer\">Bekanntmachung der Haushaltssatzung der Gemeinde Pudagla f\u00fcr das Haushaltsjahr 2019<\/a><\/td>\n<\/tr>\n<tr class=\"row-38\">\n\t<td class=\"column-1\">05.03.2019<\/td><td class=\"column-2\"><a target=\"_blank\" href=\"ortsrecht\/bm_pudagla\/bekanntmachung-20190305-pudagla.pdf\" rel=\"noopener noreferrer\">Bekanntmachung der Feststellung der Jahresrechnung 2016 und der Entlastung des B\u00fcrgermeisters<\/a><\/td>\n<\/tr>\n<tr class=\"row-39\">\n\t<td class=\"column-1\">26.03.2019<\/td><td class=\"column-2\"><a target=\"_blank\" href=\"ortsrecht\/bm_pudagla\/bekanntmachung-20190326-pudagla.pdf\" rel=\"noopener noreferrer\">Bekanntmachung der Gemeinde Pudagla \u00fcber den Beschluss Nr. GVPu-0133\/19 vom 18.03.2019 \u00fcber den Vorentwurf und die Auslegung des des Fl\u00e4chennutzungsplanes der Gemeinde Pudagla in der Fassung von 01-2019<\/a><\/td>\n<\/tr>\n<tr class=\"row-40\">\n\t<td class=\"column-1\">12.09.2019<\/td><td class=\"column-2\"><a target=\"_blank\" href=\"ortsrecht\/bm_pudagla\/bekanntmachung-20190912-pudagla.pdf\" rel=\"noopener noreferrer\">Bekanntmachung des Berichtes \u00fcber die \u00fcber\u00f6rtliche Pr\u00fcfung der Haushaltsjahre 2012 \u2013 2015 der Gemeinde Pudagla<\/a><\/td>\n<\/tr>\n<tr class=\"row-41\">\n\t<td class=\"column-1\">04.03.2020<\/td><td class=\"column-2\"><a target=\"_blank\" href=\"ortsrecht\/bm_pudagla\/bekanntmachung-20200304-pudagla.pdf\" rel=\"noopener noreferrer\">Bekanntmachung der Haushaltssatzung der Gemeinde Pudagla f\u00fcr das Haushaltsjahr 2020<\/a><\/td>\n<\/tr>\n<tr class=\"row-42\">\n\t<td class=\"column-1\">14.05.2020<\/td><td class=\"column-2\"><a target=\"_blank\" href=\"ortsrecht\/bm_pudagla\/bekanntmachung-20200514-2-pudagla.pdf\" rel=\"noopener noreferrer\">\u00d6ffentliche Bekanntmachung (Schlussfeststellung) im Flurneuordnungsverfahren Benz<\/a><\/td>\n<\/tr>\n<tr class=\"row-43\">\n\t<td class=\"column-1\">17.06.2020<\/td><td class=\"column-2\"><a target=\"_blank\" href=\"ortsrecht\/bm_pudagla\/bekanntmachung-20200617-pudagla.pdf\" rel=\"noopener noreferrer\">Bekanntmachung einer Offenlegung der Niederschrift \u00fcber den Grenztermin<\/a><\/td>\n<\/tr>\n<tr class=\"row-44\">\n\t<td class=\"column-1\">10.09.2020<\/td><td class=\"column-2\"><a target=\"_blank\" href=\"ortsrecht\/bm_ueckeritz\/bekanntmachung-20200910-ueckeritz.pdf\" rel=\"noopener noreferrer\">Orts\u00fcbliche Bekanntmachung der Offenlegung der Niederschrift \u00fcber den Grenztermin<\/a><\/td>\n<\/tr>\n<\/tbody>\n<\/table>\n<!-- #tablepress-34 from cache -->\n<p><a href=\"?page_id=674\" title=\"\u00d6ffentliche Bekanntmachungen -Gemeinde Pudagla\">Zu den aktuellen Bekanntmachungen&#8230;<\/a><\/p>","protected":false},"excerpt":{"rendered":"<p>Zu den aktuellen Bekanntmachungen&#8230;<\/p>\n","protected":false},"author":2,"featured_media":0,"parent":0,"menu_order":0,"comment_status":"closed","ping_status":"closed","template":"","meta":{"footnotes":""},"class_list":["post-2645","page","type-page","status-publish","hentry"],"_links":{"self":[{"href":"https:\/\/www.amtusedom.de\/index.php?rest_route=\/wp\/v2\/pages\/2645","targetHints":{"allow":["GET"]}}],"collection":[{"href":"https:\/\/www.amtusedom.de\/index.php?rest_route=\/wp\/v2\/pages"}],"about":[{"href":"https:\/\/www.amtusedom.de\/index.php?rest_route=\/wp\/v2\/types\/page"}],"author":[{"embeddable":true,"href":"https:\/\/www.amtusedom.de\/index.php?rest_route=\/wp\/v2\/users\/2"}],"replies":[{"embeddable":true,"href":"https:\/\/www.amtusedom.de\/index.php?rest_route=%2Fwp%2Fv2%2Fcomments&post=2645"}],"version-history":[{"count":2,"href":"https:\/\/www.amtusedom.de\/index.php?rest_route=\/wp\/v2\/pages\/2645\/revisions"}],"predecessor-version":[{"id":5861,"href":"https:\/\/www.amtusedom.de\/index.php?rest_route=\/wp\/v2\/pages\/2645\/revisions\/5861"}],"wp:attachment":[{"href":"https:\/\/www.amtusedom.de\/index.php?rest_route=%2Fwp%2Fv2%2Fmedia&parent=2645"}],"curies":[{"name":"wp","href":"https:\/\/api.w.org\/{rel}","templated":true}]}}