{"id":3017,"date":"2015-12-15T14:16:24","date_gmt":"2015-12-15T12:16:24","guid":{"rendered":"http:\/\/www.amtusedom.de\/?page_id=3017"},"modified":"2023-07-13T14:41:59","modified_gmt":"2023-07-13T12:41:59","slug":"satzungen-schulzweckverband","status":"publish","type":"page","link":"https:\/\/www.amtusedom.de\/?page_id=3017","title":{"rendered":"Satzungen Schulzweckverband"},"content":{"rendered":"\n<table id=\"tablepress-58\" class=\"tablepress tablepress-id-58\">\n<thead>\n<tr class=\"row-1\">\n\t<td class=\"column-1\"><\/td>\n<\/tr>\n<\/thead>\n<tbody class=\"row-striping row-hover\">\n<tr class=\"row-2\">\n\t<td class=\"column-1\"> \t<a href=\"https:\/\/www.amtusedom.de\/ortsrecht\/schulzweckverband\/satzung-szv.pdf\" target=\"_blank\" rel=\"noopener noreferrer\">Verbandssatzung des Schulzweckverbandes \u201eSeebad \u00dcckeritz\u201c - 21.03.2006<\/a><\/td>\n<\/tr>\n<tr class=\"row-3\">\n\t<td class=\"column-1\"> \t<a href=\"https:\/\/www.amtusedom.de\/ortsrecht\/schulzweckverband\/satzung-szv-aend1.pdf\" target=\"_blank\" rel=\"noopener noreferrer\">1. Satzung zur \u00c4nderung der Verbandssatzung des Schulzweckverbandes \u201eSeebad \u00dcckeritz\u201c 02.04.2008<\/a><\/td>\n<\/tr>\n<tr class=\"row-4\">\n\t<td class=\"column-1\"> \t<a href=\"https:\/\/www.amtusedom.de\/ortsrecht\/schulzweckverband\/satzung-szv-aend2.pdf\" target=\"_blank\" rel=\"noopener noreferrer\">2. Satzung zur \u00c4nderung der Verbandssatzung des Schulzweckverbandes \u201eSeebad \u00dcckeritz\u201c 23.11.2012<\/a><\/td>\n<\/tr>\n<tr class=\"row-5\">\n\t<td class=\"column-1\"> \t<a href=\"https:\/\/www.amtusedom.de\/ortsrecht\/schulzweckverband\/satzung-szv-aend3.pdf\" target=\"_blank\" rel=\"noopener noreferrer\">3. Satzung zur \u00c4nderung der Verbandssatzung des Schulzweckverbandes \u201eSeebad \u00dcckeritz\u201c 11.12.2015<\/a><\/td>\n<\/tr>\n<tr class=\"row-6\">\n\t<td class=\"column-1\"> \t<a href=\"https:\/\/www.amtusedom.de\/ortsrecht\/schulzweckverband\/satzung-szv-aend4.pdf\" target=\"_blank\" rel=\"noopener noreferrer\">4. Satzung zur \u00c4nderung der Verbandssatzung des Schulzweckverbandes \u201eSeebad \u00dcckeritz\u201c 17.03.2017<\/a><\/td>\n<\/tr>\n<tr class=\"row-7\">\n\t<td class=\"column-1\"> \t<a href=\"https:\/\/www.amtusedom.de\/ortsrecht\/schulzweckverband\/satzung-szv-aend5.pdf\" target=\"_blank\" rel=\"noopener noreferrer\">5. Satzung zur \u00c4nderung der Verbandssatzung des Schulzweckverbandes \u201eSeebad \u00dcckeritz\u201c 04.09.2019<\/a><\/td>\n<\/tr>\n<tr class=\"row-8\">\n\t<td class=\"column-1\"> \t<a href=\"https:\/\/www.amtusedom.de\/ortsrecht\/schulzweckverband\/satzung-szv-201611151.pdf\" target=\"_blank\" rel=\"noopener noreferrer\">Bekanntmachung der Feststellung der Jahresrechnung 2012 und der Entlastung des Verbandsvorstehers<\/a><\/td>\n<\/tr>\n<tr class=\"row-9\">\n\t<td class=\"column-1\"> \t<a href=\"https:\/\/www.amtusedom.de\/ortsrecht\/schulzweckverband\/satzung-szv-201611152.pdf\" target=\"_blank\" rel=\"noopener noreferrer\">Bekanntmachung der Feststellung der Jahresrechnung 2013 und der Entlastung des Verbandsvorstehers<\/a><\/td>\n<\/tr>\n<tr class=\"row-10\">\n\t<td class=\"column-1\"> \t<a href=\"https:\/\/www.amtusedom.de\/ortsrecht\/schulzweckverband\/bekanntmachung-svz-20171206-1.pdf\" target=\"_blank\" rel=\"noopener noreferrer\">Bekanntmachung der Feststellung der Jahresrechnung 2014 und der Entlastung des Verbandsvorstehers<\/a><\/td>\n<\/tr>\n<tr class=\"row-11\">\n\t<td class=\"column-1\"> \t<a href=\"https:\/\/www.amtusedom.de\/ortsrecht\/schulzweckverband\/bekanntmachung-svz-20171206-2.pdf\" target=\"_blank\" rel=\"noopener noreferrer\">Bekanntmachung der Feststellung der Jahresrechnung 2015 und der Entlastung des Verbandsvorstehers<\/a><\/td>\n<\/tr>\n<tr class=\"row-12\">\n\t<td class=\"column-1\"> \t<a href=\"https:\/\/www.amtusedom.de\/ortsrecht\/schulzweckverband\/satzung-szv-haushalt2016.pdf\" target=\"_blank\" rel=\"noopener noreferrer\">Bekanntmachung der Haushaltssatzung des Schulzweckverbandes \u00dcckeritz f\u00fcr das Haushaltsjahr 2016<\/a><\/td>\n<\/tr>\n<tr class=\"row-13\">\n\t<td class=\"column-1\"> \t<a href=\"https:\/\/www.amtusedom.de\/ortsrecht\/schulzweckverband\/satzung-szv-haushalt2017.pdf\" target=\"_blank\" rel=\"noopener noreferrer\">Bekanntmachung der Haushaltssatzung des Schulzweckverbandes \u00dcckeritz f\u00fcr das Haushaltsjahr 2017<\/a><\/td>\n<\/tr>\n<tr class=\"row-14\">\n\t<td class=\"column-1\"> \t<a href=\"https:\/\/www.amtusedom.de\/ortsrecht\/schulzweckverband\/bekanntmachung-szv-20180404.pdf\" target=\"_blank\" rel=\"noopener noreferrer\">Bekanntmachung der Haushaltssatzung des Schulzweckverbandes \u00dcckeritz f\u00fcr das Haushaltsjahr 2018<\/a><\/td>\n<\/tr>\n<tr class=\"row-15\">\n\t<td class=\"column-1\"> \t<a href=\"https:\/\/www.amtusedom.de\/ortsrecht\/schulzweckverband\/bekanntmachung-svz-20190228.pdf\" target=\"_blank\" rel=\"noopener noreferrer\">Bekanntmachung der Haushaltssatzung des Schulzweckverbandes \u00dcckeritz f\u00fcr das Haushaltsjahr 2019<\/a><\/td>\n<\/tr>\n<tr class=\"row-16\">\n\t<td class=\"column-1\"> \t<a href=\"https:\/\/www.amtusedom.de\/ortsrecht\/schulzweckverband\/bekanntmachung-svz-20190313.pdf\" target=\"_blank\" rel=\"noopener noreferrer\">Bekanntmachung der Feststellung der Jahresrechnung 2016 und der Entlastung des Verbandsvorstehers<\/a><\/td>\n<\/tr>\n<tr class=\"row-17\">\n\t<td class=\"column-1\"> \t<a href=\"https:\/\/www.amtusedom.de\/ortsrecht\/bm_ueckeritz\/bekanntmachung-20200305-1-ueckeritz.pdf\" target=\"_blank\" rel=\"noopener noreferrer\">Bekanntmachung des Berichtes \u00fcber die \u00fcber\u00f6rtliche Pr\u00fcfung der Haushaltsjahre 2012-2015 des Schulzweckverbandes \u00dcckeritz<\/a><\/td>\n<\/tr>\n<tr class=\"row-18\">\n\t<td class=\"column-1\"> \t<a href=\"https:\/\/www.amtusedom.de\/ortsrecht\/bm_ueckeritz\/bekanntmachung-20200305-2-ueckeritz.pdf\" target=\"_blank\" rel=\"noopener noreferrer\">Bekanntmachung der Haushaltssatzung des Schulzweckverbandes \u00dcckeritz f\u00fcr das Haushaltsjahr 2020<\/a><\/td>\n<\/tr>\n<tr class=\"row-19\">\n\t<td class=\"column-1\"> \t<a href=\"https:\/\/www.amtusedom.de\/ortsrecht\/schulzweckverband\/bekanntmachung-svz-20210507.pdf\" target=\"_blank\" rel=\"noopener noreferrer\">Bekanntmachung der Haushaltssatzung des Schulzweckverbandes \u00dcckeritz f\u00fcr das Haushaltsjahr 2021<\/a><\/td>\n<\/tr>\n<tr class=\"row-20\">\n\t<td class=\"column-1\"> \t<a href=\"https:\/\/www.amtusedom.de\/ortsrecht\/schulzweckverband\/bekanntmachung-svz-20220407.pdf\" target=\"_blank\" rel=\"noopener noreferrer\">Bekanntmachung der Haushaltssatzung des Schulzweckverbandes \u00dcckeritz f\u00fcr das Haushaltsjahr 2022<\/a><\/td>\n<\/tr>\n<tr class=\"row-21\">\n\t<td class=\"column-1\"> \t<a href=\"https:\/\/www.amtusedom.de\/wp-content\/uploads\/2023\/04\/BekHaushaltssatzungdesSchulzweckverbandesUeckeritzHHJ2023.pdf\" target=\"_blank\" rel=\"noopener\">Bekanntmachung der Haushaltssatzung des Schulzweckverbandes \u00dcckeritz f\u00fcr das Haushaltsjahr 2023<\/a><\/td>\n<\/tr>\n<tr class=\"row-22\">\n\t<td class=\"column-1\"><a target=\"_blank\" href=\"https:\/\/www.amtusedom.de\/wp-content\/uploads\/2023\/11\/BekanntmachungSchulzweckverband-Jahresabschluss-2017-.pdf\" rel=\"noopener\">Bekanntmachung  der Feststellung des Jahresabschlusses 2017 und der Entlastung des Verbandsvorstehers des Schulzweckverbandes \u00dcckeritz<\/a><\/td>\n<\/tr>\n<tr class=\"row-23\">\n\t<td class=\"column-1\"><a target=\"_blank\" href=\"https:\/\/www.amtusedom.de\/wp-content\/uploads\/2024\/04\/Bekanntmachung-der-Haushaltssatzung-des-Schulzweckverbandes-Ueckeritz-fuer-das-Haushaltsjahr-2024.pdf\" rel=\"noopener\">Bekanntmachung der Haushaltssatzung des Schulzweckverbandes \u00dcckeritz f\u00fcr das Haushaltsjahr 2024<\/a><\/td>\n<\/tr>\n<tr class=\"row-24\">\n\t<td class=\"column-1\"><a target=\"_blank\" href=\"https:\/\/www.amtusedom.de\/wp-content\/uploads\/2025\/01\/2a-SZV-Bekanntmachung-Haushaltssatzung-2025.pdf\">Bekanntmachung der Haushaltssatzung des Schulzweckverbandes \u00dcckeritz f\u00fcr das Haushaltsjahr 2025<\/a><\/td>\n<\/tr>\n<tr class=\"row-25\">\n\t<td class=\"column-1\"><a target=\"_blank\" href=\"https:\/\/www.amtusedom.de\/wp-content\/uploads\/2024\/04\/0001-Bekanntmachung-SZV-JAB-2018.pdf\" rel=\"noopener\">Bekanntmachung der Festsetzung des Jahresabschlusses 2018 und der Entlastung des Verbandsvorstehers des Schulzweckverbandes \u00dcckeritz<\/a><\/td>\n<\/tr>\n<tr class=\"row-26\">\n\t<td class=\"column-1\"><a target=\"_blank\" href=\"https:\/\/www.amtusedom.de\/wp-content\/uploads\/2024\/04\/0001-Bekanntmachung-SZV-JAB-2019.pdf\" rel=\"noopener\">Bekanntmachung der Festsetzung des Jahresabschlusses 2019 und der Entlastung des Verbandsvorstehers des Schulzweckverbandes \u00dcckeritz<\/a><\/td>\n<\/tr>\n<tr class=\"row-27\">\n\t<td class=\"column-1\"><a target=\"_blank\" href=\"https:\/\/www.amtusedom.de\/wp-content\/uploads\/2024\/10\/2024-10-09-SZV-TOP-2-NA-Verbandsvorsteher.pdf\" rel=\"noopener\">Bekanntmachung: Wahl des Verbandsvorstehers im SZV<\/a><\/td>\n<\/tr>\n<tr class=\"row-28\">\n\t<td class=\"column-1\"><a target=\"_blank\" href=\"https:\/\/www.amtusedom.de\/wp-content\/uploads\/2024\/10\/2024-10-09-SZV-TOP-5-NA-1.-Stellv.pdf\" rel=\"noopener\">Bekanntmachung: Wahl des 1. Stellvertreters<\/a><\/td>\n<\/tr>\n<tr class=\"row-29\">\n\t<td class=\"column-1\"><a target=\"_blank\" href=\"https:\/\/www.amtusedom.de\/wp-content\/uploads\/2024\/10\/2024-10-09-SZV-TOP-6-NA-2.-Stellv.pdf\" rel=\"noopener\">Bekanntmachung: Wahl des 2. Stellvertreters<\/a><\/td>\n<\/tr>\n<tr class=\"row-30\">\n\t<td class=\"column-1\"><a target=\"_blank\" href=\"https:\/\/www.amtusedom.de\/wp-content\/uploads\/2025\/06\/Bekanntmachung-der-Feststellung-des-Jahresabschlusses-2020-und-der-Entlastung-des-Verbandsversamlung-des-Schulzweckverbandes-Ueckeritz.pdf\">Bekanntmachung der Feststellung des Jahresabschlusses 2020 und der Entlastung des Verbandsvorstehers des Schulzweckverbandes \u00dcckeritz<\/a><\/td>\n<\/tr>\n<tr class=\"row-31\">\n\t<td class=\"column-1\"><a target=\"_blank\" href=\"https:\/\/www.amtusedom.de\/wp-content\/uploads\/2026\/02\/Bekanntmachung-der-Feststellung-des-Jahresabschlusses-2021-und-der-Entlastung-des-Verbandsvorstehers-des-Schulzweckverbandes-Ueckeritz.pdf\">Bekanntmachung der Feststellung des Jahresabschlusses 2021 und der Entlastung des Verbandsvorstehers des Schulzweckverbandes \u00dcckeritz<\/a><\/td>\n<\/tr>\n<tr class=\"row-32\">\n\t<td class=\"column-1\"><a target=\"_blank\" href=\"https:\/\/www.amtusedom.de\/wp-content\/uploads\/2026\/02\/Bekanntmachung-der-Feststellung-des-Jahresabschlusses-2022-und-der-Entlastung-des-Verbandsvorstehers-des-Schulzweckverbandes-Ueckeritz.pdf\">Bekanntmachung der Feststellung des Jahresabschlusses 2022 und der Entlastung des Verbandsvorstehers des Schulzweckverbandes \u00dcckeritz<\/a><\/td>\n<\/tr>\n<\/tbody>\n<\/table>\n<!-- #tablepress-58 from cache -->","protected":false},"excerpt":{"rendered":"","protected":false},"author":2,"featured_media":0,"parent":0,"menu_order":0,"comment_status":"closed","ping_status":"closed","template":"","meta":{"footnotes":""},"class_list":["post-3017","page","type-page","status-publish","hentry"],"_links":{"self":[{"href":"https:\/\/www.amtusedom.de\/index.php?rest_route=\/wp\/v2\/pages\/3017","targetHints":{"allow":["GET"]}}],"collection":[{"href":"https:\/\/www.amtusedom.de\/index.php?rest_route=\/wp\/v2\/pages"}],"about":[{"href":"https:\/\/www.amtusedom.de\/index.php?rest_route=\/wp\/v2\/types\/page"}],"author":[{"embeddable":true,"href":"https:\/\/www.amtusedom.de\/index.php?rest_route=\/wp\/v2\/users\/2"}],"replies":[{"embeddable":true,"href":"https:\/\/www.amtusedom.de\/index.php?rest_route=%2Fwp%2Fv2%2Fcomments&post=3017"}],"version-history":[{"count":24,"href":"https:\/\/www.amtusedom.de\/index.php?rest_route=\/wp\/v2\/pages\/3017\/revisions"}],"predecessor-version":[{"id":7865,"href":"https:\/\/www.amtusedom.de\/index.php?rest_route=\/wp\/v2\/pages\/3017\/revisions\/7865"}],"wp:attachment":[{"href":"https:\/\/www.amtusedom.de\/index.php?rest_route=%2Fwp%2Fv2%2Fmedia&parent=3017"}],"curies":[{"name":"wp","href":"https:\/\/api.w.org\/{rel}","templated":true}]}}