{"id":349,"date":"2012-08-21T11:06:46","date_gmt":"2012-08-21T09:06:46","guid":{"rendered":"http:\/\/localhost\/wp\/?page_id=349"},"modified":"2025-11-06T11:05:42","modified_gmt":"2025-11-06T09:05:42","slug":"formulare-antrage","status":"publish","type":"page","link":"https:\/\/www.amtusedom.de\/?page_id=349","title":{"rendered":"Formulare &#038; Antr\u00e4ge"},"content":{"rendered":"<section>\n<h2>Ordnungsamt<\/h2>\n<ul>\n<li><a href=\"https:\/\/www.amtusedom.de\/service\/formulare\/AnmeldungFischereischeinpruefung.pdf\" target=\"_blank\" rel=\"noopener noreferrer\">Anmeldung Fischereischeinpr\u00fcfung<\/a><\/li>\n<li><a href=\"https:\/\/www.amtusedom.de\/service\/formulare\/Antrag%20Lagerfeuer.pdf\" target=\"_blank\" rel=\"noopener noreferrer\">Antrag auf Genehmigung eines Lagerfeuers<\/a><\/li>\n<li><a href=\"https:\/\/www.amtusedom.de\/service\/formulare\/Antrag%20Sondernutzung.pdf\" target=\"_blank\" rel=\"noopener noreferrer\">Antrag auf Erteilung einer Sondernutzungserlaubnis<\/a><\/li>\n<li><a href=\"https:\/\/www.amtusedom.de\/service\/formulare\/VerzichtGrabstelle.pdf\" target=\"_blank\" rel=\"noopener noreferrer\">Verzichtserkl\u00e4rung Grabst\u00e4tte<\/a><\/li>\n<li><a href=\"https:\/\/www.amtusedom.de\/wp-content\/uploads\/2024\/01\/Informationen-zur-Fischereischeinpruefung.pdf\" target=\"_blank\" rel=\"noopener\">Informationen zur Fischereischeinpr\u00fcfung<\/a><\/li>\n<li><a href=\"https:\/\/www.amtusedom.de\/wp-content\/uploads\/2024\/01\/Anmeldung-Fischereischeinpruefung.pdf\" target=\"_blank\" rel=\"noopener\">Anmeldung Fischereischeinpr\u00fcfung<\/a><\/li>\n<li><a href=\"http:\/\/fms.mv-regierung.de\/ffw\/action\/invoke.do?id=00034_MV_59097\" target=\"_blank\" rel=\"noopener noreferrer\">Fischereischein auf Lebenszeit<\/a><\/li>\n<li><a href=\"http:\/\/fms.mv-regierung.de\/ffw\/action\/invoke.do?id=00035_MV_59097\" target=\"_blank\" rel=\"noopener noreferrer\">Fischereischein befristet (Touristen)<\/a><\/li>\n<li><a href=\"http:\/\/fms.mv-regierung.de\/ffw\/action\/invoke.do?id=00039_MV_59097\" target=\"_blank\" rel=\"noopener noreferrer\">Erlaubnis f\u00fcr Veranstaltung auf \u00f6ffentl. Verkehrsfl\u00e4chen<\/a><\/li>\n<li><a href=\"http:\/\/fms.mv-regierung.de\/ffw\/action\/invoke.do?id=00040_MV_59097\" target=\"_blank\" rel=\"noopener noreferrer\">Ausnahmegenehmigung \/ verkehrsrechtliche Anordnung<\/a><\/li>\n<li><a href=\"http:\/\/fms.mv-regierung.de\/ffw\/action\/invoke.do?id=00041_MV_59097\" target=\"_blank\" rel=\"noopener noreferrer\">Parkerleichterung, EU-Parkausweis<\/a><\/li>\n<li><a href=\"https:\/\/fms.mv-regierung.de\/ffw\/action\/invoke.do?id=00059_MV_59097\" target=\"_blank\" rel=\"noopener noreferrer\">Erlaubnis nach \u00a729 Abs2. StVO f\u00fcr Umzug<\/a><\/li>\n<li><a href=\"http:\/\/amtusedom.de\/service\/formulare\/29_stvo_anlage.pdf\" target=\"_blank\" rel=\"noopener noreferrer\">Veranstaltererkl\u00e4rung &amp; Versicherungsbeteiligung (\u00a729 Abs. 2 StVO)<\/a><\/li>\n<li><a href=\"https:\/\/fms.mv-regierung.de\/ffw\/action\/invoke.do?id=00060_MV_59097\" target=\"_blank\" rel=\"noopener noreferrer\">Pauschale Park-Ausnahmegenehmigung (Pflege \/ Soziale Dienste)<\/a><\/li>\n<li><a href=\"https:\/\/fms.mv-regierung.de\/ffw\/action\/invoke.do?id=00063_MV_59097\" target=\"_blank\" rel=\"noopener noreferrer\">Parkerleichterung f\u00fcr besondere Gruppen<\/a><\/li>\n<li><a href=\"http:\/\/amtusedom.de\/service\/formulare\/AntragsformularKitaTagespflege.pdf\" target=\"_blank\" rel=\"noopener noreferrer\">Bedarfsgerechter Betreuungsplatz<\/a><\/li>\n<li><a href=\"http:\/\/fms.mv-regierung.de\/ffw\/action\/invoke.do?id=00016_MV_59097\" target=\"_blank\" rel=\"noopener noreferrer\">Erm\u00e4\u00dfigung Elternbeitrag \/ Geschwistererm\u00e4\u00dfigung<\/a><\/li>\n<li><a href=\"https:\/\/fms.mv-regierung.de\/ffw\/action\/invoke.do?id=00024_MV_59097\" target=\"_blank\" rel=\"noopener noreferrer\">\u00dcbernahme Elternbeitr\u00e4ge ALG II \/ SGB III<\/a><\/li>\n<li><a href=\"https:\/\/www.amtusedom.de\/service\/formulare\/AntragBewohnerParkausweis.pdf\" target=\"_blank\" rel=\"noopener noreferrer\">Bewohner-Parkausweis<\/a><\/li>\n<\/ul>\n<\/section>\n<section>\n<h2>Meldewesen<\/h2>\n<ul>\n<li><a href=\"https:\/\/fms.mv-regierung.de\/ffw\/action\/invoke.do?id=00058_MV_59097\" target=\"_blank\" rel=\"noopener noreferrer\">Abmeldung f\u00fcr Seeleute<\/a><\/li>\n<li><a href=\"https:\/\/fms.mv-regierung.de\/ffw\/action\/invoke.do?id=00055_MV_59097\" target=\"_blank\" rel=\"noopener noreferrer\">Anmeldeschein<\/a><\/li>\n<li><a href=\"https:\/\/fms.mv-regierung.de\/ffw\/action\/invoke.do?id=00057_MV_59097\" target=\"_blank\" rel=\"noopener noreferrer\">Anmeldung f\u00fcr Seeleute<\/a><\/li>\n<li><a href=\"https:\/\/fms.mv-regierung.de\/ffw\/action\/invoke.do?id=00056_MV_59097\" target=\"_blank\" rel=\"noopener noreferrer\">Beiblatt f\u00fcr die Anmeldung<\/a><\/li>\n<li><a href=\"https:\/\/fms.mv-regierung.de\/ffw\/action\/invoke.do?id=00053_MV_59097\" target=\"_blank\" rel=\"noopener noreferrer\">Erkl\u00e4rung gegen die Daten\u00fcbermittlung<\/a><\/li>\n<li><a href=\"http:\/\/www.amtusedom-sued.de\/service\/formulare\/wohnungsgeberbestaetigung.pdf\" target=\"_blank\" rel=\"noopener noreferrer\">Muster Wohnungsgeberbest\u00e4tigung<\/a><\/li>\n<\/ul>\n<\/section>\n<section>\n<h2>Gewerbe<\/h2>\n<p><strong>Gewerbemeldungen online<\/strong><\/p>\n<p>\u00dcber den nachstehenden Link haben Sie die M\u00f6glichkeit, Ihre Gewerbemeldung online einzureichen.<\/p>\n<p><a href=\"https:\/\/www.mv-serviceportal.de\/\" target=\"_blank\" rel=\"noopener\">externer Link zum Serviceportal MV<\/a><\/p>\n<\/section>\n<section>\n<h2>Wohngeld<\/h2>\n<ul>\n<li><a href=\"http:\/\/fms.mv-regierung.de\/ffw\/action\/invoke.do?id=00030_MV_59097\" target=\"_blank\" rel=\"noopener noreferrer\">Anlage Verdienstbescheinigung zum Antrag auf Wohngeld<\/a><\/li>\n<li><a href=\"https:\/\/www.regierung-mv.de\/Landesregierung\/im\/Bau\/wohnen\/wohngeld\/wohngeldformulare\/\" target=\"_blank\" rel=\"noopener\">Weitere Formulare auf den Seiten des Ministeriums f\u00fcr Inneres, Bau und Digitalisierung<\/a><\/li>\n<li><a href=\"https:\/\/www.amtusedom.de\/wp-content\/uploads\/2023\/09\/Antrag-auf-Haertefallhilfe-fuer-private-Haushalte-fuer-nicht-leitungsgebundene-Energietraeger.pdf\" target=\"_blank\" rel=\"noopener\">Antrag auf H\u00e4rtefallhilfe f\u00fcr private Haushalte (nicht leitungsgebundene Energietr\u00e4ger)<\/a><\/li>\n<\/ul>\n<\/section>\n<section>\n<h2>Hauptamt<\/h2>\n<ul>\n<li><a href=\"https:\/\/www.amtusedom.de\/service\/formulare\/Antrag%20Amtsblatt.pdf\" target=\"_blank\" rel=\"noopener noreferrer\">Antrag auf ein Abonnement des Usedomer Amtsblattes<\/a><\/li>\n<li><a href=\"https:\/\/www.amtusedom.de\/service\/formulare\/Zuschussantrag.pdf\" target=\"_blank\" rel=\"noopener noreferrer\">Zuschussantrag f\u00fcr Vereine<\/a><\/li>\n<\/ul>\n<\/section>\n<section>\n<h2>K\u00e4mmerei \/ Steuern<\/h2>\n<ul>\n<li><a href=\"https:\/\/www.amtusedom.de\/wp-content\/uploads\/2025\/05\/Einzugsermaechtigung-SEPA-\u2013-Lastschriftmandat.pdf\" target=\"_blank\" rel=\"noopener noreferrer\">Einzugserm\u00e4chtigung \/ SEPA &#8211; Lastschriftmandat<\/a><\/li>\n<li><a href=\"https:\/\/fms.mv-regierung.de\/ffw\/action\/invoke.do?id=00050_MV_59097\" target=\"_blank\" rel=\"noopener noreferrer\">Anmeldung von Spielger\u00e4ten f\u00fcr die Vergn\u00fcgungssteuererhebung<\/a><\/li>\n<li><a href=\"http:\/\/fms.mv-regierung.de\/ffw\/action\/invoke.do?id=00019_MV_59097\" target=\"_blank\" rel=\"noopener noreferrer\">Hundesteuererm\u00e4\u00dfigung<\/a><\/li>\n<li><a href=\"https:\/\/www.amtusedom.de\/wp-content\/uploads\/2025\/11\/Hundesteuer-Abmeldung.pdf\" target=\"_blank\" rel=\"noopener noreferrer\">Hundesteuer Abmeldung<\/a><\/li>\n<li><a href=\"https:\/\/www.amtusedom.de\/wp-content\/uploads\/2025\/05\/Hundesteuer-Anmeldung.pdf\" target=\"_blank\" rel=\"noopener noreferrer\">Hundesteuer Anmeldung<\/a><\/li>\n<li><a href=\"https:\/\/fms.mv-regierung.de\/ffw\/action\/invoke.do?id=00109_MV_59097\" target=\"_blank\" rel=\"noopener noreferrer\">Anmeldung zum Bankeinzugsverfahren Fremdenverkehrsabgabe<\/a><\/li>\n<li><a href=\"https:\/\/fms.mv-regierung.de\/ffw\/action\/invoke.do?id=00051_MV_59097\" target=\"_blank\" rel=\"noopener noreferrer\">Abmeldung von Spielger\u00e4ten<\/a><\/li>\n<li><a href=\"https:\/\/fms.mv-regierung.de\/lip3_2\/action\/invoke.do?id=00202_MV_59097\" target=\"_blank\" rel=\"noopener noreferrer\">Grundsteuer-Anmeldung f\u00fcr das Jahr 20xx<\/a><\/li>\n<\/ul>\n<\/section>\n<section>\n<h2>\ufe0f Bauamt<\/h2>\n<ul>\n<li><a href=\"https:\/\/www.amtusedom.de\/service\/formulare\/hausnummer.pdf\" target=\"_blank\" rel=\"noopener noreferrer\">Antrag auf Zuteilung bzw. \u00c4nderung einer Hausnummer<\/a><\/li>\n<li><a href=\"https:\/\/fms.mv-regierung.de\/ffw\/action\/invoke.do?id=00086_MV_59097\" target=\"_blank\" rel=\"noopener noreferrer\">Antrag auf Ausstellung einer Erschlie\u00dfungskostenbescheinigung<\/a><\/li>\n<\/ul>\n<\/section>\n<section>\n<h2>Wahlen<\/h2>\n<ul>\n<li><a href=\"https:\/\/fms.mv-regierung.de\/ffw\/action\/invoke.do?id=00294_MV_00000\" target=\"_blank\" rel=\"noopener noreferrer\">Formblatt 4.1.1 \u2013 Wahlvorschlag Partei \/ W\u00e4hlergruppe (Gemeindevertretung oder Kreistag)<\/a><\/li>\n<li><a href=\"https:\/\/fms.mv-regierung.de\/ffw\/action\/invoke.do?id=00295_MV_00000\" target=\"_blank\" rel=\"noopener noreferrer\">Formblatt 4.1.2 \u2013 Niederschrift Partei \/ W\u00e4hlergruppe<\/a><\/li>\n<li><a href=\"https:\/\/fms.mv-regierung.de\/ffw\/action\/invoke.do?id=00296_MV_00000\" target=\"_blank\" rel=\"noopener noreferrer\">Formblatt 4.1.2 \u2013 Niederschrift (Folgeblatt)<\/a><\/li>\n<li><a href=\"https:\/\/fms.mv-regierung.de\/ffw\/action\/invoke.do?id=00297_MV_00000\" target=\"_blank\" rel=\"noopener noreferrer\">Formblatt 4.1.3 \u2013 Zustimmung Partei \/ W\u00e4hlergruppe<\/a><\/li>\n<li><a href=\"https:\/\/fms.mv-regierung.de\/ffw\/action\/invoke.do?id=00298_MV_00000\" target=\"_blank\" rel=\"noopener noreferrer\">Formblatt 4.2 \u2013 Einzelbewerbung Gemeindevertretung oder Kreistag<\/a><\/li>\n<li><a href=\"https:\/\/fms.mv-regierung.de\/ffw\/action\/invoke.do?id=00299_MV_00000\" target=\"_blank\" rel=\"noopener noreferrer\">Formblatt 5.1.1 \u2013 Wahlvorschlag Partei \/ W\u00e4hlergruppe (B\u00fcrgermeister- oder Landratswahlen)<\/a><\/li>\n<li><a href=\"https:\/\/fms.mv-regierung.de\/ffw\/action\/invoke.do?id=00300_MV_00000\" target=\"_blank\" rel=\"noopener noreferrer\">Formblatt 5.1.2 \u2013 Niederschrift Partei \/ W\u00e4hlergruppe<\/a><\/li>\n<li><a href=\"https:\/\/fms.mv-regierung.de\/ffw\/action\/invoke.do?id=00301_MV_00000\" target=\"_blank\" rel=\"noopener noreferrer\">Formblatt 5.1.3 \u2013 Zustimmung Partei \/ W\u00e4hlergruppe<\/a><\/li>\n<li><a href=\"https:\/\/fms.mv-regierung.de\/ffw\/action\/invoke.do?id=00302_MV_00000\" target=\"_blank\" rel=\"noopener noreferrer\">Formblatt 5.2 \u2013 Einzelbewerbung B\u00fcrgermeister- oder Landratswahlen<\/a><\/li>\n<li><a href=\"https:\/\/fms.mv-regierung.de\/ffw\/action\/invoke.do?id=00303_MV_00000\" target=\"_blank\" rel=\"noopener noreferrer\">Formblatt 6 \u2013 Versicherung an Eides statt (Unionsb\u00fcrger)<\/a><\/li>\n<\/ul>\n<\/section>","protected":false},"excerpt":{"rendered":"<p>Ordnungsamt Anmeldung Fischereischeinpr\u00fcfung Antrag auf Genehmigung eines Lagerfeuers Antrag auf Erteilung einer Sondernutzungserlaubnis Verzichtserkl\u00e4rung Grabst\u00e4tte Informationen zur Fischereischeinpr\u00fcfung Anmeldung Fischereischeinpr\u00fcfung Fischereischein auf Lebenszeit Fischereischein befristet (Touristen) Erlaubnis f\u00fcr Veranstaltung auf \u00f6ffentl. Verkehrsfl\u00e4chen Ausnahmegenehmigung \/ verkehrsrechtliche Anordnung Parkerleichterung, EU-Parkausweis Erlaubnis nach \u00a729 Abs2. StVO f\u00fcr Umzug Veranstaltererkl\u00e4rung &amp; Versicherungsbeteiligung (\u00a729 Abs. 2 StVO) Pauschale Park-Ausnahmegenehmigung (Pflege \/ Soziale Dienste) Parkerleichterung f\u00fcr<\/p>\n","protected":false},"author":2,"featured_media":0,"parent":296,"menu_order":0,"comment_status":"closed","ping_status":"closed","template":"","meta":{"footnotes":""},"class_list":["post-349","page","type-page","status-publish","hentry"],"_links":{"self":[{"href":"https:\/\/www.amtusedom.de\/index.php?rest_route=\/wp\/v2\/pages\/349","targetHints":{"allow":["GET"]}}],"collection":[{"href":"https:\/\/www.amtusedom.de\/index.php?rest_route=\/wp\/v2\/pages"}],"about":[{"href":"https:\/\/www.amtusedom.de\/index.php?rest_route=\/wp\/v2\/types\/page"}],"author":[{"embeddable":true,"href":"https:\/\/www.amtusedom.de\/index.php?rest_route=\/wp\/v2\/users\/2"}],"replies":[{"embeddable":true,"href":"https:\/\/www.amtusedom.de\/index.php?rest_route=%2Fwp%2Fv2%2Fcomments&post=349"}],"version-history":[{"count":46,"href":"https:\/\/www.amtusedom.de\/index.php?rest_route=\/wp\/v2\/pages\/349\/revisions"}],"predecessor-version":[{"id":10945,"href":"https:\/\/www.amtusedom.de\/index.php?rest_route=\/wp\/v2\/pages\/349\/revisions\/10945"}],"up":[{"embeddable":true,"href":"https:\/\/www.amtusedom.de\/index.php?rest_route=\/wp\/v2\/pages\/296"}],"wp:attachment":[{"href":"https:\/\/www.amtusedom.de\/index.php?rest_route=%2Fwp%2Fv2%2Fmedia&parent=349"}],"curies":[{"name":"wp","href":"https:\/\/api.w.org\/{rel}","templated":true}]}}