{"id":41,"date":"2012-08-09T17:04:17","date_gmt":"2012-08-09T15:04:17","guid":{"rendered":"http:\/\/localhost\/wp\/?page_id=41"},"modified":"2026-01-27T09:26:28","modified_gmt":"2026-01-27T07:26:28","slug":"willkommen-im-amt-usedom-sud","status":"publish","type":"page","link":"https:\/\/www.amtusedom.de\/","title":{"rendered":"Willkommen im Amt Usedom-S\u00fcd"},"content":{"rendered":"<h3><\/h3>\n<hr \/>\n<h3><strong>Terminvergabe Einwohnermeldeamt \/ Gewerbe<\/strong><\/h3>\n<p>F\u00fcr das Einwohnermeldeamt \/ Gewerbeamt (Standort Usedom<br \/>\nund Koserow) wird eine vorherige Terminvereinbarung angeboten.<br \/>\nDie Termine k\u00f6nnen <a href=\"https:\/\/www.amtusedom.de\/?page_id=7226\">hier<\/a> gebucht werden.<\/p>\n<p>&nbsp;<\/p>\n<table width=\"100%\">\n<tbody>\n<tr>\n<td align=\"center\"><a href=\"wp-content\/uploads\/2012\/08\/buergeramt-koserow.jpg\"><img loading=\"lazy\" decoding=\"async\" class=\"aligncenter size-full wp-image-325\" title=\"Amt Usedom S\u00fcd - B\u00fcrgeramt in Koserow\" src=\"wp-content\/uploads\/2012\/08\/buergeramt-koserow.jpg\" alt=\"Amt Usedom S\u00fcd - B\u00fcrgeramt in Koserow\" width=\"250\" height=\"167\" \/><\/a><\/td>\n<td align=\"center\"><a href=\"wp-content\/uploads\/2012\/08\/AmtUsedomSued.jpg\"><img loading=\"lazy\" decoding=\"async\" class=\"aligncenter size-full wp-image-326\" title=\"Amt Usedom S\u00fcd - Amtsgeb\u00e4ude in Usedom\" src=\"wp-content\/uploads\/2012\/08\/AmtUsedomSued.jpg\" alt=\"Amt Usedom S\u00fcd - Amtsgeb\u00e4ude in Usedom\" width=\"250\" height=\"167\" \/><\/a><\/td>\n<\/tr>\n<\/tbody>\n<\/table>\n<p><script id=\"cituro-widget-loader\" src=\"https:\/\/app.cituro.com\/booking-widget\" data-account-number=\"4330397\" defer><span data-mce-type=\"bookmark\" style=\"display: inline-block; width: 0px; overflow: hidden; line-height: 0;\" class=\"mce_SELRES_start\">\ufeff<\/span><\/script><\/p>\n<p>Willkommen auf der Internetseite des Amtes Usedom-S\u00fcd<\/p>\n<p>Das Amt Usedom-S\u00fcd ist die zust\u00e4ndige Verwaltungseinheit f\u00fcr ein weitl\u00e4ufiges Gebiet auf der Insel Usedom. Der Amtsbereich erstreckt sich auf einer Fl\u00e4che von rund 235 km\u00b2, in den 15 Gemeinden und ihren Ortsteilen sind mehr als 12.900 Menschen ganzj\u00e4hrig zu Hause. Das Verwaltungsgebiet reicht vom Seebad Zempin im Nordwesten bis zur polnischen Grenze bei Garz und Kamminke im Osten sowie zur Zecheriner Br\u00fccke im S\u00fcden der Insel.<\/p>\n<p>&nbsp;<\/p>\n<p>Ren\u00e9 K\u00f6nig<br \/>\nAmtsvorsteher<\/p>\n<p>Ren\u00e9 Bergmann<br \/>\nLeitender Verwaltungsbeamter<\/p>\n<div id=\"metaslider-id-5991\" style=\"width: 100%;\" class=\"ml-slider-3-107-0 metaslider metaslider-flex metaslider-5991 ml-slider has-dots-nav ms-theme-default\" role=\"region\" aria-label=\"Neue Slideshow\" data-height=\"400\" data-width=\"700\">\n    <div id=\"metaslider_container_5991\">\n        <div id=\"metaslider_5991\">\n            <ul class='slides'>\n                <li style=\"display: block; width: 100%;\" class=\"slide-6005 ms-image \" aria-roledescription=\"slide\" data-date=\"2020-09-03 11:31:40\" data-filename=\"slider08.jpg\" data-slide-type=\"image\"><img loading=\"lazy\" decoding=\"async\" src=\"https:\/\/www.amtusedom.de\/wp-content\/uploads\/2020\/09\/slider08.jpg\" height=\"400\" width=\"700\" alt=\"\" class=\"slider-5991 slide-6005 msDefaultImage\" title=\"slider08\" \/><\/li>\n                <li style=\"display: none; width: 100%;\" class=\"slide-6006 ms-image \" aria-roledescription=\"slide\" data-date=\"2020-09-03 11:31:40\" data-filename=\"slider09.jpg\" data-slide-type=\"image\"><img loading=\"lazy\" decoding=\"async\" src=\"https:\/\/www.amtusedom.de\/wp-content\/uploads\/2020\/09\/slider09.jpg\" height=\"400\" width=\"700\" alt=\"\" class=\"slider-5991 slide-6006 msDefaultImage\" title=\"slider09\" \/><\/li>\n                <li style=\"display: none; width: 100%;\" class=\"slide-6007 ms-image \" aria-roledescription=\"slide\" data-date=\"2020-09-03 11:31:41\" data-filename=\"slider10.jpg\" data-slide-type=\"image\"><img loading=\"lazy\" decoding=\"async\" src=\"https:\/\/www.amtusedom.de\/wp-content\/uploads\/2020\/09\/slider10.jpg\" height=\"400\" width=\"700\" alt=\"\" class=\"slider-5991 slide-6007 msDefaultImage\" title=\"slider10\" \/><\/li>\n                <li style=\"display: none; width: 100%;\" class=\"slide-6008 ms-image \" aria-roledescription=\"slide\" data-date=\"2020-09-03 11:31:42\" data-filename=\"slider11.jpg\" data-slide-type=\"image\"><img loading=\"lazy\" decoding=\"async\" src=\"https:\/\/www.amtusedom.de\/wp-content\/uploads\/2020\/09\/slider11.jpg\" height=\"400\" width=\"700\" alt=\"\" class=\"slider-5991 slide-6008 msDefaultImage\" title=\"slider11\" \/><\/li>\n                <li style=\"display: none; width: 100%;\" class=\"slide-6009 ms-image \" aria-roledescription=\"slide\" data-date=\"2020-09-03 11:31:42\" data-filename=\"slider12.jpg\" data-slide-type=\"image\"><img loading=\"lazy\" decoding=\"async\" src=\"https:\/\/www.amtusedom.de\/wp-content\/uploads\/2020\/09\/slider12.jpg\" height=\"400\" width=\"700\" alt=\"\" class=\"slider-5991 slide-6009 msDefaultImage\" title=\"slider12\" \/><\/li>\n                <li style=\"display: none; width: 100%;\" class=\"slide-6010 ms-image \" aria-roledescription=\"slide\" data-date=\"2020-09-03 11:31:43\" data-filename=\"slider00.jpg\" data-slide-type=\"image\"><img loading=\"lazy\" decoding=\"async\" src=\"https:\/\/www.amtusedom.de\/wp-content\/uploads\/2020\/09\/slider00.jpg\" height=\"400\" width=\"700\" alt=\"\" class=\"slider-5991 slide-6010 msDefaultImage\" title=\"slider00\" \/><\/li>\n                <li style=\"display: none; width: 100%;\" class=\"slide-6011 ms-image \" aria-roledescription=\"slide\" data-date=\"2020-09-03 11:31:43\" data-filename=\"slider01.jpg\" data-slide-type=\"image\"><img loading=\"lazy\" decoding=\"async\" src=\"https:\/\/www.amtusedom.de\/wp-content\/uploads\/2020\/09\/slider01.jpg\" height=\"400\" width=\"700\" alt=\"\" class=\"slider-5991 slide-6011 msDefaultImage\" title=\"slider01\" \/><\/li>\n                <li style=\"display: none; width: 100%;\" class=\"slide-6012 ms-image \" aria-roledescription=\"slide\" data-date=\"2020-09-03 11:31:44\" data-filename=\"slider02.jpg\" data-slide-type=\"image\"><img loading=\"lazy\" decoding=\"async\" src=\"https:\/\/www.amtusedom.de\/wp-content\/uploads\/2020\/09\/slider02.jpg\" height=\"400\" width=\"700\" alt=\"\" class=\"slider-5991 slide-6012 msDefaultImage\" title=\"slider02\" \/><\/li>\n                <li style=\"display: none; width: 100%;\" class=\"slide-6013 ms-image \" aria-roledescription=\"slide\" data-date=\"2020-09-03 11:31:44\" data-filename=\"slider03.jpg\" data-slide-type=\"image\"><img loading=\"lazy\" decoding=\"async\" src=\"https:\/\/www.amtusedom.de\/wp-content\/uploads\/2020\/09\/slider03.jpg\" height=\"400\" width=\"700\" alt=\"\" class=\"slider-5991 slide-6013 msDefaultImage\" title=\"slider03\" \/><\/li>\n                <li style=\"display: none; width: 100%;\" class=\"slide-6014 ms-image \" aria-roledescription=\"slide\" data-date=\"2020-09-03 11:31:45\" data-filename=\"slider04.jpg\" data-slide-type=\"image\"><img loading=\"lazy\" decoding=\"async\" src=\"https:\/\/www.amtusedom.de\/wp-content\/uploads\/2020\/09\/slider04.jpg\" height=\"400\" width=\"700\" alt=\"\" class=\"slider-5991 slide-6014 msDefaultImage\" title=\"slider04\" \/><\/li>\n                <li style=\"display: none; width: 100%;\" class=\"slide-6015 ms-image \" aria-roledescription=\"slide\" data-date=\"2020-09-03 11:31:46\" data-filename=\"slider05.jpg\" data-slide-type=\"image\"><img loading=\"lazy\" decoding=\"async\" src=\"https:\/\/www.amtusedom.de\/wp-content\/uploads\/2020\/09\/slider05.jpg\" height=\"400\" width=\"700\" alt=\"\" class=\"slider-5991 slide-6015 msDefaultImage\" title=\"slider05\" \/><\/li>\n                <li style=\"display: none; width: 100%;\" class=\"slide-6016 ms-image \" aria-roledescription=\"slide\" data-date=\"2020-09-03 11:31:46\" data-filename=\"slider06.jpg\" data-slide-type=\"image\"><img loading=\"lazy\" decoding=\"async\" src=\"https:\/\/www.amtusedom.de\/wp-content\/uploads\/2020\/09\/slider06.jpg\" height=\"400\" width=\"700\" alt=\"\" class=\"slider-5991 slide-6016 msDefaultImage\" title=\"slider06\" \/><\/li>\n                <li style=\"display: none; width: 100%;\" class=\"slide-6017 ms-image \" aria-roledescription=\"slide\" data-date=\"2020-09-03 11:31:47\" data-filename=\"slider07.jpg\" data-slide-type=\"image\"><img loading=\"lazy\" decoding=\"async\" src=\"https:\/\/www.amtusedom.de\/wp-content\/uploads\/2020\/09\/slider07.jpg\" height=\"400\" width=\"700\" alt=\"\" class=\"slider-5991 slide-6017 msDefaultImage\" title=\"slider07\" \/><\/li>\n            <\/ul>\n        <\/div>\n        \n    <\/div>\n<\/div>","protected":false},"excerpt":{"rendered":"<p>Terminvergabe Einwohnermeldeamt \/ Gewerbe F\u00fcr das Einwohnermeldeamt \/ Gewerbeamt (Standort Usedom und Koserow) wird eine vorherige Terminvereinbarung angeboten. Die Termine k\u00f6nnen hier gebucht werden. &nbsp; Willkommen auf der Internetseite des Amtes Usedom-S\u00fcd Das Amt Usedom-S\u00fcd ist die zust\u00e4ndige Verwaltungseinheit f\u00fcr ein weitl\u00e4ufiges Gebiet auf der Insel Usedom. Der Amtsbereich erstreckt sich auf einer Fl\u00e4che von rund 235 km\u00b2, in den<\/p>\n","protected":false},"author":2,"featured_media":0,"parent":375,"menu_order":0,"comment_status":"closed","ping_status":"closed","template":"","meta":{"footnotes":""},"class_list":["post-41","page","type-page","status-publish","hentry"],"_links":{"self":[{"href":"https:\/\/www.amtusedom.de\/index.php?rest_route=\/wp\/v2\/pages\/41","targetHints":{"allow":["GET"]}}],"collection":[{"href":"https:\/\/www.amtusedom.de\/index.php?rest_route=\/wp\/v2\/pages"}],"about":[{"href":"https:\/\/www.amtusedom.de\/index.php?rest_route=\/wp\/v2\/types\/page"}],"author":[{"embeddable":true,"href":"https:\/\/www.amtusedom.de\/index.php?rest_route=\/wp\/v2\/users\/2"}],"replies":[{"embeddable":true,"href":"https:\/\/www.amtusedom.de\/index.php?rest_route=%2Fwp%2Fv2%2Fcomments&post=41"}],"version-history":[{"count":107,"href":"https:\/\/www.amtusedom.de\/index.php?rest_route=\/wp\/v2\/pages\/41\/revisions"}],"predecessor-version":[{"id":11122,"href":"https:\/\/www.amtusedom.de\/index.php?rest_route=\/wp\/v2\/pages\/41\/revisions\/11122"}],"up":[{"embeddable":true,"href":"https:\/\/www.amtusedom.de\/index.php?rest_route=\/wp\/v2\/pages\/375"}],"wp:attachment":[{"href":"https:\/\/www.amtusedom.de\/index.php?rest_route=%2Fwp%2Fv2%2Fmedia&parent=41"}],"curies":[{"name":"wp","href":"https:\/\/api.w.org\/{rel}","templated":true}]}}