{"id":4627,"date":"2019-03-19T14:55:14","date_gmt":"2019-03-19T12:55:14","guid":{"rendered":"http:\/\/www.amtusedom.de\/?page_id=4627"},"modified":"2021-07-12T09:35:48","modified_gmt":"2021-07-12T07:35:48","slug":"bekanntmachungen-zu-den-wahlen-am-26-mai-2019","status":"publish","type":"page","link":"https:\/\/www.amtusedom.de\/?page_id=4627","title":{"rendered":"Bekanntmachungen zu den Wahlen am 26. Mai 2019"},"content":{"rendered":"<ul>\n<li><a href=\"aktuelles\/wahlen2019\/BekanntmachungEinreichung.pdf\" target=\"_blank\" rel=\"noopener noreferrer\">&#8211; \u00d6ffentliche Bekanntmachung zu den Wahlen am 26. Mai 2019\n<p><\/a><\/li>\n<li><a href=\"aktuelles\/wahlen2019\/BekanntmachungWahlleitung.pdf\" target=\"_blank\" rel=\"noopener noreferrer\">&#8211; \u00d6ffentliche Bekanntmachung kommunale Wahlleitung\n<p><\/a><\/li>\n<li><a href=\"aktuelles\/wahlen2019\/BekanntmachungGWA.pdf\" target=\"_blank\" rel=\"noopener noreferrer\">&#8211; \u00d6ffentliche Bekanntmachung Gemeindewahlausschuss\n<p><\/a><\/li>\n<li><a href=\"aktuelles\/wahlen2019\/Bekanntmachung1SitzungGWA.pdf\" target=\"_blank\" rel=\"noopener noreferrer\">&#8211; \u00d6ffentliche Bekanntmachung des Termins der 1. Sitzung des Gemeindewahlausschusses\n<p><\/a><\/li>\n<li><a href=\"aktuelles\/wahlen2019\/BekanntmachungWaehlerverzeichnis.pdf\" target=\"_blank\" rel=\"noopener noreferrer\">&#8211; \u00d6ffentliche Bekanntmachung \u00fcber das Recht auf Einsichtnahme in das W\u00e4hlerverzeichnis und die Erteilung von Wahlscheinen\n<p><\/a><\/li>\n<li><a href=\"aktuelles\/wahlen2019\/BekanntmachungKandidaten.pdf\" target=\"_blank\" rel=\"noopener noreferrer\">&#8211; \u00d6ffentliche Bekanntmachung \u00fcber die zugelassenen Wahlvorschl\u00e4ge zu den Kommunalwahlen am 26. Mai 2019\n<p><\/a><\/li>\n<li><a href=\"aktuelles\/wahlen2019\/Wahlbekanntmachung.pdf\" target=\"_blank\" rel=\"noopener noreferrer\">&#8211; Wahlbekanntmachung zu den Europa- Kommunalwahlen am 26. Mai 2019\n<p><\/a><\/li>\n<li><a href=\"aktuelles\/wahlen2019\/Bekanntmachung2SitzungGWA.pdf\" target=\"_blank\" rel=\"noopener noreferrer\">&#8211; \u00d6ffentliche Bekanntmachung des Termins der 2. Sitzung des Gemeindewahlausschusses\n<p><\/a><\/li>\n<\/ul>\n<p><a href=\"aktuelles\/wahlen2019\/eu.pdf\">Bekanntmachung des vorl\u00e4ufigen Wahlergebnisses der Europawahlen im Amtsbereich Amt Usedom-S\u00fcd<\/a><\/p>\n<p><a href=\"aktuelles\/wahlen2019\/kreis.pdf\">Bekanntmachung des vorl\u00e4ufigen Wahlergebnisses der Kreistagswahlen im Amtsbereich Amt Usedom-S\u00fcd<\/a><\/p>\n<p><b>Bekanntmachung der endg\u00fcltigen Wahlergebnisse<\/b><\/p>\n<p><b>Stadt Usedom<\/b><\/p>\n<p><a href=\"aktuelles\/wahlen2019\/usedom-gv.pdf\">Bekanntmachung des endg\u00fcltigen Wahlergebnisses und der Namen der gew\u00e4hlten Bewerberinnen oder der gew\u00e4hlten Bewerber der Kommunalwahlen in der Stadtvertretung<\/a><br \/>\n<a href=\"aktuelles\/wahlen2019\/usedom-bm.pdf\">Bekanntmachung des endg\u00fcltigen Wahlergebnisses und des Namens der gew\u00e4hlten Bewerberin oder des gew\u00e4hlten Bewerbers &#8211; B\u00fcrgermeisterwahl<\/a><br \/>\n<a href=\"aktuelles\/wahlen2019\/verzicht-usedom.pdf\">\u00d6ffentliche Bekanntmachung des Gemeindewahlleiters f\u00fcr die Kommunalwahl am 26. Mai 2019<\/a><br \/>\n<a href=\"ortsrecht\/bm_usedom\/bekanntmachung-20200723-usedom.pdf\" target=\"_blank\" rel=\"noopener noreferrer\">\u00d6ffentliche Bekanntmachung des Gemeidewahlleiters f\u00fcr die Kommunalwahl am 26. Mai 2019<\/a><\/p>\n<p><b>Gemeinde Benz<\/b><\/p>\n<p><a href=\"aktuelles\/wahlen2019\/benz-gv.pdf\">Bekanntmachung des endg\u00fcltigen Wahlergebnisses und der Namen der gew\u00e4hlten Bewerberinnen oder der gew\u00e4hlten Bewerber der Kommunalwahlen in der Gemeindevertretung<\/a><br \/>\n<a href=\"aktuelles\/wahlen2019\/benz-bm.pdf\">Bekanntmachung des endg\u00fcltigen Wahlergebnisses und des Namens der gew\u00e4hlten Bewerberin oder des gew\u00e4hlten Bewerbers &#8211; B\u00fcrgermeisterwahl<\/a><\/p>\n<p><b>Gemeinde Dargen<\/b><\/p>\n<p><a href=\"aktuelles\/wahlen2019\/dargen-gv.pdf\">Bekanntmachung des endg\u00fcltigen Wahlergebnisses und der Namen der gew\u00e4hlten Bewerberinnen oder der gew\u00e4hlten Bewerber der Kommunalwahlen in der Gemeindevertretung<\/a><br \/>\n<a href=\"aktuelles\/wahlen2019\/dargen-bm.pdf\">Bekanntmachung des endg\u00fcltigen Wahlergebnisses und des Namens der gew\u00e4hlten Bewerberin oder des gew\u00e4hlten Bewerbers &#8211; B\u00fcrgermeisterwahl<\/a><br \/>\n<a href=\"aktuelles\/wahlen2019\/dargen-nachruecker.pdf\">\u00d6ffentliche Bekanntmachung des Gemeindewahlleiters f\u00fcr die Kommunalwahl am 26. Mai 2019 &#8211; Nachr\u00fccker Gemeindevertretung Gemeinde Dargen<\/a><\/p>\n<p><b>Gemeinde Garz<\/b><\/p>\n<p><a href=\"aktuelles\/wahlen2019\/garz-gv.pdf\">Bekanntmachung des endg\u00fcltigen Wahlergebnisses und der Namen der gew\u00e4hlten Bewerberinnen oder der gew\u00e4hlten Bewerber der Kommunalwahlen in der Gemeindevertretung<\/a><br \/>\n<a href=\"aktuelles\/wahlen2019\/garz-bm.pdf\">Bekanntmachung des endg\u00fcltigen Wahlergebnisses und des Namens der gew\u00e4hlten Bewerberin oder des gew\u00e4hlten Bewerbers &#8211; B\u00fcrgermeisterwahl<\/a><br \/>\n<a href=\"aktuelles\/wahlen2019\/verzicht-garz.pdf\">\u00d6ffentliche Bekanntmachung des Gemeindewahlleiters f\u00fcr die Kommunalwahl am 26. Mai 2019<\/a><\/p>\n<p><b>Gemeinde Kamminke<\/b><\/p>\n<p><a href=\"aktuelles\/wahlen2019\/kamminke-gv.pdf\">Bekanntmachung des endg\u00fcltigen Wahlergebnisses und der Namen der gew\u00e4hlten Bewerberinnen oder der gew\u00e4hlten Bewerber der Kommunalwahlen in der &#8211; Gemeindevertretung<\/a><br \/>\n<a href=\"aktuelles\/wahlen2019\/kamminke-bm.pdf\">Bekanntmachung des endg\u00fcltigen Wahlergebnisses und des Namens der gew\u00e4hlten Bewerberin oder des gew\u00e4hlten Bewerbers &#8211; B\u00fcrgermeisterwahl<\/a><br \/>\n<a href=\"aktuelles\/wahlen2019\/kamminke-nachruecker.pdf\">\u00d6ffentliche Bekanntmachung des Gemeindewahlleiters f\u00fcr die Kommunalwahl am 26. Mai 2019 &#8211; Nachr\u00fccker Gemeindevertretung Gemeinde Kamminke<\/a><\/p>\n<p><b>Gemeinde Korswandt<\/b><\/p>\n<p><a href=\"aktuelles\/wahlen2019\/korswandt-gv.pdf\">Bekanntmachung des endg\u00fcltigen Wahlergebnisses und der Namen der gew\u00e4hlten Bewerberinnen oder der gew\u00e4hlten Bewerber der Kommunalwahlen in der Gemeindevertretung<\/a><br \/>\n<a href=\"aktuelles\/wahlen2019\/korswandt-bm.pdf\">Bekanntmachung des endg\u00fcltigen Wahlergebnisses und des Namens der gew\u00e4hlten Bewerberin oder des gew\u00e4hlten Bewerbers &#8211; B\u00fcrgermeisterwahl<\/a><br \/>\n<a href=\"aktuelles\/wahlen2019\/verzicht-korswandt.pdf\">\u00d6ffentliche Bekanntmachung des Gemeindewahlleiters f\u00fcr die Kommunalwahl am 26. Mai 2019<\/a><\/p>\n<p><b>Gemeinde Koserow<\/b><\/p>\n<p><a href=\"aktuelles\/wahlen2019\/koserow-gv.pdf\">Bekanntmachung des endg\u00fcltigen Wahlergebnisses und der Namen der gew\u00e4hlten Bewerberinnen oder der gew\u00e4hlten Bewerber der Kommunalwahlen in der Gemeindevertretung<\/a><br \/>\n<a href=\"aktuelles\/wahlen2019\/koserow-bm.pdf\">Bekanntmachung des endg\u00fcltigen Wahlergebnisses und des Namens der gew\u00e4hlten Bewerberin oder des gew\u00e4hlten Bewerbers &#8211; B\u00fcrgermeisterwahl<\/a><br \/>\n<a href=\"aktuelles\/wahlen2019\/koserow-nachruecker.pdf\">\u00d6ffentliche Bekanntmachung des Gemeindewahlleiters f\u00fcr die Kommunalwahl am 26. Mai 2019 &#8211; Nachr\u00fccker Gemeindevertretung Gemeinde Koserow<\/a><\/p>\n<p><b>Gemeinde Loddin<\/b><\/p>\n<p><a href=\"aktuelles\/wahlen2019\/loddin-gv.pdf\">Bekanntmachung des endg\u00fcltigen Wahlergebnisses und der Namen der gew\u00e4hlten Bewerberinnen oder der gew\u00e4hlten Bewerber der Kommunalwahlen in der Gemeindevertretung<\/a><br \/>\n<a href=\"ortsrecht\/bm_loddin\/bekanntmachung-20201007-loddin.pdf\">\u00d6ffentliche Bekanntmachung des Gemeindewahlleiters f\u00fcr die Kommunalwahl am 26. Mai 2019<\/a><\/p>\n<p><b>Gemeinde Mellenthin<\/b><\/p>\n<p><a href=\"aktuelles\/wahlen2019\/mellenthin-gv.pdf\">Bekanntmachung des endg\u00fcltigen Wahlergebnisses und der Namen der gew\u00e4hlten Bewerberinnen oder der gew\u00e4hlten Bewerber der Kommunalwahlen in der Gemeindevertretung<\/a><br \/>\n<a href=\"aktuelles\/wahlen2019\/mellenthin-bm.pdf\">Bekanntmachung des endg\u00fcltigen Wahlergebnisses und des Namens der gew\u00e4hlten Bewerberin oder des gew\u00e4hlten Bewerbers &#8211; B\u00fcrgermeisterwahl<\/a><br \/>\n<a href=\"aktuelles\/wahlen2019\/mellenthin-nachruecker.pdf\">\u00d6ffentliche Bekanntmachung des Gemeindewahlleiters f\u00fcr die Kommunalwahl am 26. Mai 2019 &#8211; Nachr\u00fccker Gemeindevertretung Gemeinde Mellenthin<\/a><\/p>\n<p><b>Gemeinde Pudagla<\/b><\/p>\n<p><a href=\"aktuelles\/wahlen2019\/pudagla-gv.pdf\">Bekanntmachung des endg\u00fcltigen Wahlergebnisses und der Namen der gew\u00e4hlten Bewerberinnen oder der gew\u00e4hlten Bewerber der Kommunalwahlen in der Gemeindevertretung<\/a><br \/>\n<a href=\"aktuelles\/wahlen2019\/pudagla-bm.pdf\">Bekanntmachung des endg\u00fcltigen Wahlergebnisses und des Namens der gew\u00e4hlten Bewerberin oder des gew\u00e4hlten Bewerbers &#8211; B\u00fcrgermeisterwahl<\/a><br \/>\n<a href=\"aktuelles\/wahlen2019\/verzicht-pudagla.pdf\">\u00d6ffentliche Bekanntmachung des Gemeindewahlleiters f\u00fcr die Kommunalwahl am 26. Mai 2019<\/a><\/p>\n<p><b>Gemeinde Rankwitz<\/b><\/p>\n<p><a href=\"aktuelles\/wahlen2019\/rankwitz-gv.pdf\">Bekanntmachung des endg\u00fcltigen Wahlergebnisses und der Namen der gew\u00e4hlten Bewerberinnen oder der gew\u00e4hlten Bewerber der Kommunalwahlen in der Gemeindevertretung<\/a><br \/>\n<a href=\"aktuelles\/wahlen2019\/rankwitz-bm.pdf\">Bekanntmachung des endg\u00fcltigen Wahlergebnisses und des Namens der gew\u00e4hlten Bewerberin oder des gew\u00e4hlten Bewerbers &#8211; B\u00fcrgermeisterwahl<\/a><br \/>\n<a href=\"aktuelles\/wahlen2019\/verzicht-rankwitz.pdf\">\u00d6ffentliche Bekanntmachung des Gemeindewahlleiters f\u00fcr die Kommunalwahl am 26. Mai 2019<\/a><\/p>\n<p><b>Gemeinde Stolpe auf Usedom<\/b><\/p>\n<p><a href=\"aktuelles\/wahlen2019\/stolpe-gv.pdf\">Bekanntmachung des endg\u00fcltigen Wahlergebnisses und der Namen der gew\u00e4hlten Bewerberinnen oder der gew\u00e4hlten Bewerber der Kommunalwahlen in der Gemeindevertretung<\/a><br \/>\n<a href=\"aktuelles\/wahlen2019\/stolpe-bm.pdf\">Bekanntmachung des endg\u00fcltigen Wahlergebnisses und des Namens der gew\u00e4hlten Bewerberin oder des gew\u00e4hlten Bewerbers &#8211; B\u00fcrgermeisterwahl<\/a><br \/>\n<a href=\"aktuelles\/wahlen2019\/verzicht-stolpe.pdf\">\u00d6ffentliche Bekanntmachung des Gemeindewahlleiters f\u00fcr die Kommunalwahl am 26. Mai 2019<\/a><br \/>\n<a href=\"aktuelles\/wahlen2019\/bekanntmachung-20210510-stolpe.pdf\" rel=\"noopener noreferrer\">\u00d6ffentliche Bekanntmachung des Gemeindewahlleiters f\u00fcr die Kommunalwahl am 26. Mai 2019<\/a><\/p>\n<p><b>Gemeinde \u00dcckeritz<\/b><\/p>\n<p><a href=\"aktuelles\/wahlen2019\/ueckeritz-gv.pdf\">Bekanntmachung des endg\u00fcltigen Wahlergebnisses und der Namen der gew\u00e4hlten Bewerberinnen oder der gew\u00e4hlten Bewerber der Kommunalwahlen in der Gemeindevertretung<\/a><br \/>\n<a href=\"aktuelles\/wahlen2019\/ueckeritz-bm.pdf\">Bekanntmachung des endg\u00fcltigen Wahlergebnisses und des Namens der gew\u00e4hlten Bewerberin oder des gew\u00e4hlten Bewerbers &#8211; B\u00fcrgermeisterwahl<\/a><br \/>\n<a href=\"aktuelles\/wahlen2019\/ueckeritz-nachruecker.pdf\">\u00d6ffentliche Bekanntmachung des Gemeindewahlleiters f\u00fcr die Kommunalwahl am 26. Mai 2019 &#8211; Nachr\u00fccker Gemeindevertretung Gemeinde \u00dcckeritz<\/a><br \/>\n<a target=\"_blank\" href=\"ortsrecht\/bm_ueckeritz\/bekanntmachung-20210712-ueckeritz.pdf\" rel=\"noopener noreferrer\">\u00d6ffentliche Bekanntmachung des Gemeindewahlleiters f\u00fcr die Kommunalwahl am 26. Mai 2019<\/a><\/p>\n<p><b>Gemeinde Zempin<\/b><\/p>\n<p><a href=\"aktuelles\/wahlen2019\/zempin-gv.pdf\">Bekanntmachung des endg\u00fcltigen Wahlergebnisses und der Namen der gew\u00e4hlten Bewerberinnen oder der gew\u00e4hlten Bewerber der Kommunalwahlen in der Gemeindevertretung<\/a><br \/>\n<a href=\"aktuelles\/wahlen2019\/zempin-bm.pdf\">Bekanntmachung des endg\u00fcltigen Wahlergebnisses und des Namens der gew\u00e4hlten Bewerberin oder des gew\u00e4hlten Bewerbers &#8211; B\u00fcrgermeisterwahl<\/a><br \/>\n<a href=\"aktuelles\/wahlen2019\/verzicht-zempin.pdf\">\u00d6ffentliche Bekanntmachung des Gemeindewahlleiters f\u00fcr die Kommunalwahl am 26. Mai 2019<\/a><br \/>\n<a href=\"aktuelles\/wahlen2019\/zempin-nachruecker2.pdf\">\u00d6ffentliche Bekanntmachung des Gemeindewahlleiters f\u00fcr die Kommunalwahl am 26. Mai 2019 &#8211; Nachr\u00fccker Gemeindevertretung Gemeinde Zempin<\/a><\/p>\n<p><b>Gemeinde Zirchow<\/b><\/p>\n<p><a href=\"aktuelles\/wahlen2019\/zirchow-gv.pdf\">Bekanntmachung des endg\u00fcltigen Wahlergebnisses und der Namen der gew\u00e4hlten Bewerberinnen oder der gew\u00e4hlten Bewerber der Kommunalwahlen in der Gemeindevertretung<\/a><br \/>\n<a href=\"aktuelles\/wahlen2019\/zirchow-bm.pdf\">Bekanntmachung des endg\u00fcltigen Wahlergebnisses und des Namens der gew\u00e4hlten Bewerberin oder des gew\u00e4hlten Bewerbers &#8211; B\u00fcrgermeisterwahl<\/a><br \/>\n<a href=\"aktuelles\/wahlen2019\/verzicht-zirchow.pdf\">\u00d6ffentliche Bekanntmachung des Gemeindewahlleiters f\u00fcr die Kommunalwahl am 26. Mai 2019<\/a><\/p>","protected":false},"excerpt":{"rendered":"<p>&#8211; \u00d6ffentliche Bekanntmachung zu den Wahlen am 26. Mai 2019 &#8211; \u00d6ffentliche Bekanntmachung kommunale Wahlleitung &#8211; \u00d6ffentliche Bekanntmachung Gemeindewahlausschuss &#8211; \u00d6ffentliche Bekanntmachung des Termins der 1. Sitzung des Gemeindewahlausschusses &#8211; \u00d6ffentliche Bekanntmachung \u00fcber das Recht auf Einsichtnahme in das W\u00e4hlerverzeichnis und die Erteilung von Wahlscheinen &#8211; \u00d6ffentliche Bekanntmachung \u00fcber die zugelassenen Wahlvorschl\u00e4ge zu den Kommunalwahlen am 26. Mai 2019 &#8211;<\/p>\n","protected":false},"author":2,"featured_media":0,"parent":0,"menu_order":0,"comment_status":"closed","ping_status":"closed","template":"","meta":{"footnotes":""},"class_list":["post-4627","page","type-page","status-publish","hentry"],"_links":{"self":[{"href":"https:\/\/www.amtusedom.de\/index.php?rest_route=\/wp\/v2\/pages\/4627","targetHints":{"allow":["GET"]}}],"collection":[{"href":"https:\/\/www.amtusedom.de\/index.php?rest_route=\/wp\/v2\/pages"}],"about":[{"href":"https:\/\/www.amtusedom.de\/index.php?rest_route=\/wp\/v2\/types\/page"}],"author":[{"embeddable":true,"href":"https:\/\/www.amtusedom.de\/index.php?rest_route=\/wp\/v2\/users\/2"}],"replies":[{"embeddable":true,"href":"https:\/\/www.amtusedom.de\/index.php?rest_route=%2Fwp%2Fv2%2Fcomments&post=4627"}],"version-history":[{"count":37,"href":"https:\/\/www.amtusedom.de\/index.php?rest_route=\/wp\/v2\/pages\/4627\/revisions"}],"predecessor-version":[{"id":6516,"href":"https:\/\/www.amtusedom.de\/index.php?rest_route=\/wp\/v2\/pages\/4627\/revisions\/6516"}],"wp:attachment":[{"href":"https:\/\/www.amtusedom.de\/index.php?rest_route=%2Fwp%2Fv2%2Fmedia&parent=4627"}],"curies":[{"name":"wp","href":"https:\/\/api.w.org\/{rel}","templated":true}]}}