{"id":478,"date":"2012-08-23T15:22:53","date_gmt":"2012-08-23T13:22:53","guid":{"rendered":"http:\/\/localhost\/wp\/?page_id=478"},"modified":"2023-08-02T08:56:31","modified_gmt":"2023-08-02T06:56:31","slug":"ortsrecht-gemeinde-dargen-baurecht","status":"publish","type":"page","link":"https:\/\/www.amtusedom.de\/?page_id=478","title":{"rendered":"Ortsrecht \u2013 Gemeinde Dargen: Baurecht"},"content":{"rendered":"\n<table id=\"tablepress-76\" class=\"tablepress tablepress-id-76\">\n<thead>\n<tr class=\"row-1\">\n\t<td class=\"column-1\"><\/td>\n<\/tr>\n<\/thead>\n<tbody class=\"row-striping row-hover\">\n<tr class=\"row-2\">\n\t<td class=\"column-1\"> \t<a href=\"https:\/\/www.amtusedom.de\/ortsrecht\/or_dargen\/dargen13.pdf\" target=\"_blank\" rel=\"noopener noreferrer\">Satzung der Gemeinde Dargen \u00fcber die Erhebung von Beitr\u00e4gen f\u00fcr den Ausbau von Stra\u00dfen, Wegen und Pl\u00e4tzen<\/a><\/td>\n<\/tr>\n<tr class=\"row-3\">\n\t<td class=\"column-1\"> \t<a href=\"https:\/\/www.amtusedom.de\/bauplanung\/dargen\/S-Dargen-1Aen.pdf\" target=\"_blank\" rel=\"noopener noreferrer\">Klarstellungsssatzung Dargen, Dargen-Hof, Katschow, G\u00f6rke, Bossin, Neverow, Pr\u00e4tenow, Kachlin, 1. \u00c4nderung<\/a><\/td>\n<\/tr>\n<tr class=\"row-4\">\n\t<td class=\"column-1\"> \t<a href=\"https:\/\/www.amtusedom.de\/bauplanung\/dargen\/S-Dargen-2Aen.pdf\" target=\"_blank\" rel=\"noopener noreferrer\">Klarstellungsssatzung Dargen, Dargen-Hof, Katschow, G\u00f6rke, Bossin, Neverow, Pr\u00e4tenow, Kachlin, 2. Erg\u00e4nzung<\/a><\/td>\n<\/tr>\n<tr class=\"row-5\">\n\t<td class=\"column-1\"> \t<a href=\"https:\/\/www.amtusedom.de\/bauplanung\/dargen\/S-Dargen-3Aen.pdf\" target=\"_blank\" rel=\"noopener noreferrer\">Klarstellungsssatzung Dargen, Dargen-Hof, Katschow, G\u00f6rke, Bossin, Neverow, Pr\u00e4tenow, Kachlin, 3. Erg\u00e4nzung<\/a><\/td>\n<\/tr>\n<tr class=\"row-6\">\n\t<td class=\"column-1\"> \t<a href=\"https:\/\/www.amtusedom.de\/bauplanung\/dargen\/S-Dargen-4Aen.pdf\" target=\"_blank\" rel=\"noopener noreferrer\">Klarstellungsssatzung Dargen, Dargen-Hof, Katschow, G\u00f6rke, Bossin, Neverow, Pr\u00e4tenow, Kachlin, 4. Erg\u00e4nzung<\/a><\/td>\n<\/tr>\n<tr class=\"row-7\">\n\t<td class=\"column-1\"> \t<a href=\"https:\/\/www.amtusedom.de\/bauplanung\/dargen\/S-Dargen-5Aen.pdf\" target=\"_blank\" rel=\"noopener noreferrer\">Klarstellungsssatzung Dargen, Dargen-Hof, Katschow, G\u00f6rke, Bossin, Neverow, Pr\u00e4tenow, Kachlin, 5. Erg\u00e4nzung<\/a><\/td>\n<\/tr>\n<tr class=\"row-8\">\n\t<td class=\"column-1\"> \t<a href=\"https:\/\/www.amtusedom.de\/bauplanung\/dargen\/IBS_Bossin.pdf\" target=\"_blank\" rel=\"noopener noreferrer\">Klarstellungssatzung Bossin, 1. Erg\u00e4nzung<\/a><\/td>\n<\/tr>\n<tr class=\"row-9\">\n\t<td class=\"column-1\"> \t<a href=\"https:\/\/www.amtusedom.de\/bauplanung\/dargen\/Dargen-BPlan1-Aend1.pdf\" target=\"_blank\" rel=\"noopener noreferrer\">Satzung der Gemeinde Dargen \u00fcber den Bebauungsplan Nr. 1 f\u00fcr die \"1. \u00c4nderung und Erg\u00e4nzung des vorhabenbezogenen Bebauungsplanes Nr. 1 Zweiradmuseum\"<\/a><\/td>\n<\/tr>\n<tr class=\"row-10\">\n\t<td class=\"column-1\"> \t<a href=\"https:\/\/www.amtusedom.de\/bauplanung\/dargen\/ABS-Katschow.pdf\" target=\"_blank\" rel=\"noopener noreferrer\">Au\u00dfenbereichssatzung der Gemeinde Dargen f\u00fcr den Bereich Katschow - Feldstra\u00dfe im Ortsteil Katschow<\/a><\/td>\n<\/tr>\n<tr class=\"row-11\">\n\t<td class=\"column-1\"> <a href=\"https:\/\/amtusedom.de\/bauplanung\/dargen\/B E G R. 7. Erg. IBS Dargen Satz.fass. 11-2022+Plan Satz.fass. 7. Erg\u00e4nz. IBS Dargen von 11-2022.pdf\" target=\"_blank\" rel=\"noopener\">Klarstellungsssatzung Dargen, Dargen-Hof, Katschow, G\u00f6rke, Bossin, Neverow, Pr\u00e4tenow, Kachlin, 7. Erg\u00e4nzung<\/a><\/td>\n<\/tr>\n<tr class=\"row-12\">\n\t<td class=\"column-1\"><a target=\"_blank\" href=\"https:\/\/www.amtusedom.de\/wp-content\/uploads\/2024\/06\/Begruendung-8.Aend-KS-Dargen.pdf\" rel=\"noopener\">Klarstellungsssatzung Dargen, Dargen-Hof, Katschow, G\u00f6rke, Bossin, Neverow, Pr\u00e4tenow, Kachlin, 8. Erg\u00e4nzung<\/a><\/td>\n<\/tr>\n<\/tbody>\n<\/table>\n<!-- #tablepress-76 from cache -->","protected":false},"excerpt":{"rendered":"","protected":false},"author":2,"featured_media":0,"parent":457,"menu_order":4,"comment_status":"closed","ping_status":"closed","template":"","meta":{"footnotes":""},"class_list":["post-478","page","type-page","status-publish","hentry"],"_links":{"self":[{"href":"https:\/\/www.amtusedom.de\/index.php?rest_route=\/wp\/v2\/pages\/478","targetHints":{"allow":["GET"]}}],"collection":[{"href":"https:\/\/www.amtusedom.de\/index.php?rest_route=\/wp\/v2\/pages"}],"about":[{"href":"https:\/\/www.amtusedom.de\/index.php?rest_route=\/wp\/v2\/types\/page"}],"author":[{"embeddable":true,"href":"https:\/\/www.amtusedom.de\/index.php?rest_route=\/wp\/v2\/users\/2"}],"replies":[{"embeddable":true,"href":"https:\/\/www.amtusedom.de\/index.php?rest_route=%2Fwp%2Fv2%2Fcomments&post=478"}],"version-history":[{"count":23,"href":"https:\/\/www.amtusedom.de\/index.php?rest_route=\/wp\/v2\/pages\/478\/revisions"}],"predecessor-version":[{"id":7987,"href":"https:\/\/www.amtusedom.de\/index.php?rest_route=\/wp\/v2\/pages\/478\/revisions\/7987"}],"up":[{"embeddable":true,"href":"https:\/\/www.amtusedom.de\/index.php?rest_route=\/wp\/v2\/pages\/457"}],"wp:attachment":[{"href":"https:\/\/www.amtusedom.de\/index.php?rest_route=%2Fwp%2Fv2%2Fmedia&parent=478"}],"curies":[{"name":"wp","href":"https:\/\/api.w.org\/{rel}","templated":true}]}}