{"id":544,"date":"2012-08-24T11:16:19","date_gmt":"2012-08-24T09:16:19","guid":{"rendered":"http:\/\/localhost\/wp\/?page_id=544"},"modified":"2023-08-02T09:20:14","modified_gmt":"2023-08-02T07:20:14","slug":"ortsrecht-gemeinde-kamminke-baurecht","status":"publish","type":"page","link":"https:\/\/www.amtusedom.de\/?page_id=544","title":{"rendered":"Ortsrecht &#8211; Gemeinde Kamminke: Baurecht"},"content":{"rendered":"\n<table id=\"tablepress-79\" class=\"tablepress tablepress-id-79\">\n<thead>\n<tr class=\"row-1\">\n\t<td class=\"column-1\"><\/td>\n<\/tr>\n<\/thead>\n<tbody class=\"row-striping row-hover\">\n<tr class=\"row-2\">\n\t<td class=\"column-1\">\t<a href=\"https:\/\/www.amtusedom.de\/ortsrecht\/or_kamminke\/kamminke-ausbaubeitraege.pdf\" target=\"_blank\" rel=\"noopener noreferrer\">Satzung der Gemeinde Kamminke \u00fcber die Erhebung von Beitr\u00e4gen f\u00fcr den Ausbau von Stra\u00dfen, Wegen und Pl\u00e4tzen<\/a><\/td>\n<\/tr>\n<tr class=\"row-3\">\n\t<td class=\"column-1\">\t<a href=\"https:\/\/www.amtusedom.de\/bauplanung\/kamminke\/bplan1-kamminke.pdf\" target=\"_blank\" rel=\"noopener noreferrer\">Bebauungsplan Nr. 1 f\u00fcr das \"Campingplatz- und Ferienhausgebiet Haffk\u00fcste\"<\/a><\/td>\n<\/tr>\n<\/tbody>\n<\/table>\n<!-- #tablepress-79 from cache -->","protected":false},"excerpt":{"rendered":"","protected":false},"author":2,"featured_media":0,"parent":526,"menu_order":4,"comment_status":"closed","ping_status":"closed","template":"","meta":{"footnotes":""},"class_list":["post-544","page","type-page","status-publish","hentry"],"_links":{"self":[{"href":"https:\/\/www.amtusedom.de\/index.php?rest_route=\/wp\/v2\/pages\/544","targetHints":{"allow":["GET"]}}],"collection":[{"href":"https:\/\/www.amtusedom.de\/index.php?rest_route=\/wp\/v2\/pages"}],"about":[{"href":"https:\/\/www.amtusedom.de\/index.php?rest_route=\/wp\/v2\/types\/page"}],"author":[{"embeddable":true,"href":"https:\/\/www.amtusedom.de\/index.php?rest_route=\/wp\/v2\/users\/2"}],"replies":[{"embeddable":true,"href":"https:\/\/www.amtusedom.de\/index.php?rest_route=%2Fwp%2Fv2%2Fcomments&post=544"}],"version-history":[{"count":8,"href":"https:\/\/www.amtusedom.de\/index.php?rest_route=\/wp\/v2\/pages\/544\/revisions"}],"predecessor-version":[{"id":8000,"href":"https:\/\/www.amtusedom.de\/index.php?rest_route=\/wp\/v2\/pages\/544\/revisions\/8000"}],"up":[{"embeddable":true,"href":"https:\/\/www.amtusedom.de\/index.php?rest_route=\/wp\/v2\/pages\/526"}],"wp:attachment":[{"href":"https:\/\/www.amtusedom.de\/index.php?rest_route=%2Fwp%2Fv2%2Fmedia&parent=544"}],"curies":[{"name":"wp","href":"https:\/\/api.w.org\/{rel}","templated":true}]}}