{"id":551,"date":"2012-08-27T11:29:34","date_gmt":"2012-08-27T09:29:34","guid":{"rendered":"http:\/\/localhost\/wp\/?page_id=551"},"modified":"2020-09-01T14:13:42","modified_gmt":"2020-09-01T12:13:42","slug":"ortsrecht-gemeinde-korswandt-offentliche-bekanntmachungen","status":"publish","type":"page","link":"https:\/\/www.amtusedom.de\/?page_id=551","title":{"rendered":"Ortsrecht &#8211; Gemeinde Korswandt: \u00d6ffentliche Bekanntmachungen"},"content":{"rendered":"<p><strong>\u00d6ffentliche Bekanntmachungen<\/strong><\/p>\n\n<table id=\"tablepress-7\" class=\"tablepress tablepress-id-7\">\n<thead>\n<tr class=\"row-1\">\n\t<th class=\"column-1\">Ver\u00f6ffentlicht am<\/th><th class=\"column-2\">Bekanntmachung<\/th>\n<\/tr>\n<\/thead>\n<tbody class=\"row-striping\">\n<tr class=\"row-2\">\n\t<td class=\"column-1\">20.01.2021<\/td><td class=\"column-2\"><a target=\"_blank\" href=\"ortsrecht\/bm_korswandt\/bekanntmachung-20210120-1-korswandt.pdf\" rel=\"noopener noreferrer\">Bekanntmachung der Gemeinde Korswandt zum Beschluss Nr. GVKw-0208\/20 vom 19.01.2021 \u00fcber die \u00c4nderung des Beschlusses Nr. GVKw-0184\/20 vom 10.09.2020 \u00fcber den Entwurf und die \u00f6ffentliche Auslegung der 2. \u00c4nderung des Bebauungsplanes Nr. 3 \u201eGolfplatz Korswandt\u201c in der Fassung von 04-2020, nun zum Entwurf der 1.Teilaufhebung des Bebauungsplanes Nr. 3 \u201eGolfplatz Korswandt\u201c der Gemeinde Korswandt f\u00fcr das Flurst\u00fcck 595, Flur 2, Gemarkung Korswandt in der Fassung von 12-2020<\/a><\/td>\n<\/tr>\n<tr class=\"row-3\">\n\t<td class=\"column-1\">20.01.2021<\/td><td class=\"column-2\"><a target=\"_blank\" href=\"ortsrecht\/bm_korswandt\/bekanntmachung-20210120-2-korswandt.pdf\" rel=\"noopener noreferrer\">Bekanntmachung der Gemeinde Korswandt zum Beschluss Nr. GVKw-0209\/20 vom 19.01.2021 \u00fcber die \u00c4nderung des Beschlusses Nr. GVKw-0187\/20 vom 10.09.2020 \u00fcber den Entwurf und die \u00f6ffentliche Auslegung der 2. \u00c4nderung des Bebauungsplanes Nr. 4 \u201eHotel Pirol\u201c in der Fassung von 04-2020, nun zum Entwurf der 2. \u00c4nderung und 1. Erg\u00e4nzung des Bebauungsplanes Nr. 4 \u201eHotel Pirol\u201c der Gemeinde Korswandt in der Fassung von 12-2020<\/a><\/td>\n<\/tr>\n<tr class=\"row-4\">\n\t<td class=\"column-1\">23.02.2021<\/td><td class=\"column-2\"><a target=\"_blank\" href=\"ortsrecht\/bm_korswandt\/bekanntmachung-20210223-korswandt.pdf\" rel=\"noopener noreferrer\">Bekanntmachung der Haushaltssatzung der Gemeinde Korswandt f\u00fcr das Haushaltsjahr 2021<\/a><\/td>\n<\/tr>\n<tr class=\"row-5\">\n\t<td class=\"column-1\">12.05.2021<\/td><td class=\"column-2\"><a target=\"_blank\" href=\"ortsrecht\/bm_korswandt\/bekanntmachung-20210512-1-korswandt.pdf\" rel=\"noopener noreferrer\">Bekanntmachung Eintragung ins Grundbuch<\/a><\/td>\n<\/tr>\n<tr class=\"row-6\">\n\t<td class=\"column-1\">12.05.2021<\/td><td class=\"column-2\"><a target=\"_blank\" href=\"ortsrecht\/bm_korswandt\/bekanntmachung-20210512-2-korswandt.pdf\" rel=\"noopener noreferrer\">Bekanntmachung Eintragung ins Grundbuch<\/a><\/td>\n<\/tr>\n<tr class=\"row-7\">\n\t<td class=\"column-1\">07.06.2021<\/td><td class=\"column-2\"><a target=\"_blank\" href=\"ortsrecht\/bm_korswandt\/bekanntmachung-20210607-korswandt.pdf\" rel=\"noopener noreferrer\">Bekanntmachung Eintragung ins Grundbuch<\/a><\/td>\n<\/tr>\n<tr class=\"row-8\">\n\t<td class=\"column-1\">15.06.2021<\/td><td class=\"column-2\"><a target=\"_blank\" href=\"ortsrecht\/bm_korswandt\/bekanntmachung-20210615-korswandt.pdf\" rel=\"noopener noreferrer\">Bekanntmachung Eintragung ins Grundbuch<\/a><\/td>\n<\/tr>\n<tr class=\"row-9\">\n\t<td class=\"column-1\">30.06.2021<\/td><td class=\"column-2\"><a target=\"_blank\" href=\"ortsrecht\/bm_korswandt\/bekanntmachung-20210630-korswandt.pdf\" rel=\"noopener noreferrer\">Bekanntmachung Eintragung ins Grundbuch<\/a><\/td>\n<\/tr>\n<tr class=\"row-10\">\n\t<td class=\"column-1\">09.09.2021<\/td><td class=\"column-2\"><a target=\"_blank\" href=\"ortsrecht\/bm_korswandt\/bekanntmachung-20210909-2-korswandt.pdf\" rel=\"noopener noreferrer\">Bekanntmachung der Gemeinde Korswandt zum Beschluss Nr. GVKw-0243\/21 vom 24.08.2021 \u00fcber die Satzung zur 1. Teilaufhebung des Bebauungsplanes Nr. 3 \u201eGolfplatz Korswandt\u201c der Gemeinde Korswandt<\/a><\/td>\n<\/tr>\n<tr class=\"row-11\">\n\t<td class=\"column-1\">09.09.2021<\/td><td class=\"column-2\"><a target=\"_blank\" href=\"ortsrecht\/bm_korswandt\/bekanntmachung-20210909-3-korswandt.pdf\" rel=\"noopener noreferrer\">Bekanntmachung der Gemeinde Korswandt zum Beschluss Nr. GVKw-0241\/21 vom 24.08.2021 \u00fcber die Satzung zur 2. \u00c4nderung und 1. Erg\u00e4nzung des Bebauungsplanes Nr. 4 \u201eHotel Pirol\u201c d der Gemeinde Korswandt<\/a><\/td>\n<\/tr>\n<tr class=\"row-12\">\n\t<td class=\"column-1\">28.02.2022<\/td><td class=\"column-2\"><a target=\"_blank\" href=\"ortsrecht\/bm_korswandt\/bekanntmachung-20220228-korswandt.pdf\" rel=\"noopener noreferrer\">Bekanntmachung der Haushaltssatzung der Gemeinde Korswandt f\u00fcr das Haushaltsjahr 2022<\/a><\/td>\n<\/tr>\n<tr class=\"row-13\">\n\t<td class=\"column-1\">08.03.2022<\/td><td class=\"column-2\"><a target=\"_blank\" href=\"ortsrecht\/bm_korswandt\/bekanntmachung-20220308-korswandt.pdf\" rel=\"noopener noreferrer\">Bekanntmachung: Eintragung Grundbuch<\/a><\/td>\n<\/tr>\n<tr class=\"row-14\">\n\t<td class=\"column-1\">11.03.2022<\/td><td class=\"column-2\"><a target=\"_blank\" href=\"ortsrecht\/bm_korswandt\/bekanntmachung-20220311-1-korswandt.pdf\" rel=\"noopener noreferrer\">Bekanntmachung: Eintragung Grundbuch<\/a><\/td>\n<\/tr>\n<tr class=\"row-15\">\n\t<td class=\"column-1\">11.03.2022<\/td><td class=\"column-2\"><a target=\"_blank\" href=\"ortsrecht\/bm_korswandt\/bekanntmachung-20220311-2-korswandt.pdf\" rel=\"noopener noreferrer\">Bekanntmachung: Eintragung Grundbuch<\/a><\/td>\n<\/tr>\n<tr class=\"row-16\">\n\t<td class=\"column-1\">17.03.2022<\/td><td class=\"column-2\"><a target=\"_blank\" href=\"ortsrecht\/bm_korswandt\/bekanntmachung-20220317-korswandt.pdf\" rel=\"noopener noreferrer\">Bekanntmachung: Eintragung Grundbuch<\/a><\/td>\n<\/tr>\n<tr class=\"row-17\">\n\t<td class=\"column-1\">31.05.2022<\/td><td class=\"column-2\"><a target=\"_blank\" href=\"ortsrecht\/bm_korswandt\/bekanntmachung-20220531-1-korswandt.pdf\" rel=\"noopener noreferrer\">Bekanntmachung: Eintragung Grundbuch<\/a><\/td>\n<\/tr>\n<tr class=\"row-18\">\n\t<td class=\"column-1\">31.05.2022<\/td><td class=\"column-2\"><a target=\"_blank\" href=\"ortsrecht\/bm_korswandt\/bekanntmachung-20220531-2-korswandt.pdf\" rel=\"noopener noreferrer\">Bekanntmachung: Eintragung Grundbuch<\/a><\/td>\n<\/tr>\n<tr class=\"row-19\">\n\t<td class=\"column-1\">31.05.2022<\/td><td class=\"column-2\"><a target=\"_blank\" href=\"ortsrecht\/bm_korswandt\/bekanntmachung-20220531-3-korswandt.pdf\" rel=\"noopener noreferrer\">Bekanntmachung: Eintragung Grundbuch<\/a><\/td>\n<\/tr>\n<tr class=\"row-20\">\n\t<td class=\"column-1\">31.05.2022<\/td><td class=\"column-2\"><a target=\"_blank\" href=\"ortsrecht\/bm_korswandt\/bekanntmachung-20220531-4-korswandt.pdf\" rel=\"noopener noreferrer\">Bekanntmachung: Eintragung Grundbuch<\/a><\/td>\n<\/tr>\n<tr class=\"row-21\">\n\t<td class=\"column-1\">31.05.2022<\/td><td class=\"column-2\"><a target=\"_blank\" href=\"ortsrecht\/bm_korswandt\/bekanntmachung-20220531-5-korswandt.pdf\" rel=\"noopener noreferrer\">Bekanntmachung: Eintragung Grundbuch<\/a><\/td>\n<\/tr>\n<tr class=\"row-22\">\n\t<td class=\"column-1\">27.02.2022<\/td><td class=\"column-2\"><a target=\"_blank\" href=\"ortsrecht\/bm_korswandt\/bekanntmachung-20230227.pdf\" rel=\"noopener noreferrer\">Bekanntmachung der Haushaltssatzung der Gemeinde Korswandt f\u00fcr das Haushaltsjahr 2023<\/a><\/td>\n<\/tr>\n<tr class=\"row-23\">\n\t<td class=\"column-1\">30.05.2023<\/td><td class=\"column-2\"><a target=\"_blank\" href=\"https:\/\/www.amtusedom.de\/wp-content\/uploads\/2023\/05\/Bek.-Offenlegung_Grenzniederschrift_-LK_Korswandt.pdf\" rel=\"noopener\">Orts\u00fcbliche Bekanntmachung<br \/>\nder Offenlegung der Niederschrift \u00fcber den Grenztermin<\/a><\/td>\n<\/tr>\n<tr class=\"row-24\">\n\t<td class=\"column-1\">05.07.2023<\/td><td class=\"column-2\"><a target=\"_blank\" href=\"https:\/\/www.amtusedom.de\/wp-content\/uploads\/2023\/07\/Korswandt-JR-2017-Bekanntmachung.pdf\" rel=\"noopener\">Bekanntmachung der Feststellung des Jahresabschlusses 2017 und der Entlastung des B\u00fcrgermeisters der Gemeinde Korswandt<\/a><\/td>\n<\/tr>\n<tr class=\"row-25\">\n\t<td class=\"column-1\">05.07.2023<\/td><td class=\"column-2\"><a target=\"_blank\" href=\"https:\/\/www.amtusedom.de\/wp-content\/uploads\/2023\/07\/Bekanntmachung-Aufst.beschl-BPl.-7-Korswandt-geaenderter-Geltungsbereich.pdf\" rel=\"noopener\">Bekanntmachung der Gemeinde Korswandt zum Beschluss Nr. GVKw-0306\/23 vom 29.06.2023 \u00fcber die Aufstellung des Bebauungsplanes Nr. 7 \u201eWohnbebauung am Gothenweg\u201c,<\/a><\/td>\n<\/tr>\n<tr class=\"row-26\">\n\t<td class=\"column-1\">05.07.2023<\/td><td class=\"column-2\"><a target=\"_blank\" href=\"https:\/\/www.amtusedom.de\/wp-content\/uploads\/2023\/07\/Bekanntm.-Veraenderungssperre-BPl.-7-Korswandt-geaenderter-Geltungsbereich.pdf\" rel=\"noopener\">Bekanntmachung der Gemeinde Korswandt zum Beschluss Nr. GVKw- 290\/23-1 vom 29.06.2023 \u00fcber den Erlass einer Satzung \u00fcber eine Ver\u00e4nderungssperre i. V. m.  der Aufstellung des Bebauungsplanes Nr. 7 \u201eWohnbebauung am Gothenweg\u201c,<\/a><\/td>\n<\/tr>\n<tr class=\"row-27\">\n\t<td class=\"column-1\">07.07.2023<\/td><td class=\"column-2\"><a target=\"_blank\" href=\"https:\/\/www.amtusedom.de\/wp-content\/uploads\/2023\/07\/Bek.-BP-8-Korswandt_.pdf\" rel=\"noopener\">Bekanntmachung der Gemeinde Korswandt \u00fcber die Beschl\u00fcsse GVKw 307\/23 und GVKw 308\/23 Bebauungsplan Nr. 8 \"Wohnbebauung am Waldrand \u2013 \u00f6stlich des Gothenweges\" Bekanntmachung des Aufstellungsbeschlusses sowie der fr\u00fchzeitigen \u00d6ffentlichkeitsbeteiligung gem\u00e4\u00df $ 3 Abs. 1 BauGB<\/a><\/td>\n<\/tr>\n<tr class=\"row-28\">\n\t<td class=\"column-1\">07.07.2023<\/td><td class=\"column-2\"><a target=\"_blank\" href=\"https:\/\/www.amtusedom.de\/wp-content\/uploads\/2023\/07\/Bek.-FNP-Korswandt_.pdf\" rel=\"noopener\">Bekanntmachung der Gemeinde Korswandt \u00fcber die Beschl\u00fcsse GVKw 309\/23 und GVKw 310\/23 1. \u00c4nderung des Fl\u00e4chennutzungsplans der Gemeinde Korswandt Bekanntmachung des Aufstellungsbeschlusses sowie der fr\u00fchzeitigen \u00d6ffentlichkeitsbeteiligung gem\u00e4\u00df \u00a7 3 Abs. 1 BauGB<\/a><\/td>\n<\/tr>\n<tr class=\"row-29\">\n\t<td class=\"column-1\">19.07.2023<\/td><td class=\"column-2\"><a target=\"_blank\" href=\"https:\/\/www.amtusedom.de\/wp-content\/uploads\/2024\/06\/00_Auslegungsexemplar-B-Plan.pdf\" rel=\"noopener\">Beteiligungsunterlagen zu dem Beschluss GVKw 308\/23 \u00fcber den Vorentwurf und die Auslegung des Bebauungsplan Nr. 8 \"Wohnbebauung am Waldrand \u2013 \u00f6stlich des Gothenweges\" der Gemeinde Korswandt in der Fassung 06-2023<\/a><\/td>\n<\/tr>\n<tr class=\"row-30\">\n\t<td class=\"column-1\">19.07.2023<\/td><td class=\"column-2\"><a target=\"_blank\" href=\"https:\/\/www.amtusedom.de\/wp-content\/uploads\/2024\/06\/01_Flaechennutzungsplan_Juni-2023.pdf\" rel=\"noopener\">Beteiligungsunterlagen zu dem Beschluss GVKw 310\/23  \u00fcber den Vorentwurf und die Auslegung der 1.\u00c4nderung des Fl\u00e4chennutzungsplanes der Gemeinde Korswandt i.V.m. dem B.Plan Nr. 8 \"Wohnbebauung am Waldrand \u2013 \u00f6stlich des Gothenweges\" der Gemeinde Korswandt in der Fassung 06-2023<\/a><\/td>\n<\/tr>\n<tr class=\"row-31\">\n\t<td class=\"column-1\">23.01.2024<\/td><td class=\"column-2\"><a target=\"_blank\" href=\"https:\/\/www.amtusedom.de\/wp-content\/uploads\/2024\/01\/Korswandt-Bekanntmachung-der-Haushaltssatzung-2024.pdf\" rel=\"noopener\">Bekanntmachung der Haushaltssatzung der Gemeinde Korswandt f\u00fcr das Haushaltsjahr 2024<\/a><\/td>\n<\/tr>\n<tr class=\"row-32\">\n\t<td class=\"column-1\">03.06.2024<\/td><td class=\"column-2\"><a target=\"_blank\" href=\"https:\/\/www.amtusedom.de\/wp-content\/uploads\/2024\/06\/Korswandt-JAB-2018.pdf\" rel=\"noopener\">Bekanntmachung der Feststellung des Jahresabschlusses 2018 und der Entlastung des B\u00fcrgermeisters der Gemeinde Korswandt<\/a><\/td>\n<\/tr>\n<tr class=\"row-33\">\n\t<td class=\"column-1\">26.09.2024<\/td><td class=\"column-2\"><a traget=\"_blank\" href=\"https:\/\/www.amtusedom.de\/wp-content\/uploads\/2024\/09\/Bek.-AG-HGW-Korswandt.pdf\">Bekanntmachung AG HGW Korswandt - Terminsbestimmung im Wege der Zwangsvollstreckung<\/a><\/td>\n<\/tr>\n<tr class=\"row-34\">\n\t<td class=\"column-1\">21.11.2024<\/td><td class=\"column-2\"><a target=\"_blank\" href=\"https:\/\/www.amtusedom.de\/wp-content\/uploads\/2024\/11\/0001-Korswandt-JR-2019-Bekanntmachung.pdf\" rel=\"noopener\">Bekanntmachung der Feststellung des Jahresabschlusses 2019 und der Entlastung des B\u00fcrgermeisters der Gemeinde Korswandt<\/a><\/td>\n<\/tr>\n<tr class=\"row-35\">\n\t<td class=\"column-1\">19.02.2025<\/td><td class=\"column-2\"><a target=\"_blank\" href=\"https:\/\/www.amtusedom.de\/wp-content\/uploads\/2025\/02\/02-Korswandt-Bekanntmachung-der-Haushaltssatzung-2025.pdf\">Bekanntmachung der Haushaltssatzung der Gemeinde Korswandt f\u00fcr das Haushaltsjahr 2025<\/a><\/td>\n<\/tr>\n<tr class=\"row-36\">\n\t<td class=\"column-1\">11.03.2025<\/td><td class=\"column-2\"><a target=\"_blank\" href=\"https:\/\/www.amtusedom.de\/wp-content\/uploads\/2025\/03\/Oeffentliche-Bekanntmachung-Korswandt-2025.pdf\">\u00d6ffentliche Bekanntmachung Aufkommensneutrale Hebes\u00e4tze der Gemeinde Korswandt f\u00fcr die Grundsteuer A und B f\u00fcr das Jahr 2025<\/a><\/td>\n<\/tr>\n<tr class=\"row-37\">\n\t<td class=\"column-1\">03.06.2025<\/td><td class=\"column-2\"><a target=\"_blank\" href=\"https:\/\/www.amtusedom.de\/wp-content\/uploads\/2025\/06\/Bekanntmachung-der-Feststellung-des-Jahresabschlusses-2020-und-der-Entlastung-des-Buergermeisters-der-Gemeinde-Korswandt.pdf\">Bekanntmachung der Feststellung des Jahresabschlusses 2020 und der Entlastung des B\u00fcrgermeisters der Gemeinde Korswandt<\/a><\/td>\n<\/tr>\n<tr class=\"row-38\">\n\t<td class=\"column-1\">29.07.2025<\/td><td class=\"column-2\"><a target=\"_blank\" href=\"https:\/\/www.amtusedom.de\/wp-content\/uploads\/2025\/07\/0001-Korswandt-JR-2021-Bekanntmachung.pdf\">Bekanntmachung der Feststellung des Jahresabschlusses 2021 und der Entlastung des B\u00fcrgermeisters der Gemeinde Korswandt<\/a><\/td>\n<\/tr>\n<tr class=\"row-39\">\n\t<td class=\"column-1\">04.12.2025<\/td><td class=\"column-2\"><a target=\"_blank\" href=\"https:\/\/www.amtusedom.de\/wp-content\/uploads\/2026\/03\/Bek.-Aufhebung-Korswandt.pdf\">Bekanntmachung der Gemeinde Korswandt \u00fcber den Beschluss Nr. GVKw-0037\/25 vom 20.11.2025, f\u00fcr die Aufhebung des Beschlusses Nr. GVKw-0306\/23 vom 29.06.2023 bez\u00fcglich der Aufstellung des Bebauungsplanes Nr. 7 \u201eWohnbebauung am Gothenweg\u201c der Gemeinde Korswandt<\/a><\/td>\n<\/tr>\n<tr class=\"row-40\">\n\t<td class=\"column-1\">02.03.2026<\/td><td class=\"column-2\"><a target=\"_blank\" href=\"https:\/\/www.amtusedom.de\/wp-content\/uploads\/2026\/03\/HHKorswandt2026.pdf\">Bekanntmachung der Haushaltssatzung der Gemeinde Korswandt f\u00fcr das Haushaltsjahr 2026<\/a><\/td>\n<\/tr>\n<tr class=\"row-41\">\n\t<td class=\"column-1\">05.03.2026<\/td><td class=\"column-2\"><a target=\"_blank\" href=\"https:\/\/www.amtusedom.de\/wp-content\/uploads\/2026\/03\/Bek.-Aufhebung-BP-Nr.-8-Korswandt.pdf\">Bekanntmachung der Gemeinde Korswandt \u00fcber den Beschluss Nr. GVKw-0030\/25-1 vom 26.02.2026, \u00fcber die Aufhebung der Beschl\u00fcsse Nr. GVKw-0307\/23 und GVKw-308\/23 vom 29.06.2023 bez\u00fcglich der Aufstellung und dem Vorentwurf des Bebauungsplanes Nr. 8 \u201eWohnbebauung am Waldrand-\u00f6stlich des Gothenweges\u201c der Gemeinde Korswandt<\/a><\/td>\n<\/tr>\n<tr class=\"row-42\">\n\t<td class=\"column-1\">05.03.2026<\/td><td class=\"column-2\"><a target=\"_blank\" href=\"https:\/\/www.amtusedom.de\/wp-content\/uploads\/2026\/03\/Bek.-Aufhebung-1.-Aend-FNP-Korswandt.pdf\">Bekanntmachung der Gemeinde Korswandt \u00fcber den Beschluss Nr. GVKw-0030\/25-1 vom 26.02.2026, \u00fcber die Aufhebung der Beschl\u00fcsse Nr. GVKw-0309\/23 und GVKw-310\/23 vom 29.06.2023 bez\u00fcglich der Aufstellung und dem Vorentwurf der 1. \u00c4nd. des FNP der Gemeinde Korswandt i.V.m. mit dem Bebauungsplanes Nr. 8 \u201eWohnbebauung am Waldrand-\u00f6stlich des Gothenweges\u201c der Gemeinde Korswandt<\/a><\/td>\n<\/tr>\n<\/tbody>\n<\/table>\n<!-- #tablepress-7 from cache -->\n<p><a href=\"?page_id=2620\" title=\"\u00d6ffentliche Bekanntmachungen Gemeinde Korswandt - Archiv\">\u00c4ltere Bekanntmachungen&#8230;<\/a><\/p>","protected":false},"excerpt":{"rendered":"<p>\u00d6ffentliche Bekanntmachungen \u00c4ltere Bekanntmachungen&#8230;<\/p>\n","protected":false},"author":2,"featured_media":0,"parent":549,"menu_order":0,"comment_status":"closed","ping_status":"closed","template":"","meta":{"footnotes":""},"class_list":["post-551","page","type-page","status-publish","hentry"],"_links":{"self":[{"href":"https:\/\/www.amtusedom.de\/index.php?rest_route=\/wp\/v2\/pages\/551","targetHints":{"allow":["GET"]}}],"collection":[{"href":"https:\/\/www.amtusedom.de\/index.php?rest_route=\/wp\/v2\/pages"}],"about":[{"href":"https:\/\/www.amtusedom.de\/index.php?rest_route=\/wp\/v2\/types\/page"}],"author":[{"embeddable":true,"href":"https:\/\/www.amtusedom.de\/index.php?rest_route=\/wp\/v2\/users\/2"}],"replies":[{"embeddable":true,"href":"https:\/\/www.amtusedom.de\/index.php?rest_route=%2Fwp%2Fv2%2Fcomments&post=551"}],"version-history":[{"count":15,"href":"https:\/\/www.amtusedom.de\/index.php?rest_route=\/wp\/v2\/pages\/551\/revisions"}],"predecessor-version":[{"id":5916,"href":"https:\/\/www.amtusedom.de\/index.php?rest_route=\/wp\/v2\/pages\/551\/revisions\/5916"}],"up":[{"embeddable":true,"href":"https:\/\/www.amtusedom.de\/index.php?rest_route=\/wp\/v2\/pages\/549"}],"wp:attachment":[{"href":"https:\/\/www.amtusedom.de\/index.php?rest_route=%2Fwp%2Fv2%2Fmedia&parent=551"}],"curies":[{"name":"wp","href":"https:\/\/api.w.org\/{rel}","templated":true}]}}