{"id":665,"date":"2012-09-06T09:04:24","date_gmt":"2012-09-06T07:04:24","guid":{"rendered":"http:\/\/localhost\/wp\/?page_id=665"},"modified":"2023-08-02T11:26:11","modified_gmt":"2023-08-02T09:26:11","slug":"ortsrecht-gemeinde-mellenthin-baurecht","status":"publish","type":"page","link":"https:\/\/www.amtusedom.de\/?page_id=665","title":{"rendered":"Ortsrecht \u2013 Gemeinde Mellenthin: Baurecht"},"content":{"rendered":"\n<table id=\"tablepress-95\" class=\"tablepress tablepress-id-95\">\n<thead>\n<tr class=\"row-1\">\n\t<td class=\"column-1\"><\/td><td class=\"column-2\"><\/td>\n<\/tr>\n<\/thead>\n<tbody class=\"row-striping row-hover\">\n<tr class=\"row-2\">\n\t<td class=\"column-1\">Satzungen<\/td><td class=\"column-2\"> \t<a href=\"https:\/\/www.amtusedom.de\/ortsrecht\/or_mellenthin\/mellenthin14.pdf\" target=\"_blank\" rel=\"noopener noreferrer\">Satzung der Gemeinde Mellenthin \u00fcber die Erhebung von Beitr\u00e4gen f\u00fcr den Ausbau von Stra\u00dfen, Wegen und Pl\u00e4tzen<\/a><\/td>\n<\/tr>\n<tr class=\"row-3\">\n\t<td class=\"column-1\"><\/td><td class=\"column-2\"> \t<a href=\"https:\/\/www.amtusedom.de\/ortsrecht\/or_mellenthin\/mellenthin-hausnummern.pdf\" target=\"_blank\" rel=\"noopener noreferrer\">Satzung \u00fcber das Anbringen von Stra\u00dfenschildern und Hausnummern in der Gemeinde Mellenthin<\/a><\/td>\n<\/tr>\n<tr class=\"row-4\">\n\t<td class=\"column-1\"><\/td><td class=\"column-2\"><a href=\"https:\/\/www.amtusedom.de\/bauplanung\/mellenthin\/gestaltungssatzung-mellenhin.pdf\" target=\"_blank\" rel=\"noopener noreferrer\">Gestaltungssatzung der Gemeinde Mellenthin f\u00fcr die D\u00f6rfer Mellenthin, Morgenitz und Dewichow<\/a><\/td>\n<\/tr>\n<tr class=\"row-5\">\n\t<td class=\"column-1\"><\/td><td class=\"column-2\"><a href=\"https:\/\/www.amtusedom.de\/bauplanung\/mellenthin\/S-Mellenthin-Dewichow.pdf\" target=\"_blank\" rel=\"noopener noreferrer\">Klarstellungssatzung Dewichow<\/a><\/td>\n<\/tr>\n<tr class=\"row-6\">\n\t<td class=\"column-1\"><\/td><td class=\"column-2\"><a href=\"https:\/\/www.amtusedom.de\/bauplanung\/mellenthin\/S-Mellenthin-Dewichow-erg01.pdf\" target=\"_blank\" rel=\"noopener noreferrer\">Satzung der Gemeinde Mellenthin \u00fcber die 1. Erg\u00e4nzung der Klarstellungssatzung mit Erg\u00e4nzungen f\u00fcr den im Zusammenhang bebauten Ortsteil Dewichow der Gemeinde Mellenthin f\u00fcr eine Teilfl\u00e4che aus Flurst\u00fcck 64\/2, Flur 1, Gemarkung Dewichow im Ortsteil Dewichow<\/a><\/td>\n<\/tr>\n<tr class=\"row-7\">\n\t<td class=\"column-1\"><\/td><td class=\"column-2\"><a href=\"https:\/\/www.amtusedom.de\/bauplanung\/mellenthin\/S-Mellenthin.pdf\" target=\"_blank\" rel=\"noopener noreferrer\">Klarstellungssatzung Mellenthin<\/a><\/td>\n<\/tr>\n<tr class=\"row-8\">\n\t<td class=\"column-1\"><\/td><td class=\"column-2\"><a href=\"https:\/\/www.amtusedom.de\/bauplanung\/mellenthin\/IBS_Morgenitz.pdf\" target=\"_blank\" rel=\"noopener noreferrer\">Klarstellungssatzung Morgenitz<\/a><\/td>\n<\/tr>\n<tr class=\"row-9\">\n\t<td class=\"column-1\"><\/td><td class=\"column-2\"><a href=\"https:\/\/www.amtusedom.de\/bauplanung\/mellenthin\/IBS_Morgenitz-1aend.pdf\" target=\"_blank\" rel=\"noopener noreferrer\">Klarstellungssatzung Morgenitz, 1. Erg\u00e4nzung<\/a><\/td>\n<\/tr>\n<tr class=\"row-10\">\n\t<td class=\"column-1\"><\/td><td class=\"column-2\"><a href=\"https:\/\/www.amtusedom.de\/bauplanung\/mellenthin\/klarstellungssatzung-mellenthin-1erg.pdf\" target=\"_blank\" rel=\"noopener noreferrer\">Satzung der Gemeinde Mellenthin \u00fcber die 1. Erg\u00e4nzung der Klarstellungssatzung mit Abrundungen und Erweiterungen f\u00fcr den im Zusammenhang bebauten Ortsteil Mellenthin der Gemeinde Mellenthin<\/a><\/td>\n<\/tr>\n<tr class=\"row-11\">\n\t<td class=\"column-1\"><\/td><td class=\"column-2\"><a href=\"https:\/\/www.amtusedom.de\/bauplanung\/mellenthin\/klarstellungssatzung-mellenthin-2erg.pdf\" target=\"_blank\" rel=\"noopener noreferrer\">Satzung der Gemeinde Mellenthin \u00fcber die 2. Erg\u00e4nzung der Klarstellungssatzung mit Abrundungen und Erweiterungen f\u00fcr den im Zusammenhang bebauten Ortsteil Mellenthin der Gemeinde Mellenthin Teilbereich 1 - Wiesenweg der Gemeinde Mellenthin<\/a><\/td>\n<\/tr>\n<tr class=\"row-12\">\n\t<td class=\"column-1\"><\/td><td class=\"column-2\"><a target=\"_blank\" href=\"https:\/\/www.amtusedom.de\/wp-content\/uploads\/2023\/11\/Bek.-Satzung-Erg.-IBS-Dewichow.pdf\" rel=\"noopener\">Bekanntmachung der Gemeinde Mellenthin \u00fcber die Satzung zur 2. Erg\u00e4nzung und 1. \u00c4nderung der Klarstellungssatzung mit Erg\u00e4nzungen f\u00fcr den im Zusammenhang bebauten Ortsteil Dewichow  der Gemeinde Mellenthin f\u00fcr Teilfl\u00e4chen der Flurst\u00fccke 284 und 285\/1, Flur 1, Gemarkung Dewichow im Ortsteil Dewichow<\/a><\/td>\n<\/tr>\n<tr class=\"row-13\">\n\t<td class=\"column-1\"><\/td><td class=\"column-2\"><a target=\"_blank\" href=\"https:\/\/www.amtusedom.de\/wp-content\/uploads\/2023\/12\/2Ergaenzung-und-1-Aenderung-der-Klarstellungssatzung-mit-Ergaenzungen-fuer-den-im-Zusammenhang-bebauten-Ortsteil-Dewichow-der-Gemeinde-Mellenthin-.pdf\" rel=\"noopener\">2. Erg\u00e4nzung und 1. \u00c4nderung der Klarstellungssatzung mit Erg\u00e4nzungen f\u00fcr den im Zusammenhang bebauten Ortsteil Dewichow der Gemeinde Mellenthin f\u00fcr Teilfl\u00e4chen der Flurst\u00fccke 284 und 285\/1, Flur 1, Gemarkung Dewichow im Ortsteil Dewichow<\/a><\/td>\n<\/tr>\n<tr class=\"row-14\">\n\t<td class=\"column-1\"><\/td><td class=\"column-2\"><\/td>\n<\/tr>\n<tr class=\"row-15\">\n\t<td class=\"column-1\">Vorhaben- und Erschlie\u00dfungsplan <\/td><td class=\"column-2\"> \t<a href=\"https:\/\/www.amtusedom.de\/bauplanung\/mellenthin\/S-Mellenthin-Nr1.pdf\" target=\"_blank\" rel=\"noopener noreferrer\">V \u2013 E-Plan Nr. 1 \"Wohnanlage an der alten Schule\"<\/a><\/td>\n<\/tr>\n<tr class=\"row-16\">\n\t<td class=\"column-1\"><\/td><td class=\"column-2\"> \t<a href=\"https:\/\/www.amtusedom.de\/bauplanung\/mellenthin\/S-Mellenthin-Nr2.pdf\" target=\"_blank\" rel=\"noopener noreferrer\">V \u2013 E-Plan Nr. 2 \"Am Hundemarkt\"<\/a><\/td>\n<\/tr>\n<tr class=\"row-17\">\n\t<td class=\"column-1\"><\/td><td class=\"column-2\"><\/td>\n<\/tr>\n<tr class=\"row-18\">\n\t<td class=\"column-1\">Bebauungsplan (B-Plan) <\/td><td class=\"column-2\"> \t<a href=\"https:\/\/www.amtusedom.de\/bauplanung\/mellenthin\/ReiterhofMorgenitzB-Plan.pdf\" target=\"_blank\" rel=\"noopener noreferrer\">B- Plan Nr. 1 \"Reiterhof Morgenitz\" Gemeinde Mellenthin<\/a><\/td>\n<\/tr>\n<tr class=\"row-19\">\n\t<td class=\"column-1\"><\/td><td class=\"column-2\"> \t<a href=\"https:\/\/www.amtusedom.de\/bauplanung\/mellenthin\/B-Plan_AlteSchmiede.pdf\" target=\"_blank\" rel=\"noopener noreferrer\">B- Plan Nr. 2 \"Alte Schmiede\" Gemeinde Mellenthin<\/a><\/td>\n<\/tr>\n<tr class=\"row-20\">\n\t<td class=\"column-1\"><\/td><td class=\"column-2\"> \t<a href=\"https:\/\/www.amtusedom.de\/bauplanung\/mellenthin\/B-Plan_AlteSchmiedeAend1.pdf\" target=\"_blank\" rel=\"noopener noreferrer\">B- Plan Nr. 2 \"Alte Schmiede\" Gemeinde Mellenthin, 1. \u00c4nderung <\/a><\/td>\n<\/tr>\n<tr class=\"row-21\">\n\t<td class=\"column-1\"><\/td><td class=\"column-2\"><\/td>\n<\/tr>\n<tr class=\"row-22\">\n\t<td class=\"column-1\">Fl\u00e4chennutzungsplan <\/td><td class=\"column-2\"> \t<a href=\"https:\/\/www.amtusedom.de\/bauplanung\/mellenthin\/F-Mellenthin-Morgenitz.pdf\" target=\"_blank\" rel=\"noopener noreferrer\">Fl\u00e4chennutzungsplan ehemalige Gemeinde Morgenitz<\/a><\/td>\n<\/tr>\n<tr class=\"row-23\">\n\t<td class=\"column-1\"><\/td><td class=\"column-2\"><a href=\"https:\/\/www.amtusedom.de\/bauplanung\/mellenthin\/FNP-Mellenthin.pdf\" target=\"_blank\" rel=\"noopener noreferrer\">Fl\u00e4chennutzungsplan der Gemeinde Mellenthin mit den Orsteilen Mellenthin, Morgenitz und Dewichow<\/a><\/td>\n<\/tr>\n<tr class=\"row-24\">\n\t<td class=\"column-1\"><\/td><td class=\"column-2\"><a href=\"https:\/\/www.amtusedom.de\/bauplanung\/mellenthin\/1AendFNPMellenthin.pdf\" target=\"_blank\" rel=\"noopener noreferrer\">1. \u00c4nderung des Fl\u00e4chennutzungsplanes der Gemeinde Mellenthin mit den Ortsteilen Mellenthin, Morgenitz und Dewichow<\/a><\/td>\n<\/tr>\n<tr class=\"row-25\">\n\t<td class=\"column-1\"><\/td><td class=\"column-2\"><a href=\"https:\/\/www.amtusedom.de\/bauplanung\/mellenthin\/2AendFNPMellenthin.pdf\" target=\"_blank\" rel=\"noopener noreferrer\">2. \u00c4nderung des Fl\u00e4chennutzungsplanes der Gemeinde Mellenthin mit den Ortsteilen Mellenthin, Morgenitz und Dewichow<\/a><\/td>\n<\/tr>\n<tr class=\"row-26\">\n\t<td class=\"column-1\"><\/td><td class=\"column-2\"><a href=\"https:\/\/www.amtusedom.de\/wp-content\/uploads\/2023\/04\/Plan-Abschl.-Fassung-3.-Aend.-FNP-Mellenthin.pdf\" target=\"_blank\" rel=\"noopener\">3. \u00c4nderung des Fl\u00e4chennutzungsplanes der Gemeinde Mellenthin mit den Ortsteilen Mellenthin, Morgenitz und Dewichow<\/a><\/td>\n<\/tr>\n<\/tbody>\n<\/table>\n<!-- #tablepress-95 from cache -->","protected":false},"excerpt":{"rendered":"","protected":false},"author":2,"featured_media":0,"parent":645,"menu_order":4,"comment_status":"closed","ping_status":"closed","template":"","meta":{"footnotes":""},"class_list":["post-665","page","type-page","status-publish","hentry"],"_links":{"self":[{"href":"https:\/\/www.amtusedom.de\/index.php?rest_route=\/wp\/v2\/pages\/665","targetHints":{"allow":["GET"]}}],"collection":[{"href":"https:\/\/www.amtusedom.de\/index.php?rest_route=\/wp\/v2\/pages"}],"about":[{"href":"https:\/\/www.amtusedom.de\/index.php?rest_route=\/wp\/v2\/types\/page"}],"author":[{"embeddable":true,"href":"https:\/\/www.amtusedom.de\/index.php?rest_route=\/wp\/v2\/users\/2"}],"replies":[{"embeddable":true,"href":"https:\/\/www.amtusedom.de\/index.php?rest_route=%2Fwp%2Fv2%2Fcomments&post=665"}],"version-history":[{"count":23,"href":"https:\/\/www.amtusedom.de\/index.php?rest_route=\/wp\/v2\/pages\/665\/revisions"}],"predecessor-version":[{"id":8073,"href":"https:\/\/www.amtusedom.de\/index.php?rest_route=\/wp\/v2\/pages\/665\/revisions\/8073"}],"up":[{"embeddable":true,"href":"https:\/\/www.amtusedom.de\/index.php?rest_route=\/wp\/v2\/pages\/645"}],"wp:attachment":[{"href":"https:\/\/www.amtusedom.de\/index.php?rest_route=%2Fwp%2Fv2%2Fmedia&parent=665"}],"curies":[{"name":"wp","href":"https:\/\/api.w.org\/{rel}","templated":true}]}}