{"id":727,"date":"2012-09-06T10:42:42","date_gmt":"2012-09-06T08:42:42","guid":{"rendered":"http:\/\/localhost\/wp\/?page_id=727"},"modified":"2020-09-03T10:05:28","modified_gmt":"2020-09-03T08:05:28","slug":"ortsrecht-gemeinde-stolpe-auf-usedom-offentliche-bekanntmachungen","status":"publish","type":"page","link":"https:\/\/www.amtusedom.de\/?page_id=727","title":{"rendered":"Ortsrecht \u2013 Gemeinde Stolpe auf Usedom: \u00d6ffentliche Bekanntmachungen"},"content":{"rendered":"<p><strong>Gemeinde Stolpe auf Usedom &#8211; \u00d6ffentliche Bekanntmachungen<\/strong><\/p>\n\n<table id=\"tablepress-13\" class=\"tablepress tablepress-id-13\">\n<thead>\n<tr class=\"row-1\">\n\t<th class=\"column-1\">Ver\u00f6ffentlicht am<\/th><th class=\"column-2\">Bekanntmachung<\/th>\n<\/tr>\n<\/thead>\n<tbody class=\"row-striping\">\n<tr class=\"row-2\">\n\t<td class=\"column-1\">09.04.2021<\/td><td class=\"column-2\"><a target=\"_blank\" href=\"ortsrecht\/bm_stolpe\/bekanntmachung-20210409-stolpe.pdf\" rel=\"noopener noreferrer\">Bekanntmachung der Gemeinde Stolpe \u00fcber den Beschluss Nr. GVSt-0272\/21 vom 23.03.2021 \u00fcber den Entwurf und die Auslegung des Bebauungsplanes Nr. 4 \u201eWohngebiet \u00f6stlich der Reihe\u201c im Ortsteil Stolpe in der Fassung von 01-2021<\/a><\/td>\n<\/tr>\n<tr class=\"row-3\">\n\t<td class=\"column-1\">10.05.2021<\/td><td class=\"column-2\"><a target=\"_blank\" href=\"ortsrecht\/bm_stolpe\/bekanntmachung-20210510-stolpe.pdf\" rel=\"noopener noreferrer\">\u00d6ffentliche Bekanntmachung des Gemeindewahlleiters f\u00fcr die Kommunalwahl am 26. Mai 2019<\/a><\/td>\n<\/tr>\n<tr class=\"row-4\">\n\t<td class=\"column-1\">01.06.2021<\/td><td class=\"column-2\"><a target=\"_blank\" href=\"ortsrecht\/bm_stolpe\/bekanntmachung-20210601-stolpe.pdf\" rel=\"noopener noreferrer\">Bekanntmachung der Haushaltssatzung der Gemeinde Stolpe f\u00fcr das Haushaltsjahr 2021<\/a><\/td>\n<\/tr>\n<tr class=\"row-5\">\n\t<td class=\"column-1\">07.02.2022<\/td><td class=\"column-2\"><a target=\"_blank\" href=\"ortsrecht\/bm_stolpe\/bekanntmachung-20220207-1-stolpe.pdf\" rel=\"noopener noreferrer\">Bekanntmachung Terminbestimmung Zwangsvollstreckung<\/a><\/td>\n<\/tr>\n<tr class=\"row-6\">\n\t<td class=\"column-1\">07.02.2022<\/td><td class=\"column-2\"><a target=\"_blank\" href=\"ortsrecht\/bm_stolpe\/bekanntmachung-20220207-2-stolpe.pdf\" rel=\"noopener noreferrer\">Bekanntmachung Terminbestimmung Zwangsvollstreckung<\/a><\/td>\n<\/tr>\n<tr class=\"row-7\">\n\t<td class=\"column-1\">07.02.2022<\/td><td class=\"column-2\"><a target=\"_blank\" href=\"ortsrecht\/bm_stolpe\/bekanntmachung-20220207-3-stolpe.pdf\" rel=\"noopener noreferrer\">Bekanntmachung Terminbestimmung Zwangsvollstreckung<\/a><\/td>\n<\/tr>\n<tr class=\"row-8\">\n\t<td class=\"column-1\">28.03.2022<\/td><td class=\"column-2\"><a target=\"_blank\" href=\"ortsrecht\/bm_stolpe\/bekanntmachung-20220328-1-stolpe.pdf\" rel=\"noopener noreferrer\">Bekanntmachung Terminbestimmung Zwangsvollstreckung<\/a><\/td>\n<\/tr>\n<tr class=\"row-9\">\n\t<td class=\"column-1\">28.03.2022<\/td><td class=\"column-2\"><a target=\"_blank\" href=\"ortsrecht\/bm_stolpe\/bekanntmachung-20220328-2-stolpe.pdf\" rel=\"noopener noreferrer\">Bekanntmachung Terminbestimmung Zwangsvollstreckung<\/a><\/td>\n<\/tr>\n<tr class=\"row-10\">\n\t<td class=\"column-1\">07.07.2022<\/td><td class=\"column-2\"><a target=\"_blank\" href=\"ortsrecht\/bm_stolpe\/bekanntmachung-20220707-stolpe.pdf\" rel=\"noopener noreferrer\">Bekanntmachung Terminbestimmung Zwangsvollstreckung<\/a><\/td>\n<\/tr>\n<tr class=\"row-11\">\n\t<td class=\"column-1\">13.07.2022<\/td><td class=\"column-2\"><a target=\"_blank\" href=\"ortsrecht\/bm_stolpe\/bekanntmachung-20220713-1-stolpe.pdf\" rel=\"noopener noreferrer\">Bekanntmachung Terminbestimmung Zwangsvollstreckung<\/a><\/td>\n<\/tr>\n<tr class=\"row-12\">\n\t<td class=\"column-1\">13.07.2022<\/td><td class=\"column-2\"><a target=\"_blank\" href=\"ortsrecht\/bm_stolpe\/bekanntmachung-20220713-2-stolpe.pdf\" rel=\"noopener noreferrer\">Bekanntmachung Terminbestimmung Zwangsvollstreckung<\/a><\/td>\n<\/tr>\n<tr class=\"row-13\">\n\t<td class=\"column-1\">12.10.2022<\/td><td class=\"column-2\"><a target=\"_blank\" href=\"ortsrecht\/bm_stolpe\/bekanntmachung-20221012-stolpe.pdf\" rel=\"noopener noreferrer\">Bekanntmachung der Haushaltssatzung der Gemeinde Stolpe f\u00fcr das Haushaltsjahr 2022<\/a><\/td>\n<\/tr>\n<tr class=\"row-14\">\n\t<td class=\"column-1\">01.03.2023<\/td><td class=\"column-2\"><a target=\"_blank\" href=\"https:\/\/amtusedom.de\/aktuelles\/Bek. freiwilliger Landtausch Usedom-StolpeV.pdf\" rel=\"noopener noreferrer\">Bekanntmachung Freiwilliger Landtausch \"Ostkl\u00fcne I\"<\/a><\/td>\n<\/tr>\n<tr class=\"row-15\">\n\t<td class=\"column-1\">15.05.2023<\/td><td class=\"column-2\"><a target=\"_blank\" href=\"ortsrecht\/bm_stolpe\/bekanntmachung-20230515-stolpe.pdf\" rel=\"noopener noreferrer\">Bekanntmachung der Haushaltssatzung der Gemeinde Stolpe f\u00fcr das Haushaltsjahr 2023<\/a><\/td>\n<\/tr>\n<tr class=\"row-16\">\n\t<td class=\"column-1\">07.11.2023<\/td><td class=\"column-2\"><a target=\"_blank\" href=\"https:\/\/www.amtusedom.de\/wp-content\/uploads\/2023\/11\/Stolpe-Jahresabschluss-2017.pdf\" rel=\"noopener\">Bekanntmachung der Feststellung des Jahresabschlusses 2017 und der Entlastung des B\u00fcrgermeisters der Gemeinde Stolpe a.U.<\/a><\/td>\n<\/tr>\n<tr class=\"row-17\">\n\t<td class=\"column-1\">22.01.2024<\/td><td class=\"column-2\"><a Target=\"_blank\" href=\"https:\/\/www.amtusedom.de\/wp-content\/uploads\/2024\/01\/Bek.-StaLU-Landtausch-Benz-Stolpe.pdf\">Bekanntmachung StaLU Landtausch Benz-Stolpe<\/a><\/td>\n<\/tr>\n<tr class=\"row-18\">\n\t<td class=\"column-1\">28.03.2024<\/td><td class=\"column-2\"><a target=\"_blank\" href=\"https:\/\/www.amtusedom.de\/wp-content\/uploads\/2024\/03\/Bekanntmachung-der-Haushaltssatzung-der-Gemeinde-Stolpe-auf-Usedom.pdf\" rel=\"noopener\">Bekanntmachung der Haushaltssatzung der Gemeinde Stolpe auf Usedom f\u00fcr das Haushaltsjahr 2024<\/a><\/td>\n<\/tr>\n<tr class=\"row-19\">\n\t<td class=\"column-1\">21.05.2024<\/td><td class=\"column-2\"><a target=\"_blank\" href=\"https:\/\/www.amtusedom.de\/wp-content\/uploads\/2024\/05\/Stolpe-JAB-2018.pdf\" rel=\"noopener\">Bekanntmachung der Feststellung des Jahresabschlusses 2018 und der Entlastung des B\u00fcrgermeisters der Gemeinde Stolpe auf Usedom<\/a><\/td>\n<\/tr>\n<tr class=\"row-20\">\n\t<td class=\"column-1\">07.10.2024<\/td><td class=\"column-2\"><a target=\"_blank\" href=\"https:\/\/www.amtusedom.de\/wp-content\/uploads\/2024\/10\/Bek.-Aufstell.beschl.-1.-Aend.-FNP-Stolpe-fuer-BP-5.pdf\" rel=\"noopener\">Bekanntmachung der Gemeinde Stolpe zum Beschluss Nr. GVSt-0017\/24 vom 30.09.2024 \u00fcber die Aufstellung der 1. \u00c4nderung des Fl\u00e4chennutzungsplanes der Gemeinde Stolpe i.V.m. dem Bebauungsplan Nr. 5 \u201eWohnbebauung Ziegeleiweg 3\u201c im Ortsteil Stolpe<\/a><\/td>\n<\/tr>\n<tr class=\"row-21\">\n\t<td class=\"column-1\">07.10.2024<\/td><td class=\"column-2\"><a target=\"_blank\" href=\"https:\/\/www.amtusedom.de\/wp-content\/uploads\/2024\/10\/Bek.-Aufstell.beschl.-BP-5-Stolpe.pdf\" rel=\"noopener\">Bekanntmachung der Gemeinde Stolpe zum Beschluss Nr. GVSt-0016\/24 vom 30.09.2024 \u00fcber die Aufstellung des Bebauungsplanes Nr. 5 \u201eWohnbebauung Ziegelweg 3\u201c im Ortsteil Stolpe<\/a><\/td>\n<\/tr>\n<tr class=\"row-22\">\n\t<td class=\"column-1\">06.01.2025<\/td><td class=\"column-2\"><a target=\"_blank\" href=\"https:\/\/www.amtusedom.de\/wp-content\/uploads\/2025\/01\/00000-Stolpe-JAB-2019.pdf\">Bekanntmachung der Feststellung des Jahresabschlusses 2019 und der Entlastung des B\u00fcrgermeisters der Gemeinde Stolpe auf Usedom<\/a><\/td>\n<\/tr>\n<tr class=\"row-23\">\n\t<td class=\"column-1\">26.02.2025<\/td><td class=\"column-2\"><a target=\"_blank\" href=\"https:\/\/www.amtusedom.de\/wp-content\/uploads\/2025\/02\/02-Bekanntmachung-Haushaltssatzung-Stolpe-2025_.pdf\">Bekanntmachung der Haushaltssatzung der Gemeinde Stolpe auf Usedom f\u00fcr das Haushaltsjahr 2025<\/a><\/td>\n<\/tr>\n<tr class=\"row-24\">\n\t<td class=\"column-1\">28.02.2025<\/td><td class=\"column-2\"><a target=\"_blank\" href=\"https:\/\/www.amtusedom.de\/wp-content\/uploads\/2025\/02\/Bek.-StALU-fuer-Usedom-Stolpe.pdf\">Anordnungsbeschluss mit der Aufforderung zur Anmeldung unbekannter Rechte<\/a><\/td>\n<\/tr>\n<tr class=\"row-25\">\n\t<td class=\"column-1\">11.03.2025<\/td><td class=\"column-2\"><a target=\"_blank\" href=\"https:\/\/www.amtusedom.de\/wp-content\/uploads\/2025\/03\/Oeffentliche-Bekanntmachung-Stolpe-2025.pdf\">\u00d6ffentliche Bekanntmachung Aufkommensneutrale Hebes\u00e4tze der Gemeinde Stolpe a.U. f\u00fcr die Grundsteuer A und B f\u00fcr das Jahr 2025<\/a><\/td>\n<\/tr>\n<tr class=\"row-26\">\n\t<td class=\"column-1\">12.05.2025<\/td><td class=\"column-2\"><a target=\"_blank\" href=\"https:\/\/www.amtusedom.de\/wp-content\/uploads\/2025\/05\/Bekanntmachung-der-Feststellung-des-Jahresabschlusses-2020-und-der-Entlastung-des-Buergermeisters-der-Gemeinde-Stolpe-auf-Usedom-.pdf\">Bekanntmachung der Feststellung des Jahresabschlusses 2020 und der Entlastung des B\u00fcrgermeisters der Gemeinde Stolpe auf Usedom<\/a><\/td>\n<\/tr>\n<tr class=\"row-27\">\n\t<td class=\"column-1\">17.09.2025<\/td><td class=\"column-2\"><a target=\"_blank\" href=\"https:\/\/www.amtusedom.de\/wp-content\/uploads\/2025\/09\/Bekanntmachung-der-Feststellung-des-Jahresabschlusses-2021-und-der-Entlastung-des-Buergermeisters-der-Gemeinde-Stolpe-auf-Usedom.pdf\">Bekanntmachung der Feststellung des Jahresabschlusses 2021 und der Entlastung des B\u00fcrgermeisters der Gemeinde Stolpe auf Usedom<\/a><\/td>\n<\/tr>\n<tr class=\"row-28\">\n\t<td class=\"column-1\">04.11.2025<\/td><td class=\"column-2\"><a target=\"_blank\" href=\"https:\/\/www.amtusedom.de\/wp-content\/uploads\/2025\/11\/202500754_Ortsueblich_Bekanntmachung_Offenlegung.pdf\">Orts\u00fcbliche Bekanntmachung der Offenlegung der Niederschrift \u00fcber den Grenztermin<\/a><\/td>\n<\/tr>\n<tr class=\"row-29\">\n\t<td class=\"column-1\">09.12.2025<\/td><td class=\"column-2\"><a target=\"_blank\" href=\"https:\/\/www.amtusedom.de\/wp-content\/uploads\/2025\/12\/Bek.-Auslegungsbeschluss-BP5-Stolpe.pdf\">Bekanntmachung der Gemeinde Stolpe zum Beschluss Nr. GVSt-0016\/24-1 vom 24.11.2025 \u00fcber den Vorentwurf und die Auslegung des Bebauungsplanes Nr. 5 der Gemeinde Stolpe f\u00fcr die  \u201eWohnbebauung Ziegeleiweg 3\u201c im Ortsteil Stolpe in der Fassung 11-2025<\/a><\/td>\n<\/tr>\n<tr class=\"row-30\">\n\t<td class=\"column-1\">25.02.2025<\/td><td class=\"column-2\"><a target=\"_blank\" href=\"https:\/\/www.amtusedom.de\/wp-content\/uploads\/2026\/02\/Bekanntmachung-Haushaltssatzung-Stolpe-2026.pdf\">Bekanntmachung der Haushaltssatzung der Gemeinde Stolpe auf Usedom  f\u00fcr das Haushaltsjahr 2026<\/a><\/td>\n<\/tr>\n<\/tbody>\n<\/table>\n<!-- #tablepress-13 from cache -->\n<p><a href=\"?page_id=2661\" title=\"\u00d6ffentliche Bekanntmachungen Gemeinde Stolpe auf Usedom - Archiv\">\u00c4ltere Bekanntmachungen&#8230;<\/a><\/p>","protected":false},"excerpt":{"rendered":"<p>Gemeinde Stolpe auf Usedom &#8211; \u00d6ffentliche Bekanntmachungen \u00c4ltere Bekanntmachungen&#8230;<\/p>\n","protected":false},"author":2,"featured_media":0,"parent":725,"menu_order":0,"comment_status":"closed","ping_status":"closed","template":"","meta":{"footnotes":""},"class_list":["post-727","page","type-page","status-publish","hentry"],"_links":{"self":[{"href":"https:\/\/www.amtusedom.de\/index.php?rest_route=\/wp\/v2\/pages\/727","targetHints":{"allow":["GET"]}}],"collection":[{"href":"https:\/\/www.amtusedom.de\/index.php?rest_route=\/wp\/v2\/pages"}],"about":[{"href":"https:\/\/www.amtusedom.de\/index.php?rest_route=\/wp\/v2\/types\/page"}],"author":[{"embeddable":true,"href":"https:\/\/www.amtusedom.de\/index.php?rest_route=\/wp\/v2\/users\/2"}],"replies":[{"embeddable":true,"href":"https:\/\/www.amtusedom.de\/index.php?rest_route=%2Fwp%2Fv2%2Fcomments&post=727"}],"version-history":[{"count":16,"href":"https:\/\/www.amtusedom.de\/index.php?rest_route=\/wp\/v2\/pages\/727\/revisions"}],"predecessor-version":[{"id":5953,"href":"https:\/\/www.amtusedom.de\/index.php?rest_route=\/wp\/v2\/pages\/727\/revisions\/5953"}],"up":[{"embeddable":true,"href":"https:\/\/www.amtusedom.de\/index.php?rest_route=\/wp\/v2\/pages\/725"}],"wp:attachment":[{"href":"https:\/\/www.amtusedom.de\/index.php?rest_route=%2Fwp%2Fv2%2Fmedia&parent=727"}],"curies":[{"name":"wp","href":"https:\/\/api.w.org\/{rel}","templated":true}]}}