{"id":759,"date":"2012-09-06T13:43:27","date_gmt":"2012-09-06T11:43:27","guid":{"rendered":"http:\/\/localhost\/wp\/?page_id=759"},"modified":"2023-08-03T09:20:46","modified_gmt":"2023-08-03T07:20:46","slug":"ortsrecht-gemeinde-uckeritz-allgemeines-recht","status":"publish","type":"page","link":"https:\/\/www.amtusedom.de\/?page_id=759","title":{"rendered":"Ortsrecht \u2013 Gemeinde \u00dcckeritz: Allgemeines Recht"},"content":{"rendered":"\n<table id=\"tablepress-107\" class=\"tablepress tablepress-id-107\">\n<thead>\n<tr class=\"row-1\">\n\t<td class=\"column-1\"><\/td>\n<\/tr>\n<\/thead>\n<tbody class=\"row-striping row-hover\">\n<tr class=\"row-2\">\n\t<td class=\"column-1\"><a href=\"https:\/\/www.amtusedom.de\/wp-content\/uploads\/2024\/09\/Ueckeritz-Hauptsatzung-2024-VOe.pdf\" rel=\"noopener\" target=\"_blank\">Hauptsatzung der Gemeinde \u00dcckeritz <\/a><\/td>\n<\/tr>\n<tr class=\"row-3\">\n\t<td class=\"column-1\"><a href=\"https:\/\/www.amtusedom.de\/wp-content\/uploads\/2026\/04\/Ueckeritz-1.-Aend.-HS-2026-VOe.pdf\" target=\"_blank\">1. Satzung zur \u00c4nderung der Hauptsatzung der Gemeinde \u00dcckeritz<\/a><\/td>\n<\/tr>\n<tr class=\"row-4\">\n\t<td class=\"column-1\"><a href=\"https:\/\/www.amtusedom.de\/wp-content\/uploads\/2026\/04\/Lesefassung-1.-Aend.-HS-2026.pdf\" target=\"_blank\">Lesefassung Hauptsatzung der Gemeinde Ostseebad \u00dcckeritz <\/a><\/td>\n<\/tr>\n<tr class=\"row-5\">\n\t<td class=\"column-1\"><\/td>\n<\/tr>\n<tr class=\"row-6\">\n\t<td class=\"column-1\"><a href=\"https:\/\/www.amtusedom.de\/wp-content\/uploads\/2024\/08\/Ueckeritz-Geschaeftsordnung-2024.pdf\" rel=\"noopener\" target=\"_blank\">Gesch\u00e4ftsordnung der Gemeindevertretung der Gemeinde \u00dcckeritz <\/a><\/td>\n<\/tr>\n<tr class=\"row-7\">\n\t<td class=\"column-1\"><\/td>\n<\/tr>\n<tr class=\"row-8\">\n\t<td class=\"column-1\"><a href=\"https:\/\/www.amtusedom.de\/wp-content\/uploads\/2025\/09\/Ueckeritz-Richtlinie-ueber-die-Gewaehrung-von-Zuwendungen-an-soziale-Vereine.pdf\" target=\"_blank\">Richtlinie \u00fcber die Gew\u00e4hrung von Zuwendungen an soziale Vereine, Gruppe, und Initiativen der Gemeinde \u00dcckeritz <\/a><\/td>\n<\/tr>\n<tr class=\"row-9\">\n\t<td class=\"column-1\"><\/td>\n<\/tr>\n<tr class=\"row-10\">\n\t<td class=\"column-1\"><a href=\"https:\/\/www.amtusedom.de\/wp-content\/uploads\/2025\/09\/Antrag_WORD_Richtlinie-ueber-die-Gewaehrung-von-Zuwendungen-an-soziale-Vereine.docx\" target=\"_blank\">Antrag auf die Gew\u00e4hrung von Zuwendungen  an soziale Vereine, Gruppen und Initiativen der Gemeinde \u00dcckeritz<\/a><\/td>\n<\/tr>\n<\/tbody>\n<\/table>\n<!-- #tablepress-107 from cache -->","protected":false},"excerpt":{"rendered":"","protected":false},"author":2,"featured_media":0,"parent":750,"menu_order":1,"comment_status":"closed","ping_status":"closed","template":"","meta":{"footnotes":""},"class_list":["post-759","page","type-page","status-publish","hentry"],"_links":{"self":[{"href":"https:\/\/www.amtusedom.de\/index.php?rest_route=\/wp\/v2\/pages\/759","targetHints":{"allow":["GET"]}}],"collection":[{"href":"https:\/\/www.amtusedom.de\/index.php?rest_route=\/wp\/v2\/pages"}],"about":[{"href":"https:\/\/www.amtusedom.de\/index.php?rest_route=\/wp\/v2\/types\/page"}],"author":[{"embeddable":true,"href":"https:\/\/www.amtusedom.de\/index.php?rest_route=\/wp\/v2\/users\/2"}],"replies":[{"embeddable":true,"href":"https:\/\/www.amtusedom.de\/index.php?rest_route=%2Fwp%2Fv2%2Fcomments&post=759"}],"version-history":[{"count":32,"href":"https:\/\/www.amtusedom.de\/index.php?rest_route=\/wp\/v2\/pages\/759\/revisions"}],"predecessor-version":[{"id":8127,"href":"https:\/\/www.amtusedom.de\/index.php?rest_route=\/wp\/v2\/pages\/759\/revisions\/8127"}],"up":[{"embeddable":true,"href":"https:\/\/www.amtusedom.de\/index.php?rest_route=\/wp\/v2\/pages\/750"}],"wp:attachment":[{"href":"https:\/\/www.amtusedom.de\/index.php?rest_route=%2Fwp%2Fv2%2Fmedia&parent=759"}],"curies":[{"name":"wp","href":"https:\/\/api.w.org\/{rel}","templated":true}]}}