{"id":799,"date":"2012-09-06T15:39:01","date_gmt":"2012-09-06T13:39:01","guid":{"rendered":"http:\/\/localhost\/wp\/?page_id=799"},"modified":"2023-08-03T12:53:35","modified_gmt":"2023-08-03T10:53:35","slug":"ortsrecht-gemeinde-zempin-sicherheits-und-ordnungsrecht","status":"publish","type":"page","link":"https:\/\/www.amtusedom.de\/?page_id=799","title":{"rendered":"Ortsrecht &#8211; Gemeinde Zempin: Sicherheits- und Ordnungsrecht"},"content":{"rendered":"\n<table id=\"tablepress-113\" class=\"tablepress tablepress-id-113\">\n<thead>\n<tr class=\"row-1\">\n\t<td class=\"column-1\"><\/td><td class=\"column-2\"><\/td>\n<\/tr>\n<\/thead>\n<tbody class=\"row-striping row-hover\">\n<tr class=\"row-2\">\n\t<td class=\"column-1\">Feuerwehr <\/td><td class=\"column-2\">\t<a href=\"https:\/\/www.amtusedom.de\/ortsrecht\/or_zempin\/zempin-feuerwehrgebuehrensatzung.pdf\" target=\"_blank\" rel=\"noopener noreferrer\">Satzung der Gemeinde Zempin \u00fcber die Erhebung von Geb\u00fchren und Entgelte f\u00fcr Leistungen der \u00f6ffentlichen Feuerwehr (Feuerwehrgeb\u00fchrensatzung)<\/a><\/td>\n<\/tr>\n<tr class=\"row-3\">\n\t<td class=\"column-1\"><\/td><td class=\"column-2\"><\/td>\n<\/tr>\n<tr class=\"row-4\">\n\t<td class=\"column-1\">Friedhof <\/td><td class=\"column-2\">\t<a href=\"https:\/\/www.amtusedom.de\/ortsrecht\/or_zempin\/zempin02.pdf\" target=\"_blank\" rel=\"noopener noreferrer\">Friedhofs- und Bestattungssatzung f\u00fcr die Gemeinde Zempin<\/a><\/td>\n<\/tr>\n<tr class=\"row-5\">\n\t<td class=\"column-1\"><\/td><td class=\"column-2\">\t<a href=\"https:\/\/www.amtusedom.de\/ortsrecht\/or_zempin\/zempin06.pdf\" target=\"_blank\" rel=\"noopener noreferrer\">Geb\u00fchrensatzung f\u00fcr den Friedhof der Gemeinde Zempin<\/a><\/td>\n<\/tr>\n<tr class=\"row-6\">\n\t<td class=\"column-1\"><\/td><td class=\"column-2\"><\/td>\n<\/tr>\n<tr class=\"row-7\">\n\t<td class=\"column-1\">Multifunktionsraum<\/td><td class=\"column-2\"> \t<a href=\"https:\/\/www.amtusedom.de\/ortsrecht\/or_zempin\/satzung-zempin-multifunktionsraum.pdf\" target=\"_blank\" rel=\"noopener noreferrer\">Benutzungs- und Entgeltordnung f\u00fcr den Multifunktionsraum der Gemeinde Zempin<\/a><\/td>\n<\/tr>\n<tr class=\"row-8\">\n\t<td class=\"column-1\"><\/td><td class=\"column-2\"><\/td>\n<\/tr>\n<tr class=\"row-9\">\n\t<td class=\"column-1\">Parkgeb\u00fchren<\/td><td class=\"column-2\"><a href=\"https:\/\/www.amtusedom.de\/wp-content\/uploads\/2025\/01\/Zempin-Parkgebuehrenverordnung-VOe.pdf\" target=\"_blank\">Verordnung der Gemeinde Zempin \u00fcber die Erhebung von Parkgeb\u00fchren auf \u00f6ffentliche Stra\u00dfen, Wegen und Pl\u00e4tzen (Parkgeb\u00fchrenverordnung)<\/a><\/td>\n<\/tr>\n<tr class=\"row-10\">\n\t<td class=\"column-1\"><\/td><td class=\"column-2\"><\/td>\n<\/tr>\n<tr class=\"row-11\">\n\t<td class=\"column-1\">Strand- und Badeordnung <\/td><td class=\"column-2\"><a href=\"https:\/\/www.amtusedom.de\/ortsrecht\/or_zempin\/satzung-zempin-strandordnung.pdf\" target=\"_blank\" rel=\"noopener noreferrer\">Satzung \u00fcber die Strand- und Badeordnung der Gemeinde Seebad Zempin (Strandordnung)<\/a><\/td>\n<\/tr>\n<tr class=\"row-12\">\n\t<td class=\"column-1\"><\/td><td class=\"column-2\"><\/td>\n<\/tr>\n<tr class=\"row-13\">\n\t<td class=\"column-1\">Stra\u00dfenreinigung<\/td><td class=\"column-2\">\t<a href=\"https:\/\/www.amtusedom.de\/ortsrecht\/or_zempin\/satzung-zempin-strassenreinigung.pdf\" target=\"_blank\" rel=\"noopener noreferrer\">Stra\u00dfenreinigungssatzung der Gemeinde Zempin<\/a><\/td>\n<\/tr>\n<tr class=\"row-14\">\n\t<td class=\"column-1\"><\/td><td class=\"column-2\"><\/td>\n<\/tr>\n<\/tbody>\n<\/table>\n<!-- #tablepress-113 from cache -->","protected":false},"excerpt":{"rendered":"","protected":false},"author":2,"featured_media":0,"parent":785,"menu_order":2,"comment_status":"closed","ping_status":"closed","template":"","meta":{"footnotes":""},"class_list":["post-799","page","type-page","status-publish","hentry"],"_links":{"self":[{"href":"https:\/\/www.amtusedom.de\/index.php?rest_route=\/wp\/v2\/pages\/799","targetHints":{"allow":["GET"]}}],"collection":[{"href":"https:\/\/www.amtusedom.de\/index.php?rest_route=\/wp\/v2\/pages"}],"about":[{"href":"https:\/\/www.amtusedom.de\/index.php?rest_route=\/wp\/v2\/types\/page"}],"author":[{"embeddable":true,"href":"https:\/\/www.amtusedom.de\/index.php?rest_route=\/wp\/v2\/users\/2"}],"replies":[{"embeddable":true,"href":"https:\/\/www.amtusedom.de\/index.php?rest_route=%2Fwp%2Fv2%2Fcomments&post=799"}],"version-history":[{"count":15,"href":"https:\/\/www.amtusedom.de\/index.php?rest_route=\/wp\/v2\/pages\/799\/revisions"}],"predecessor-version":[{"id":8167,"href":"https:\/\/www.amtusedom.de\/index.php?rest_route=\/wp\/v2\/pages\/799\/revisions\/8167"}],"up":[{"embeddable":true,"href":"https:\/\/www.amtusedom.de\/index.php?rest_route=\/wp\/v2\/pages\/785"}],"wp:attachment":[{"href":"https:\/\/www.amtusedom.de\/index.php?rest_route=%2Fwp%2Fv2%2Fmedia&parent=799"}],"curies":[{"name":"wp","href":"https:\/\/api.w.org\/{rel}","templated":true}]}}

<table id="tablepress-113" class="tablepress tablepress-id-113">
<thead>
<tr class="row-1">
	<td class="column-1"></td><td class="column-2"></td>
</tr>
</thead>
<tbody class="row-striping row-hover">
<tr class="row-2">
	<td class="column-1">Feuerwehr </td><td class="column-2">	<a href="https://www.amtusedom.de/ortsrecht/or_zempin/zempin-feuerwehrgebuehrensatzung.pdf" target="_blank" rel="noopener noreferrer">Satzung der Gemeinde Zempin über die Erhebung von Gebühren und Entgelte für Leistungen der öffentlichen Feuerwehr (Feuerwehrgebührensatzung)</a></td>
</tr>
<tr class="row-3">
	<td class="column-1"></td><td class="column-2"></td>
</tr>
<tr class="row-4">
	<td class="column-1">Friedhof </td><td class="column-2">	<a href="https://www.amtusedom.de/ortsrecht/or_zempin/zempin02.pdf" target="_blank" rel="noopener noreferrer">Friedhofs- und Bestattungssatzung für die Gemeinde Zempin</a></td>
</tr>
<tr class="row-5">
	<td class="column-1"></td><td class="column-2">	<a href="https://www.amtusedom.de/ortsrecht/or_zempin/zempin06.pdf" target="_blank" rel="noopener noreferrer">Gebührensatzung für den Friedhof der Gemeinde Zempin</a></td>
</tr>
<tr class="row-6">
	<td class="column-1"></td><td class="column-2"></td>
</tr>
<tr class="row-7">
	<td class="column-1">Multifunktionsraum</td><td class="column-2"> 	<a href="https://www.amtusedom.de/ortsrecht/or_zempin/satzung-zempin-multifunktionsraum.pdf" target="_blank" rel="noopener noreferrer">Benutzungs- und Entgeltordnung für den Multifunktionsraum der Gemeinde Zempin</a></td>
</tr>
<tr class="row-8">
	<td class="column-1"></td><td class="column-2"></td>
</tr>
<tr class="row-9">
	<td class="column-1">Parkgebühren</td><td class="column-2"><a href="https://www.amtusedom.de/wp-content/uploads/2025/01/Zempin-Parkgebuehrenverordnung-VOe.pdf" target="_blank">Verordnung der Gemeinde Zempin über die Erhebung von Parkgebühren auf öffentliche Straßen, Wegen und Plätzen (Parkgebührenverordnung)</a></td>
</tr>
<tr class="row-10">
	<td class="column-1"></td><td class="column-2"></td>
</tr>
<tr class="row-11">
	<td class="column-1">Strand- und Badeordnung </td><td class="column-2"><a href="https://www.amtusedom.de/ortsrecht/or_zempin/satzung-zempin-strandordnung.pdf" target="_blank" rel="noopener noreferrer">Satzung über die Strand- und Badeordnung der Gemeinde Seebad Zempin (Strandordnung)</a></td>
</tr>
<tr class="row-12">
	<td class="column-1"></td><td class="column-2"></td>
</tr>
<tr class="row-13">
	<td class="column-1">Straßenreinigung</td><td class="column-2">	<a href="https://www.amtusedom.de/ortsrecht/or_zempin/satzung-zempin-strassenreinigung.pdf" target="_blank" rel="noopener noreferrer">Straßenreinigungssatzung der Gemeinde Zempin</a></td>
</tr>
<tr class="row-14">
	<td class="column-1"></td><td class="column-2"></td>
</tr>
</tbody>
</table>
<!-- #tablepress-113 from cache -->
