{"id":89,"date":"2012-08-13T14:57:48","date_gmt":"2012-08-13T12:57:48","guid":{"rendered":"http:\/\/localhost\/wp\/?page_id=89"},"modified":"2025-07-31T16:29:19","modified_gmt":"2025-07-31T14:29:19","slug":"gemeinde-mellenthin","status":"publish","type":"page","link":"https:\/\/www.amtusedom.de\/?page_id=89","title":{"rendered":"Gemeinde Mellenthin"},"content":{"rendered":"<p><a href=\"wp-content\/uploads\/2012\/08\/wappen-mellenthin.png\"><img loading=\"lazy\" decoding=\"async\" class=\"alignright size-full wp-image-168\" title=\"Wappen Mellenthin\" src=\"wp-content\/uploads\/2012\/08\/wappen-mellenthin.png\" alt=\"Wappen Mellenthin\" width=\"97\" height=\"117\" \/><\/a>Mellenthin liegt im Binnenland ca. 5 km n\u00f6rdlich des Stettiner Haffes an der B 110 am Nordrand der Mellenthiner Heide, die Teil des Naturpark Usedoms ist.\u00a0 Das Dorf liegt in einer landschaftlich reizvollen Region ca. 5 km s\u00fcdwestlich des Schmollensees und genau so weit s\u00fcdlich des Achterwassers, s\u00fcd\u00f6stlich des Lieper Winkels und \u00f6stlich des Peenestroms Die Gemeinde Mellenthin wurde 1270 erstmals urkundlich erw\u00e4hnt.\u00a0 Zum 01.01.2005 sind die vormals selbst\u00e4ndigen<br \/>\nGemeinden Mellenthin und Morgenitz mit dem Ortsteil Dewichow zur Gemeinde Mellenthin fusioniert. Die Fl\u00e4che der Gemeinde Mellenthin betr\u00e4gt 19,25 km\u00b2.<\/p>\n<p>Einwohnerzahl (Stand 07\/2024):<br \/>\nGemeinde Mellenthin insgesamt\u00a0 453<\/p>\n<p>B\u00fcrgermeisterin der Gemeinde Mellenthin ist Frau Rita Schr\u00f6der.<\/p>\n<p style=\"background: white; vertical-align: baseline; margin: 9.0pt 0cm 9.0pt 0cm;\"><span style=\"font-size: 11.5pt; font-family: 'Lato',sans-serif; color: #111111;\">Die B\u00fcrgermeistersprechstunden nur nach vorheriger telefonischer Absprache statt.<br \/>\nTelefon Frau Schr\u00f6der: 038379\/139999 oder 0174\/7854342<br \/>\n<a href=\"https:\/\/www.e-rechnung-bund.de\/faq\/leitweg-id\/\" target=\"_blank\" rel=\"noopener\">Leitweg-ID<\/a>: 13 0 75 090-K000-04<br \/>\n<\/span><\/p>\n<h2 id=\"tablepress-149-name\" class=\"tablepress-table-name tablepress-table-name-id-149\">Die Mitglieder der Gemeindevertretung Mellenthin haben sich am 01.07.2024 konstituiert<\/h2>\n\n<table id=\"tablepress-149\" class=\"tablepress tablepress-id-149\" aria-labelledby=\"tablepress-149-name\">\n<thead>\n<tr class=\"row-1\">\n\t<th class=\"column-1\">Name<\/th><th class=\"column-2\">Position<\/th>\n<\/tr>\n<\/thead>\n<tbody class=\"row-striping row-hover\">\n<tr class=\"row-2\">\n\t<td class=\"column-1\">Frau Rita Schr\u00f6der<\/td><td class=\"column-2\">B\u00fcrgermeisterin<\/td>\n<\/tr>\n<tr class=\"row-3\">\n\t<td class=\"column-1\">Herr Ren\u00e9 Martens<\/td><td class=\"column-2\">1. stellvertretender B\u00fcrgermeister<\/td>\n<\/tr>\n<tr class=\"row-4\">\n\t<td class=\"column-1\">Herr Manfred Pinter<\/td><td class=\"column-2\">2. stellvertretender B\u00fcrgermeister<\/td>\n<\/tr>\n<tr class=\"row-5\">\n\t<td class=\"column-1\">Herr Heinz Bremer<\/td><td class=\"column-2\">Gemeindevertreter<\/td>\n<\/tr>\n<tr class=\"row-6\">\n\t<td class=\"column-1\">Herr Maik Parlow<\/td><td class=\"column-2\">Gemeindevertreter<\/td>\n<\/tr>\n<tr class=\"row-7\">\n\t<td class=\"column-1\">Frau Petra K\u00f6ster<\/td><td class=\"column-2\">Gemeindevertreterin<\/td>\n<\/tr>\n<tr class=\"row-8\">\n\t<td class=\"column-1\">Herr Maik Kracht<\/td><td class=\"column-2\">Gemeindevertreter<\/td>\n<\/tr>\n<\/tbody>\n<\/table>\n<!-- #tablepress-149 from cache -->\n<p>&nbsp;<\/p>\n<p style=\"margin: 0cm; background: white; vertical-align: baseline;\"><span style=\"font-size: 11.5pt; font-family: 'Lato',sans-serif; color: #111111;\">Herr Maik Kracht<\/span><\/p>\n<p style=\"text-align: center;\"><strong>Gemeindevertretung Mellenthin <\/strong><\/p>\n<div id=\"attachment_9286\" style=\"width: 554px\" class=\"wp-caption aligncenter\"><a href=\"https:\/\/www.amtusedom.de\/wp-content\/uploads\/2025\/05\/Mellenthin.jpg\" target=\"_blank\" rel=\"noopener\"><img loading=\"lazy\" decoding=\"async\" aria-describedby=\"caption-attachment-9286\" class=\"wp-image-9286\" src=\"https:\/\/www.amtusedom.de\/wp-content\/uploads\/2025\/05\/Mellenthin.jpg\" alt=\"\" width=\"544\" height=\"464\" \/><\/a><p id=\"caption-attachment-9286\" class=\"wp-caption-text\">Bild v. l.n.r. Manfred Pinter, Maik Kracht, Rita Schr\u00f6der (B\u00fcrgermeisterin), Ren\u00e9 Martens, Heinz Bremer, Maik Parlow, Petra K\u00f6ster (fehlt)<\/p><\/div>\n<p><strong>Zu den Sehensw\u00fcrdigkeiten:<\/strong><\/p>\n<p>Ein besonderer Anziehungspunkt in Mellenthin ist das Wasserschloss. Die Restaurierung ist in vollem Gange und trotz der Tatsache, dass noch nicht alle Arbeiten abgeschlossen sind, hat sich das Wasserschloss wieder zu einer touristischen Attraktion entwickelt. Auf dem Weg zum Wasserschloss findet man einen ehemaligen Gutshof. Dieser ist ein restaurierter Fachwerkbau aus dem 16. Jahrhundert. Heute wird der Gutshof als Restaurant und Hotel sowie als Verkaufsstelle f\u00fcr regionale Produkte genutzt. Auch die Kirchen in den Ortsteilen Mellenthin und Morgenitz laden interessierte Besucher ein.<\/p>\n<p>Attraktion im Wandergebiet Mellenthiner Heide s\u00fcdlich der Gemeinde ist ein Wisent-Reservat. 5 km nordwestlich am Krienker See befindet sich der Ortsteil Dewichow, welcher 1319 erstmals\u00a0 urkundlich erw\u00e4hnt wurde. Es ist ein ehemaliges Rittergut, wo man ebenfalls auf ein Gutshaus trifft. Rund um das Gutshaus sind mittlerweile Ferienwohnungen entstanden. Die Wanderwege zum Naturschutzgebiet der Halbinsel Cosim oder zum Balmer See sind sehr beliebt.<\/p>\n<div id=\"attachment_1084\" style=\"width: 260px\" class=\"wp-caption alignleft\"><img loading=\"lazy\" decoding=\"async\" aria-describedby=\"caption-attachment-1084\" class=\"size-full wp-image-1084\" title=\"Mellenthin Kirche\" src=\"wp-content\/uploads\/2012\/09\/mellenthin01.jpg\" alt=\"Mellenthin Kirche\" width=\"250\" height=\"167\" \/><p id=\"caption-attachment-1084\" class=\"wp-caption-text\">Mellenthin Kirche<\/p><\/div>\n<div id=\"attachment_1085\" style=\"width: 260px\" class=\"wp-caption alignleft\"><img loading=\"lazy\" decoding=\"async\" aria-describedby=\"caption-attachment-1085\" class=\"size-full wp-image-1085\" title=\"Dorfstra\u00dfe in Morgenitz\" src=\"wp-content\/uploads\/2012\/09\/mellenthin02.jpg\" alt=\"Dorfstra\u00dfe in Morgenitz\" width=\"250\" height=\"167\" \/><p id=\"caption-attachment-1085\" class=\"wp-caption-text\">Dorfstra\u00dfe in Morgenitz<\/p><\/div>","protected":false},"excerpt":{"rendered":"<p>Mellenthin liegt im Binnenland ca. 5 km n\u00f6rdlich des Stettiner Haffes an der B 110 am Nordrand der Mellenthiner Heide, die Teil des Naturpark Usedoms ist.\u00a0 Das Dorf liegt in einer landschaftlich reizvollen Region ca. 5 km s\u00fcdwestlich des Schmollensees und genau so weit s\u00fcdlich des Achterwassers, s\u00fcd\u00f6stlich des Lieper Winkels und \u00f6stlich des Peenestroms Die Gemeinde Mellenthin wurde 1270<\/p>\n","protected":false},"author":2,"featured_media":0,"parent":10,"menu_order":1,"comment_status":"closed","ping_status":"closed","template":"","meta":{"footnotes":""},"class_list":["post-89","page","type-page","status-publish","hentry"],"_links":{"self":[{"href":"https:\/\/www.amtusedom.de\/index.php?rest_route=\/wp\/v2\/pages\/89","targetHints":{"allow":["GET"]}}],"collection":[{"href":"https:\/\/www.amtusedom.de\/index.php?rest_route=\/wp\/v2\/pages"}],"about":[{"href":"https:\/\/www.amtusedom.de\/index.php?rest_route=\/wp\/v2\/types\/page"}],"author":[{"embeddable":true,"href":"https:\/\/www.amtusedom.de\/index.php?rest_route=\/wp\/v2\/users\/2"}],"replies":[{"embeddable":true,"href":"https:\/\/www.amtusedom.de\/index.php?rest_route=%2Fwp%2Fv2%2Fcomments&post=89"}],"version-history":[{"count":40,"href":"https:\/\/www.amtusedom.de\/index.php?rest_route=\/wp\/v2\/pages\/89\/revisions"}],"predecessor-version":[{"id":10708,"href":"https:\/\/www.amtusedom.de\/index.php?rest_route=\/wp\/v2\/pages\/89\/revisions\/10708"}],"up":[{"embeddable":true,"href":"https:\/\/www.amtusedom.de\/index.php?rest_route=\/wp\/v2\/pages\/10"}],"wp:attachment":[{"href":"https:\/\/www.amtusedom.de\/index.php?rest_route=%2Fwp%2Fv2%2Fmedia&parent=89"}],"curies":[{"name":"wp","href":"https:\/\/api.w.org\/{rel}","templated":true}]}}