{"id":898,"date":"2012-09-13T11:09:10","date_gmt":"2012-09-13T09:09:10","guid":{"rendered":"http:\/\/192.168.85.172\/wp\/?page_id=898"},"modified":"2026-04-15T07:24:11","modified_gmt":"2026-04-15T05:24:11","slug":"usedomer-amtsblatt","status":"publish","type":"page","link":"https:\/\/www.amtusedom.de\/?page_id=898","title":{"rendered":"Usedomer Amtsblatt"},"content":{"rendered":"<p>B\u00fcrgerzeitung und Amtliches Mitteilungsblatt des Amtes Usedom-S\u00fcd f\u00fcr die Gemeinden Benz, Dargen, Garz, Kamminke, Korswandt, Koserow, Loddin, Mellenthin, Pudagla, Rankwitz, Stolpe auf Usedom, \u00dcckeritz, Zempin, Zirchow und die Stadt Usedom<\/p>\n<p>\n<table id=\"tablepress-125\" class=\"tablepress tablepress-id-125 tbody-has-connected-cells\">\n<thead>\n<tr class=\"row-1\">\n\t<th colspan=\"2\" class=\"column-1\">Terminplanung f\u00fcr das Usedomer Amtsblatt 2025<\/th>\n<\/tr>\n<\/thead>\n<tbody class=\"row-striping row-hover\">\n<tr class=\"row-2\">\n\t<td class=\"column-1\">Abgabetermin f\u00fcr Manuskripte im<br \/>\nAmt f\u00fcr zentrale Dienste<\/td><td class=\"column-2\">Erscheinungstag des<br \/>\nmonatlichen Mitteilungsblattes<br \/>\nMittwoch<\/td>\n<\/tr>\n<tr class=\"row-3\">\n\t<td class=\"column-1\">06.05.2026<\/td><td class=\"column-2\">20.05.2026<\/td>\n<\/tr>\n<tr class=\"row-4\">\n\t<td class=\"column-1\">05.06.2026<\/td><td class=\"column-2\">17.06.2026<\/td>\n<\/tr>\n<tr class=\"row-5\">\n\t<td class=\"column-1\">03.07.2026<\/td><td class=\"column-2\">15.07.2026<\/td>\n<\/tr>\n<tr class=\"row-6\">\n\t<td class=\"column-1\">07.08.2026<\/td><td class=\"column-2\">19.08.2026<\/td>\n<\/tr>\n<tr class=\"row-7\">\n\t<td class=\"column-1\">04.09.2026<\/td><td class=\"column-2\">16.09.2026<\/td>\n<\/tr>\n<tr class=\"row-8\">\n\t<td class=\"column-1\">02.10.2026<\/td><td class=\"column-2\">14.10.2026<\/td>\n<\/tr>\n<tr class=\"row-9\">\n\t<td class=\"column-1\">06.11.2026<\/td><td class=\"column-2\">18.11.2026<\/td>\n<\/tr>\n<tr class=\"row-10\">\n\t<td class=\"column-1\">04.12.2026<\/td><td class=\"column-2\">16.12.2026<\/td>\n<\/tr>\n<tr class=\"row-11\">\n\t<td colspan=\"2\" class=\"column-1\">* abgestimmt mit dem Verlag \u2013 Stand 30.10.2025.<\/td>\n<\/tr>\n<tr class=\"row-12\">\n\t<td colspan=\"2\" class=\"column-1\">\u00dcbersendung von Beitr\u00e4gen in Word- oder PDF-Format per Mail bitte an:<br \/>\ni.gottschling@amtusedom-sued.de<\/td>\n<\/tr>\n<\/tbody>\n<\/table>\n<!-- #tablepress-125 from cache --><br \/>\n<a href=\"https:\/\/www.amtusedom.de\/wp-content\/uploads\/2026\/04\/3469_UsedomSued_16_26_oW.pdf\" target=\"_blank\" rel=\"noopener\">Amtsblatt 15.04.2026<\/a><\/p>\n<p><a href=\"https:\/\/www.amtusedom.de\/wp-content\/uploads\/2026\/04\/3469_UsedomSued_16_26_oW.pdf\" target=\"_blank&quot;\"><img loading=\"lazy\" decoding=\"async\" class=\"alignnone wp-image-11268 size-full\" src=\"https:\/\/www.amtusedom.de\/wp-content\/uploads\/2026\/04\/3469_UsedomSued_16_26_oW.pdf-Preview.png\" alt=\"\" width=\"210\" height=\"300\" \/><\/a><\/p>\n\n<table id=\"tablepress-158\" class=\"tablepress tablepress-id-158\">\n<tbody>\n<tr class=\"row-1\">\n\t<td class=\"column-1\">Amtsblatt Januar 2026<\/td><td class=\"column-2\">Amtsblatt Februar 2026<\/td><td class=\"column-3\">M\u00e4rz 2026<\/td><td class=\"column-4\">Amtsblatt April 2026<\/td>\n<\/tr>\n<tr class=\"row-2\">\n\t<td class=\"column-1\"><a href=\"https:\/\/www.amtusedom.de\/wp-content\/uploads\/2026\/01\/3469_UsedomSued_03_26_oW.pdf\" target=\"_blank\" rel=\"noopener\"><img loading=\"lazy\" decoding=\"async\" class=\"alignnone wp-image-10848 size-full\" src=\"https:\/\/www.amtusedom.de\/wp-content\/uploads\/2026\/01\/2026-01-14-07_36_14-3469_UsedomSued_03_26_oW.png\" alt=\"\" width=\"170\" height=\"240\" \/><\/a><\/td><td class=\"column-2\"><a href=\"https:\/\/www.amtusedom.de\/wp-content\/uploads\/2026\/02\/3469_UsedomSued_08_26_oW.pdf\" target=\"_blank\" rel=\"noopener\"><img loading=\"lazy\" decoding=\"async\" class=\"alignnone wp-image-10848 size-full\" src=\"https:\/\/www.amtusedom.de\/wp-content\/uploads\/2026\/02\/2026-02-18-07_18_59-3469_UsedomSued_08_26_oW.pdf-PDF24-Reader.png\" alt=\"\" width=\"170\" height=\"240\" \/><\/a><\/td><td class=\"column-3\"><a target=_blank\" href=\"https:\/\/www.amtusedom.de\/wp-content\/uploads\/2026\/03\/3469_UsedomSued_12_26_oW.pdf\"><img loading=\"lazy\" decoding=\"async\" class=\"alignnone wp-image-11268 size-full\" src=\"https:\/\/www.amtusedom.de\/wp-content\/uploads\/2026\/03\/thumbAB032026.png\" alt=\"\" width=\"170\" height=\"240\" srcset=\"https:\/\/www.amtusedom.de\/wp-content\/uploads\/2026\/03\/thumbAB032026.png 545w, https:\/\/www.amtusedom.de\/wp-content\/uploads\/2026\/03\/thumbAB032026-212x300.png 212w\" sizes=\"auto, (max-width: 170px) 100vw, 170px\" \/><\/a><\/td><td class=\"column-4\"><a href=\"https:\/\/www.amtusedom.de\/wp-content\/uploads\/2026\/04\/3469_UsedomSued_16_26_oW.pdf\" target=\"_blank&quot;\"><img loading=\"lazy\" decoding=\"async\" class=\"alignnone wp-image-11268 size-full\" src=\"https:\/\/www.amtusedom.de\/wp-content\/uploads\/2026\/04\/3469_UsedomSued_16_26_oW.pdf-Preview.png\" alt=\"\" width=\"170\" height=\"240\" \/><\/a><\/td>\n<\/tr>\n<\/tbody>\n<\/table>\n<!-- #tablepress-158 from cache -->\n<div style=\"clear: both;\"><\/div>\n<p>Jahrg\u00e4nge:<\/p>\n<p>&nbsp;<\/p>\n\n<table id=\"tablepress-133\" class=\"tablepress tablepress-id-133\">\n<thead>\n<tr class=\"row-1\">\n\t<th class=\"column-1\"><a href=\"?page_id=11185\">2026<\/a><\/th><td class=\"column-2\"><\/td><td class=\"column-3\"><\/td><td class=\"column-4\"><\/td><td class=\"column-5\"><\/td><td class=\"column-6\"><\/td><td class=\"column-7\"><\/td><td class=\"column-8\"><\/td><td class=\"column-9\"><\/td><td class=\"column-10\"><\/td><td class=\"column-11\"><\/td>\n<\/tr>\n<\/thead>\n<tbody class=\"row-striping row-hover\">\n<tr class=\"row-2\">\n\t<td class=\"column-1\"><a href=\"?page_id=9824\">2025<\/a><\/td><td class=\"column-2\"><a href=\"?page_id=8721\">2024<\/a><\/td><td class=\"column-3\"><a href=\"?page_id=7002\">2023<\/a<\/td><td class=\"column-4\"><a href=\"?page_id=6692\">2022<\/a><\/td><td class=\"column-5\"><a href=\"?page_id=6303\">2021<\/a><\/td><td class=\"column-6\"><a href=\"?page_id=5353\">2020<\/a><\/td><td class=\"column-7\"><a href=\"?page_id=4570\">2019<\/a><\/td><td class=\"column-8\"><a href=\"?page_id=4073\">2018<\/a><\/td><td class=\"column-9\"><a href=\"?page_id=3488\">2017<\/a><\/td><td class=\"column-10\"><a href=\"?page_id=3054\">2016<\/a><\/td><td class=\"column-11\"><\/td>\n<\/tr>\n<tr class=\"row-3\">\n\t<td class=\"column-1\"><a href=\"?page_id=2402\">2015<\/a><\/td><td class=\"column-2\"><a href=\"?page_id=1859\">2014<\/a><\/td><td class=\"column-3\"><a href=\"?page_id=1351\">2013<\/a><\/td><td class=\"column-4\"><a href=\"?page_id=1123\">2012<\/a><\/td><td class=\"column-5\"><a href=\"?page_id=1025\">2011<\/a><\/td><td class=\"column-6\"><a href=\"?page_id=1055\">2010<\/a><\/td><td class=\"column-7\"><a href=\"?page_id=1061\">2009<\/a><\/td><td class=\"column-8\"><a href=\"?page_id=1116\">2008<\/a><\/td><td class=\"column-9\"><a href=\"?page_id=1119\">2007<\/a><\/td><td class=\"column-10\"><\/td><td class=\"column-11\"><\/td>\n<\/tr>\n<\/tbody>\n<\/table>\n<!-- #tablepress-133 from cache -->","protected":false},"excerpt":{"rendered":"<p>B\u00fcrgerzeitung und Amtliches Mitteilungsblatt des Amtes Usedom-S\u00fcd f\u00fcr die Gemeinden Benz, Dargen, Garz, Kamminke, Korswandt, Koserow, Loddin, Mellenthin, Pudagla, Rankwitz, Stolpe auf Usedom, \u00dcckeritz, Zempin, Zirchow und die Stadt Usedom Amtsblatt 15.04.2026 Jahrg\u00e4nge: &nbsp;<\/p>\n","protected":false},"author":2,"featured_media":0,"parent":0,"menu_order":8,"comment_status":"closed","ping_status":"closed","template":"","meta":{"footnotes":""},"class_list":["post-898","page","type-page","status-publish","hentry"],"_links":{"self":[{"href":"https:\/\/www.amtusedom.de\/index.php?rest_route=\/wp\/v2\/pages\/898","targetHints":{"allow":["GET"]}}],"collection":[{"href":"https:\/\/www.amtusedom.de\/index.php?rest_route=\/wp\/v2\/pages"}],"about":[{"href":"https:\/\/www.amtusedom.de\/index.php?rest_route=\/wp\/v2\/types\/page"}],"author":[{"embeddable":true,"href":"https:\/\/www.amtusedom.de\/index.php?rest_route=\/wp\/v2\/users\/2"}],"replies":[{"embeddable":true,"href":"https:\/\/www.amtusedom.de\/index.php?rest_route=%2Fwp%2Fv2%2Fcomments&post=898"}],"version-history":[{"count":435,"href":"https:\/\/www.amtusedom.de\/index.php?rest_route=\/wp\/v2\/pages\/898\/revisions"}],"predecessor-version":[{"id":11327,"href":"https:\/\/www.amtusedom.de\/index.php?rest_route=\/wp\/v2\/pages\/898\/revisions\/11327"}],"wp:attachment":[{"href":"https:\/\/www.amtusedom.de\/index.php?rest_route=%2Fwp%2Fv2%2Fmedia&parent=898"}],"curies":[{"name":"wp","href":"https:\/\/api.w.org\/{rel}","templated":true}]}}